{"id":484,"date":"2020-03-27T10:31:52","date_gmt":"2020-03-27T09:31:52","guid":{"rendered":"http:\/\/blocs.xtec.cat\/experimentsdepelicula\/?page_id=484"},"modified":"2022-04-25T17:45:46","modified_gmt":"2022-04-25T15:45:46","slug":"galeria-de-videos","status":"publish","type":"page","link":"https:\/\/serveiseducatius.xtec.cat\/noguera\/dinamica\/experiments\/galeria-de-videos\/","title":{"rendered":"Galeria de v\u00eddeos"},"content":{"rendered":"<p><img loading=\"lazy\" decoding=\"async\" class=\"wp-image-488 aligncenter\" src=\"https:\/\/serveiseducatius.xtec.cat\/noguera\/wp-content\/uploads\/usu1149\/2020\/03\/cinta-experiments.png\" alt=\"\" width=\"749\" height=\"301\" \/>Benvinguts a la <strong>Galeria de v\u00eddeos d&#8217;Experiments de pel\u00b7l\u00edcula<\/strong>. En aquesta secci\u00f3 podreu veure tots els v\u00eddeos presentats a cada edici\u00f3.<\/p>\n<p>Aquest \u00e9s el millor banc d&#8217;idees i recursos per al vostres nous experiments. Gaudiu-los i apreneu molt!<\/p>\n<table>\n<tbody>\n<tr>\n<td><a style=\"font-family: inherit; font-size: 0.875em; color: #2795b6;\" href=\"https:\/\/serveiseducatius.xtec.cat\/noguera\/experiments\/videos-premiats\/videos-premiats-9a-edicio-2021-2022\/\" target=\"_blank\" rel=\"noopener noreferrer\"><img loading=\"lazy\" decoding=\"async\" class=\"alignleft\" src=\"https:\/\/cdn.pixabay.com\/photo\/2013\/07\/13\/09\/36\/test-tubes-155769_960_720.png\" alt=\"Tubos De Ensayo, Reactivos, Qu\u00edmica, Experimentar\" width=\"71\" height=\"59\" \/> \u00a0<\/a><a href=\"https:\/\/serveiseducatius.xtec.cat\/noguera\/experiments\/videos-premiats\/videos-premiats-9a-edicio-2021-2022\/\" target=\"_blank\" rel=\"noopener noreferrer\">2021-2022 9\u00e8 Concurs de v\u00eddeos d\u2019experiments cient\u00edfics de la Noguera &#8220;Experiments de pel\u00b7l\u00edcula&#8221;<\/a><\/p>\n<p>&nbsp;<\/td>\n<\/tr>\n<tr>\n<td><a href=\"https:\/\/serveiseducatius.xtec.cat\/noguera\/experiments\/videos-premiats\/videos-premiats-8a-edicicio-2020-2021\/\" target=\"_blank\" rel=\"noopener noreferrer\"><img loading=\"lazy\" decoding=\"async\" class=\"alignleft\" src=\"https:\/\/cdn.pixabay.com\/photo\/2020\/05\/01\/18\/59\/magnify-5118694_960_720.png\" alt=\"Aumentar, Lupa, Investigaci\u00f3n, Investigar\" width=\"66\" height=\"66\" \/> 2020-2021 8\u00e8 Concurs de v\u00eddeos d\u2019experiments cient\u00edfics de la Noguera &#8220;Experiments de pel\u00b7l\u00edcula&#8221;<\/a><\/td>\n<\/tr>\n<tr>\n<td><img loading=\"lazy\" decoding=\"async\" class=\"wp-image-511 alignleft\" src=\"https:\/\/serveiseducatius.xtec.cat\/noguera\/wp-content\/uploads\/usu1149\/2020\/03\/1920.png\" alt=\"\" width=\"66\" height=\"70\" srcset=\"https:\/\/serveiseducatius.xtec.cat\/noguera\/wp-content\/uploads\/usu1149\/2020\/03\/1920.png 363w, https:\/\/serveiseducatius.xtec.cat\/noguera\/wp-content\/uploads\/usu1149\/2020\/03\/1920-283x300.png 283w\" sizes=\"auto, (max-width: 66px) 100vw, 66px\" \/><a href=\"https:\/\/www.youtube.com\/playlist?list=PL1OXA7LIxC6p0xUGt-wzEMlGJiBH-fBW6\" target=\"_blank\" rel=\"noopener noreferrer\">2019-2020\u00a07\u00e8 Concurs de v\u00eddeos d\u2019experiments cient\u00edfics de la Noguera &#8220;Experiments de pel\u00b7l\u00edcula&#8221; <\/a><\/td>\n<\/tr>\n<tr>\n<td><img loading=\"lazy\" decoding=\"async\" class=\" alignleft\" src=\"https:\/\/upload.wikimedia.org\/wikipedia\/commons\/thumb\/7\/75\/Science-symbol-2.svg\/1024px-Science-symbol-2.svg.png\" width=\"70\" height=\"70\" \/><a href=\"https:\/\/www.youtube.com\/playlist?list=PL1OXA7LIxC6oyZcibAHIQCfHxQyJ7I3P8\" target=\"_blank\" rel=\"noopener noreferrer\">2018-2019 6\u00e8 Concurs de v\u00eddeos d\u2019experiments cient\u00edfics de la Noguera &#8220;Experiments de pel\u00b7l\u00edcula&#8221; <\/a><\/td>\n<\/tr>\n<tr>\n<td><img loading=\"lazy\" decoding=\"async\" class=\"alignleft\" src=\"https:\/\/upload.wikimedia.org\/wikipedia\/commons\/2\/25\/Niacin-3D-balls.png\" width=\"85\" height=\"58\" \/> <a href=\"https:\/\/www.youtube.com\/playlist?list=PL1OXA7LIxC6oIqweT3Z_sIio0b4EqZDNk\" target=\"_blank\" rel=\"noopener noreferrer\">2017-2018 5\u00e8 Concurs de v\u00eddeos d\u2019experiments cient\u00edfics de la Noguera &#8220;Experiments de pel\u00b7l\u00edcula&#8221;<\/a><\/td>\n<\/tr>\n<tr>\n<td><img loading=\"lazy\" decoding=\"async\" class=\"alignleft\" src=\"https:\/\/iconbug.com\/download\/size\/256\/icon\/101\/glass-beaker\/\" width=\"70\" height=\"70\" \/> <a href=\"https:\/\/www.youtube.com\/playlist?list=PL90SFFc1JO4BhP-l8A1JDxqkYvlXh9C9x\" target=\"_blank\" rel=\"noopener noreferrer\">2016-2017 4\u00e8 Concurs de v\u00eddeos d\u2019experiments cient\u00edfics de la Noguera &#8220;Experiments de pel\u00b7l\u00edcula&#8221;<\/a><\/td>\n<\/tr>\n<tr>\n<td><img loading=\"lazy\" decoding=\"async\" class=\"alignleft\" src=\"https:\/\/freesvg.org\/img\/1396346292.png\" width=\"50\" height=\"70\" \/><a href=\"https:\/\/www.youtube.com\/playlist?list=PL90SFFc1JO4A0Xl1zt0i2OGAcIyXJBkoz\" target=\"_blank\" rel=\"noopener noreferrer\">2015-2016 3\u00e8 Concurs de v\u00eddeos d\u2019experiments cient\u00edfics de la Noguera &#8220;Experiments de pel\u00b7l\u00edcula&#8221;<\/a><\/td>\n<\/tr>\n<tr>\n<td><img loading=\"lazy\" decoding=\"async\" class=\" alignleft\" src=\"https:\/\/cdn.pixabay.com\/photo\/2013\/07\/13\/13\/35\/chemistry-161145_960_720.png\" width=\"56\" height=\"70\" \/><a href=\"https:\/\/www.youtube.com\/playlist?list=PL90SFFc1JO4CzLHfy9LvEatE4SFgukTAJ\" target=\"_blank\" rel=\"noopener noreferrer\">2014-2015 2\u00e8 Concurs de v\u00eddeos d\u2019experiments cient\u00edfics de la Noguera &#8220;Experiments de pel\u00b7l\u00edcula&#8221;<\/a><\/td>\n<\/tr>\n<tr>\n<td>\u00a0<img loading=\"lazy\" decoding=\"async\" class=\"alignleft\" src=\"https:\/\/cdn.pixabay.com\/photo\/2014\/04\/03\/10\/07\/beakers-309864_960_720.png\" width=\"70\" height=\"74\" \/><a href=\"https:\/\/www.youtube.com\/playlist?list=PL90SFFc1JO4DPjeVUDPXnU1EdT5BgKgPc\" target=\"_blank\" rel=\"noopener noreferrer\">2013-2014 1\u00e8 Concurs de v\u00eddeos d\u2019experiments cient\u00edfics de la Noguera &#8220;Experiments de pel\u00b7l\u00edcula&#8221;<\/a><\/td>\n<\/tr>\n<\/tbody>\n<\/table>\n<p>&nbsp;<\/p>\n","protected":false},"excerpt":{"rendered":"<p>Benvinguts a la Galeria de v\u00eddeos d&#8217;Experiments de pel\u00b7l\u00edcula. En aquesta secci\u00f3 podreu veure tots els v\u00eddeos presentats a cada edici\u00f3. Aquest \u00e9s el millor banc d&#8217;idees i recursos per al vostres nous experiments. Gaudiu-los i apreneu molt! \u00a02021-2022 9\u00e8 Concurs de v\u00eddeos d\u2019experiments cient\u00edfics de la Noguera &#8220;Experiments de pel\u00b7l\u00edcula&#8221; &nbsp; 2020-2021 8\u00e8 Concurs [&hellip;]<\/p>\n","protected":false},"author":1,"featured_media":0,"parent":10974,"menu_order":60,"comment_status":"closed","ping_status":"closed","template":"page-templates\/side-menu.php","meta":{"_bbp_topic_count":0,"_bbp_reply_count":0,"_bbp_total_topic_count":0,"_bbp_total_reply_count":0,"_bbp_voice_count":0,"_bbp_anonymous_reply_count":0,"_bbp_topic_count_hidden":0,"_bbp_reply_count_hidden":0,"_bbp_forum_subforum_count":0,"site-sidebar-layout":"default","site-content-layout":"","ast-site-content-layout":"","site-content-style":"default","site-sidebar-style":"default","ast-global-header-display":"","ast-banner-title-visibility":"","ast-main-header-display":"","ast-hfb-above-header-display":"","ast-hfb-below-header-display":"","ast-hfb-mobile-header-display":"","site-post-title":"","ast-breadcrumbs-content":"","ast-featured-img":"","footer-sml-layout":"","theme-transparent-header-meta":"","adv-header-id-meta":"","stick-header-meta":"","header-above-stick-meta":"","header-main-stick-meta":"","header-below-stick-meta":"","astra-migrate-meta-layouts":"default","ast-page-background-enabled":"default","ast-page-background-meta":{"desktop":{"background-color":"var(--ast-global-color-4)","background-image":"","background-repeat":"repeat","background-position":"center center","background-size":"auto","background-attachment":"scroll","background-type":"","background-media":"","overlay-type":"","overlay-color":"","overlay-opacity":"","overlay-gradient":""},"tablet":{"background-color":"","background-image":"","background-repeat":"repeat","background-position":"center center","background-size":"auto","background-attachment":"scroll","background-type":"","background-media":"","overlay-type":"","overlay-color":"","overlay-opacity":"","overlay-gradient":""},"mobile":{"background-color":"","background-image":"","background-repeat":"repeat","background-position":"center center","background-size":"auto","background-attachment":"scroll","background-type":"","background-media":"","overlay-type":"","overlay-color":"","overlay-opacity":"","overlay-gradient":""}},"ast-content-background-meta":{"desktop":{"background-color":"var(--ast-global-color-5)","background-image":"","background-repeat":"repeat","background-position":"center center","background-size":"auto","background-attachment":"scroll","background-type":"","background-media":"","overlay-type":"","overlay-color":"","overlay-opacity":"","overlay-gradient":""},"tablet":{"background-color":"var(--ast-global-color-5)","background-image":"","background-repeat":"repeat","background-position":"center center","background-size":"auto","background-attachment":"scroll","background-type":"","background-media":"","overlay-type":"","overlay-color":"","overlay-opacity":"","overlay-gradient":""},"mobile":{"background-color":"var(--ast-global-color-5)","background-image":"","background-repeat":"repeat","background-position":"center center","background-size":"auto","background-attachment":"scroll","background-type":"","background-media":"","overlay-type":"","overlay-color":"","overlay-opacity":"","overlay-gradient":""}},"footnotes":""},"class_list":["post-484","page","type-page","status-publish","hentry"],"post_mailing_queue_ids":[],"_links":{"self":[{"href":"https:\/\/serveiseducatius.xtec.cat\/noguera\/wp-json\/wp\/v2\/pages\/484","targetHints":{"allow":["GET"]}}],"collection":[{"href":"https:\/\/serveiseducatius.xtec.cat\/noguera\/wp-json\/wp\/v2\/pages"}],"about":[{"href":"https:\/\/serveiseducatius.xtec.cat\/noguera\/wp-json\/wp\/v2\/types\/page"}],"author":[{"embeddable":true,"href":"https:\/\/serveiseducatius.xtec.cat\/noguera\/wp-json\/wp\/v2\/users\/1"}],"replies":[{"embeddable":true,"href":"https:\/\/serveiseducatius.xtec.cat\/noguera\/wp-json\/wp\/v2\/comments?post=484"}],"version-history":[{"count":3,"href":"https:\/\/serveiseducatius.xtec.cat\/noguera\/wp-json\/wp\/v2\/pages\/484\/revisions"}],"predecessor-version":[{"id":11787,"href":"https:\/\/serveiseducatius.xtec.cat\/noguera\/wp-json\/wp\/v2\/pages\/484\/revisions\/11787"}],"up":[{"embeddable":true,"href":"https:\/\/serveiseducatius.xtec.cat\/noguera\/wp-json\/wp\/v2\/pages\/10974"}],"wp:attachment":[{"href":"https:\/\/serveiseducatius.xtec.cat\/noguera\/wp-json\/wp\/v2\/media?parent=484"}],"curies":[{"name":"wp","href":"https:\/\/api.w.org\/{rel}","templated":true}]}}