{"id":420,"date":"2016-07-08T10:06:29","date_gmt":"2016-07-08T09:06:29","guid":{"rendered":"http:\/\/serveiseducatius.xtec.cat\/noguera\/?page_id=420"},"modified":"2025-12-18T13:06:45","modified_gmt":"2025-12-18T12:06:45","slug":"activitats","status":"publish","type":"page","link":"https:\/\/serveiseducatius.xtec.cat\/noguera\/formacio\/activitats\/","title":{"rendered":"Pla de Formaci\u00f3 de Zona de La Noguera"},"content":{"rendered":"<h2><strong>Activitats de formaci\u00f3 PFZ de la Noguera 2025-2026<\/strong><\/h2>\n<h2><span style=\"text-decoration: underline;\"><strong>Activitats de 2n torn del PFZ de la Noguera<\/strong><\/span><\/h2>\n<p>&nbsp;<\/p>\n<p><strong>Inscripcions del 7 al 15 de gener de 2026<\/strong>. Consulta d&#8217;adjudicacions a partir del 30 de gener.<\/p>\n<ul>\n<li>6041101604. <strong><a href=\"https:\/\/aplicacions.gestioeducativa.gencat.cat\/ords\/pls\/soloas\/pk_for_mod_ins.p_for_detall_activitat?p_header=Llista%20d%27activitats%5epk_for_mod_ins.p_for_cons_activitats?p_crp=604%26p_any=2025-2026%26p_totes=N%26p_inici=1%26p_excloure_crp_rec=T&amp;p_codi=6041101604&amp;p_curs=2025-2026&amp;p_excloure_crp_rec=T\">L&#8217;alumnat amb TEA. Supervisi\u00f3 de casos<\/a>. <\/strong>\n<ul>\n<li><strong>Taller. CRP de la Noguera (Balaguer). <\/strong><\/li>\n<li>Del dilluns 26\/1\/2026 al 9\/3\/2026 de 17:30 a 19:00h<\/li>\n<\/ul>\n<\/li>\n<\/ul>\n<p>&nbsp;<\/p>\n<ul>\n<li>6043011604. <strong><a href=\"https:\/\/aplicacions.gestioeducativa.gencat.cat\/ords\/pls\/soloas\/pk_for_mod_ins.p_for_detall_activitat?p_header=Llista%20d%27activitats%5epk_for_mod_ins.p_for_cons_activitats?p_any=2025-2026%26p_totes=N%26p_comarca=23%26p_inici=1%26p_excloure_crp_rec=T&amp;p_codi=6043011604&amp;p_curs=2025-2026&amp;p_excloure_crp_rec=T\">La IA. Una eina m\u00e9s per treballar a l&#8217;aula<\/a>. <\/strong>\n<ul>\n<li><strong>Taller. CRP de la Noguera (Balaguer). <\/strong><\/li>\n<li>Del dilluns 9\/2\/2026 al 2\/3\/2026 de 17:30 a 19:30h<\/li>\n<\/ul>\n<\/li>\n<\/ul>\n<p>&nbsp;<\/p>\n<ul>\n<li>6045001604. <strong><a href=\"https:\/\/aplicacions.gestioeducativa.gencat.cat\/ords\/pls\/soloas\/pk_for_mod_ins.p_for_detall_activitat?p_header=Llista%20d%27activitats%5epk_for_mod_ins.p_for_cons_activitats?p_any=2025-2026%26p_totes=N%26p_comarca=23%26p_inici=1%26p_excloure_crp_rec=T&amp;p_codi=6045001604&amp;p_curs=2025-2026&amp;p_excloure_crp_rec=T\">Salut psicol\u00f2gica: De la prevenci\u00f3 al benestar a les aules.\u00a0<\/a> <\/strong>\n<ul>\n<li><strong>Taller. CRP de la Noguera (Balaguer). <\/strong><\/li>\n<li>Del dijous 5\/2\/2026 al 26\/2\/2026 de 11:00 a 13:00h<\/li>\n<\/ul>\n<\/li>\n<\/ul>\n<p>&nbsp;<\/p>\n<ul>\n<li>6049060555. <strong><a href=\"https:\/\/aplicacions.gestioeducativa.gencat.cat\/ords\/pls\/soloas\/pk_for_mod_ins.p_for_detall_activitat?p_header=Llista%20d%27activitats%5epk_for_mod_ins.p_for_cons_activitats?p_any=2025-2026%26p_totes=N%26p_comarca=23%26p_inici=1%26p_excloure_crp_rec=T&amp;p_codi=6049060555&amp;p_curs=2025-2026&amp;p_excloure_crp_rec=T\">El proc\u00e9s lector i les estrat\u00e8gies de comprensi\u00f3 lectora<\/a>. <\/strong>\n<ul>\n<li><strong>Taller a centre. CRP de la Noguera (Balaguer). <\/strong><\/li>\n<li>Del dimarts 3\/2\/2026 al 19\/5\/2026 de 17:00 a 19:00h<\/li>\n<\/ul>\n<\/li>\n<\/ul>\n<p>&nbsp;<\/p>\n<ul>\n<li>6049070555. <strong><a href=\"https:\/\/aplicacions.gestioeducativa.gencat.cat\/ords\/pls\/soloas\/pk_for_mod_ins.p_for_detall_activitat?p_header=Llista%20d%27activitats%5epk_for_mod_ins.p_for_cons_activitats?p_any=2025-2026%26p_totes=N%26p_comarca=23%26p_inici=1%26p_excloure_crp_rec=T&amp;p_codi=6049070555&amp;p_curs=2025-2026&amp;p_excloure_crp_rec=T\">Compet\u00e8ncia lectora i aprenentatge als \u00e0mbits no ling\u00fc\u00edstics de secund\u00e0ria-Zona<\/a>. <\/strong>\n<ul>\n<li><strong>Taller. CRP de la Noguera (Balaguer). <\/strong><\/li>\n<li>Del dimecres 4\/2\/2026 al 25\/5\/2026 de 17:00 a 19:00h<\/li>\n<\/ul>\n<\/li>\n<\/ul>\n<p>&nbsp;<\/p>\n<ul>\n<li>6047111604. <strong><a href=\"https:\/\/aplicacions.gestioeducativa.gencat.cat\/ords\/pls\/soloas\/pk_for_mod_ins.p_for_detall_activitat?p_header=Llista%20d%27activitats%5epk_for_mod_ins.p_for_cons_activitats?p_any=2025-2026%26p_totes=N%26p_comarca=23%26p_inici=1%26p_excloure_crp_rec=T&amp;p_codi=6047111604&amp;p_curs=2025-2026&amp;p_excloure_crp_rec=T\">Suports digitals inclusius<\/a>. <\/strong>\n<ul>\n<li><strong>Taller. CRP de la Noguera (Balaguer). <\/strong><\/li>\n<li>Del dimarts 20\/1\/2026 al 10\/3\/2026 de 17:30 a 19:30h<\/li>\n<\/ul>\n<\/li>\n<\/ul>\n<p>&nbsp;<\/p>\n<ul>\n<li>6047121604. <strong><a href=\"https:\/\/aplicacions.gestioeducativa.gencat.cat\/ords\/pls\/soloas\/pk_for_mod_ins.p_for_detall_activitat?p_header=Llista%20d%27activitats%5epk_for_mod_ins.p_for_cons_activitats?p_crp=604%26p_any=2025-2026%26p_totes=N%26p_inici=1%26p_excloure_crp_rec=T&amp;p_codi=6047121604&amp;p_curs=2025-2026&amp;p_excloure_crp_rec=T\">P\u00edndola d&#8217;expressi\u00f3 corporal a l&#8217;aula<\/a>. <\/strong>\n<ul>\n<li><strong>Confer\u00e8ncia. CRP de la Noguera (Balaguer). <\/strong><\/li>\n<li>Del dimarts 17\/2\/2026 al 17\/2\/2026 de 17:30 a 19:30h<\/li>\n<\/ul>\n<\/li>\n<\/ul>\n<ul>\n<li>6049110555. <a href=\"https:\/\/aplicacions.gestioeducativa.gencat.cat\/ords\/pls\/soloas\/pk_for_mod_ins.p_for_detall_activitat?p_header=Llista%20d%27activitats%5epk_for_mod_ins.p_for_cons_activitats?p_crp=604%26p_any=2025-2026%26p_totes=N%26p_inici=1%26p_excloure_crp_rec=T&amp;p_codi=6049110555&amp;p_curs=2025-2026&amp;p_excloure_crp_rec=T\"><strong>Immersi\u00f3 ling\u00fc\u00edstica prim\u00e0ria. <\/strong><\/a>\n<ul>\n<li><strong>Seminari de coordinaci\u00f3. CRP de la Noguera (Balaguer). <\/strong><\/li>\n<li>Del dimarts 30\/01\/2026 al 08\/05\/2026 de\u00a0 09:30 a 12:00h.<\/li>\n<\/ul>\n<\/li>\n<\/ul>\n<p>&nbsp;<\/p>\n","protected":false},"excerpt":{"rendered":"<p>Activitats de formaci\u00f3 PFZ de la Noguera 2025-2026 Activitats de 2n torn del PFZ de la Noguera &nbsp; Inscripcions del 7 al 15 de gener de 2026. Consulta d&#8217;adjudicacions a partir del 30 de gener. 6041101604. L&#8217;alumnat amb TEA. Supervisi\u00f3 de casos. Taller. CRP de la Noguera (Balaguer). Del dilluns 26\/1\/2026 al 9\/3\/2026 de 17:30 [&hellip;]<\/p>\n","protected":false},"author":1,"featured_media":0,"parent":416,"menu_order":10,"comment_status":"closed","ping_status":"closed","template":"","meta":{"_bbp_topic_count":0,"_bbp_reply_count":0,"_bbp_total_topic_count":0,"_bbp_total_reply_count":0,"_bbp_voice_count":0,"_bbp_anonymous_reply_count":0,"_bbp_topic_count_hidden":0,"_bbp_reply_count_hidden":0,"_bbp_forum_subforum_count":0,"site-sidebar-layout":"default","site-content-layout":"","ast-site-content-layout":"default","site-content-style":"default","site-sidebar-style":"default","ast-global-header-display":"","ast-banner-title-visibility":"","ast-main-header-display":"","ast-hfb-above-header-display":"","ast-hfb-below-header-display":"","ast-hfb-mobile-header-display":"","site-post-title":"","ast-breadcrumbs-content":"","ast-featured-img":"","footer-sml-layout":"","theme-transparent-header-meta":"default","adv-header-id-meta":"","stick-header-meta":"","header-above-stick-meta":"","header-main-stick-meta":"","header-below-stick-meta":"","astra-migrate-meta-layouts":"set","ast-page-background-enabled":"default","ast-page-background-meta":{"desktop":{"background-color":"var(--ast-global-color-4)","background-image":"","background-repeat":"repeat","background-position":"center center","background-size":"auto","background-attachment":"scroll","background-type":"","background-media":"","overlay-type":"","overlay-color":"","overlay-opacity":"","overlay-gradient":""},"tablet":{"background-color":"","background-image":"","background-repeat":"repeat","background-position":"center center","background-size":"auto","background-attachment":"scroll","background-type":"","background-media":"","overlay-type":"","overlay-color":"","overlay-opacity":"","overlay-gradient":""},"mobile":{"background-color":"","background-image":"","background-repeat":"repeat","background-position":"center center","background-size":"auto","background-attachment":"scroll","background-type":"","background-media":"","overlay-type":"","overlay-color":"","overlay-opacity":"","overlay-gradient":""}},"ast-content-background-meta":{"desktop":{"background-color":"var(--ast-global-color-5)","background-image":"","background-repeat":"repeat","background-position":"center center","background-size":"auto","background-attachment":"scroll","background-type":"","background-media":"","overlay-type":"","overlay-color":"","overlay-opacity":"","overlay-gradient":""},"tablet":{"background-color":"var(--ast-global-color-5)","background-image":"","background-repeat":"repeat","background-position":"center center","background-size":"auto","background-attachment":"scroll","background-type":"","background-media":"","overlay-type":"","overlay-color":"","overlay-opacity":"","overlay-gradient":""},"mobile":{"background-color":"var(--ast-global-color-5)","background-image":"","background-repeat":"repeat","background-position":"center center","background-size":"auto","background-attachment":"scroll","background-type":"","background-media":"","overlay-type":"","overlay-color":"","overlay-opacity":"","overlay-gradient":""}},"footnotes":""},"class_list":["post-420","page","type-page","status-publish","hentry"],"post_mailing_queue_ids":[],"_links":{"self":[{"href":"https:\/\/serveiseducatius.xtec.cat\/noguera\/wp-json\/wp\/v2\/pages\/420","targetHints":{"allow":["GET"]}}],"collection":[{"href":"https:\/\/serveiseducatius.xtec.cat\/noguera\/wp-json\/wp\/v2\/pages"}],"about":[{"href":"https:\/\/serveiseducatius.xtec.cat\/noguera\/wp-json\/wp\/v2\/types\/page"}],"author":[{"embeddable":true,"href":"https:\/\/serveiseducatius.xtec.cat\/noguera\/wp-json\/wp\/v2\/users\/1"}],"replies":[{"embeddable":true,"href":"https:\/\/serveiseducatius.xtec.cat\/noguera\/wp-json\/wp\/v2\/comments?post=420"}],"version-history":[{"count":8,"href":"https:\/\/serveiseducatius.xtec.cat\/noguera\/wp-json\/wp\/v2\/pages\/420\/revisions"}],"predecessor-version":[{"id":15948,"href":"https:\/\/serveiseducatius.xtec.cat\/noguera\/wp-json\/wp\/v2\/pages\/420\/revisions\/15948"}],"up":[{"embeddable":true,"href":"https:\/\/serveiseducatius.xtec.cat\/noguera\/wp-json\/wp\/v2\/pages\/416"}],"wp:attachment":[{"href":"https:\/\/serveiseducatius.xtec.cat\/noguera\/wp-json\/wp\/v2\/media?parent=420"}],"curies":[{"name":"wp","href":"https:\/\/api.w.org\/{rel}","templated":true}]}}