{"id":318,"date":"2016-05-02T09:18:24","date_gmt":"2016-05-02T08:18:24","guid":{"rendered":"http:\/\/serveiseducatius.xtec.cat\/noguera\/?page_id=318"},"modified":"2025-09-30T10:04:45","modified_gmt":"2025-09-30T08:04:45","slug":"horaris","status":"publish","type":"page","link":"https:\/\/serveiseducatius.xtec.cat\/noguera\/el-servei-educatiu\/horaris\/","title":{"rendered":"Horari i localitzaci\u00f3"},"content":{"rendered":"<h3>HORARI<\/h3>\n<p>De dilluns a dijous:<span style=\"font-family: inherit; font-size: 1em;\"> De<\/span><strong style=\"font-family: inherit; font-size: 1em;\">\u00a09.00<\/strong><span style=\"font-family: inherit; font-size: 1em;\"> a <\/span><strong style=\"font-family: inherit; font-size: 1em;\">14.00 <\/strong><span style=\"font-family: inherit; font-size: 1em;\">h i <\/span><span style=\"font-family: inherit; font-size: 1em;\">de<\/span><strong style=\"font-family: inherit; font-size: 1em;\"> 15.00<\/strong><span style=\"font-family: inherit; font-size: 1em;\">\u00a0a <\/span><strong style=\"font-family: inherit; font-size: 1em;\">18.00<\/strong><span style=\"font-family: inherit; font-size: 1em;\"> h<br \/>\n<\/span><span style=\"font-family: inherit; font-size: 1em;\">Divendres de <strong style=\"font-family: inherit; font-size: 1em;\">9.00<\/strong> a <strong style=\"font-family: inherit; font-size: 1em;\">14.00. Tardes amb cita pr\u00e8via.<br \/>\n<\/strong><\/span><span style=\"font-family: inherit; font-size: 1em;\">Horari intensiu, de <\/span><strong style=\"font-family: inherit; font-size: 1em;\">8.30<\/strong><span style=\"font-family: inherit; font-size: 1em;\">\u00a0a <\/span><strong style=\"font-family: inherit; font-size: 1em;\">14.00:<\/strong> Del 3 de juny al 15 de juliol de 2026<\/p>\n<div class=\"entry-content\">\n<ul>\n<li>Atenci\u00f3 presencial al Servei Educatiu fins el 15 de juliol de 2026<\/li>\n<\/ul>\n<p>El nostre servei educatiu romandr\u00e0 tancat al p\u00fablic, a part dels per\u00edodes de vacances escolars i dels dies de festes laborals oficials a Catalunya, i els dies de festa local i de lliure disposici\u00f3, acordats pel Consell Escolar Municipal de Balaguer.<\/p>\n<h4><a href=\"https:\/\/educacio.gencat.cat\/ca\/arees-actuacio\/centres-serveis-educatius\/centres\/calendari-escolar\/curs-2025-2026\/\">Calendari Escolar 2025-2026<\/a><\/h4>\n<p><strong>Inici de curs<\/strong><\/p>\n<ul>\n<li>Segon cicle d&#8217;Educaci\u00f3 Infantil, Educaci\u00f3 Prim\u00e0ria i ESO: <strong>9 de setembre<\/strong><\/li>\n<li>Batxillerat, Cicles Formatius: <strong>12 de setembre<\/strong><\/li>\n<\/ul>\n<p><strong>Vacances escolars i dies festius<\/strong><\/p>\n<ul>\n<li>Nadal: del <strong>21 de desembre <\/strong>de 2025 al<strong> 7 de gener de 2026<\/strong>, ambd\u00f3s inclosos.<\/li>\n<li>Setmana Santa: <strong>del 30 de mar\u00e7 <\/strong>al <strong>6 d&#8217;abril de 2026<\/strong>, ambd\u00f3s inclosos.<\/li>\n<\/ul>\n<p><strong style=\"font-family: inherit; font-size: 1em;\">Dies de festa local a Balaguer<\/strong><\/p>\n<ul>\n<li><span style=\"font-family: inherit; font-size: 1em;\">Dilluns 10 de novembre 2025<\/span><\/li>\n<li>Dilluns 13 de juliol de 2026 <strong>(no lectiu)<\/strong><\/li>\n<\/ul>\n<p><strong>Dies de lliure disposici\u00f3:<\/strong><\/p>\n<ul style=\"list-style-type: disc;\">\n<li>Divendres 31 d&#8217;octubre de 2025 (Pont de Tots Sants)<\/li>\n<li>Dimarts 9 de desembre de 2025 (Pont de la Constituci\u00f3)<\/li>\n<li>Dilluns 16 de febrer de 2026 (Dilluns de Carnestoltes)<\/li>\n<li>Divendres 13 de mar\u00e7 de 2026 (mig trimestre)<\/li>\n<li>Dilluns 4 de maig de 2026 (Pont del Dia del Treballador)<\/li>\n<\/ul>\n<h3>ON SOM<\/h3>\n<\/div>\n<p><strong>Servei Educatiu de la Noguera<br \/>\n<\/strong>Divina Pastora, 1<br \/>\n25600 Balaguer<\/p>\n<p>se-noguera@xtec.cat<br \/>\n<span style=\"font-family: inherit; font-size: 1em;\">Tel. 973 44 63 62 \/ <\/span><span style=\"font-family: inherit; font-size: 1em;\">Extensions: <\/span><span style=\"font-family: inherit; font-size: 1em;\">EAP (1), CRP (2), LIC (3), OME (4)<\/span><\/p>\n","protected":false},"excerpt":{"rendered":"<p>HORARI De dilluns a dijous: De\u00a09.00 a 14.00 h i de 15.00\u00a0a 18.00 h Divendres de 9.00 a 14.00. Tardes amb cita pr\u00e8via. Horari intensiu, de 8.30\u00a0a 14.00: Del 3 de juny al 15 de juliol de 2026 Atenci\u00f3 presencial al Servei Educatiu fins el 15 de juliol de 2026 El nostre servei educatiu romandr\u00e0 [&hellip;]<\/p>\n","protected":false},"author":1,"featured_media":0,"parent":806,"menu_order":50,"comment_status":"closed","ping_status":"closed","template":"","meta":{"_bbp_topic_count":0,"_bbp_reply_count":0,"_bbp_total_topic_count":0,"_bbp_total_reply_count":0,"_bbp_voice_count":0,"_bbp_anonymous_reply_count":0,"_bbp_topic_count_hidden":0,"_bbp_reply_count_hidden":0,"_bbp_forum_subforum_count":0,"site-sidebar-layout":"default","site-content-layout":"","ast-site-content-layout":"default","site-content-style":"default","site-sidebar-style":"default","ast-global-header-display":"","ast-banner-title-visibility":"","ast-main-header-display":"","ast-hfb-above-header-display":"","ast-hfb-below-header-display":"","ast-hfb-mobile-header-display":"","site-post-title":"","ast-breadcrumbs-content":"","ast-featured-img":"","footer-sml-layout":"","theme-transparent-header-meta":"default","adv-header-id-meta":"","stick-header-meta":"","header-above-stick-meta":"","header-main-stick-meta":"","header-below-stick-meta":"","astra-migrate-meta-layouts":"set","ast-page-background-enabled":"default","ast-page-background-meta":{"desktop":{"background-color":"var(--ast-global-color-4)","background-image":"","background-repeat":"repeat","background-position":"center center","background-size":"auto","background-attachment":"scroll","background-type":"","background-media":"","overlay-type":"","overlay-color":"","overlay-opacity":"","overlay-gradient":""},"tablet":{"background-color":"","background-image":"","background-repeat":"repeat","background-position":"center center","background-size":"auto","background-attachment":"scroll","background-type":"","background-media":"","overlay-type":"","overlay-color":"","overlay-opacity":"","overlay-gradient":""},"mobile":{"background-color":"","background-image":"","background-repeat":"repeat","background-position":"center center","background-size":"auto","background-attachment":"scroll","background-type":"","background-media":"","overlay-type":"","overlay-color":"","overlay-opacity":"","overlay-gradient":""}},"ast-content-background-meta":{"desktop":{"background-color":"var(--ast-global-color-5)","background-image":"","background-repeat":"repeat","background-position":"center center","background-size":"auto","background-attachment":"scroll","background-type":"","background-media":"","overlay-type":"","overlay-color":"","overlay-opacity":"","overlay-gradient":""},"tablet":{"background-color":"var(--ast-global-color-5)","background-image":"","background-repeat":"repeat","background-position":"center center","background-size":"auto","background-attachment":"scroll","background-type":"","background-media":"","overlay-type":"","overlay-color":"","overlay-opacity":"","overlay-gradient":""},"mobile":{"background-color":"var(--ast-global-color-5)","background-image":"","background-repeat":"repeat","background-position":"center center","background-size":"auto","background-attachment":"scroll","background-type":"","background-media":"","overlay-type":"","overlay-color":"","overlay-opacity":"","overlay-gradient":""}},"footnotes":""},"class_list":["post-318","page","type-page","status-publish","hentry"],"post_mailing_queue_ids":[],"_links":{"self":[{"href":"https:\/\/serveiseducatius.xtec.cat\/noguera\/wp-json\/wp\/v2\/pages\/318","targetHints":{"allow":["GET"]}}],"collection":[{"href":"https:\/\/serveiseducatius.xtec.cat\/noguera\/wp-json\/wp\/v2\/pages"}],"about":[{"href":"https:\/\/serveiseducatius.xtec.cat\/noguera\/wp-json\/wp\/v2\/types\/page"}],"author":[{"embeddable":true,"href":"https:\/\/serveiseducatius.xtec.cat\/noguera\/wp-json\/wp\/v2\/users\/1"}],"replies":[{"embeddable":true,"href":"https:\/\/serveiseducatius.xtec.cat\/noguera\/wp-json\/wp\/v2\/comments?post=318"}],"version-history":[{"count":6,"href":"https:\/\/serveiseducatius.xtec.cat\/noguera\/wp-json\/wp\/v2\/pages\/318\/revisions"}],"predecessor-version":[{"id":15272,"href":"https:\/\/serveiseducatius.xtec.cat\/noguera\/wp-json\/wp\/v2\/pages\/318\/revisions\/15272"}],"up":[{"embeddable":true,"href":"https:\/\/serveiseducatius.xtec.cat\/noguera\/wp-json\/wp\/v2\/pages\/806"}],"wp:attachment":[{"href":"https:\/\/serveiseducatius.xtec.cat\/noguera\/wp-json\/wp\/v2\/media?parent=318"}],"curies":[{"name":"wp","href":"https:\/\/api.w.org\/{rel}","templated":true}]}}

Horari i localització

<h3>HORARI</h3>
<p>De dilluns a dijous:<span style="font-family: inherit; font-size: 1em;"> De</span><strong style="font-family: inherit; font-size: 1em;"> 9.00</strong><span style="font-family: inherit; font-size: 1em;"> a </span><strong style="font-family: inherit; font-size: 1em;">14.00 </strong><span style="font-family: inherit; font-size: 1em;">h i </span><span style="font-family: inherit; font-size: 1em;">de</span><strong style="font-family: inherit; font-size: 1em;"> 15.00</strong><span style="font-family: inherit; font-size: 1em;"> a </span><strong style="font-family: inherit; font-size: 1em;">18.00</strong><span style="font-family: inherit; font-size: 1em;"> h<br />
</span><span style="font-family: inherit; font-size: 1em;">Divendres de <strong style="font-family: inherit; font-size: 1em;">9.00</strong> a <strong style="font-family: inherit; font-size: 1em;">14.00. Tardes amb cita prèvia.<br />
</strong></span><span style="font-family: inherit; font-size: 1em;">Horari intensiu, de </span><strong style="font-family: inherit; font-size: 1em;">8.30</strong><span style="font-family: inherit; font-size: 1em;"> a </span><strong style="font-family: inherit; font-size: 1em;">14.00:</strong> Del 3 de juny al 15 de juliol de 2026</p>
<div class="entry-content">
<ul>
<li>Atenció presencial al Servei Educatiu fins el 15 de juliol de 2026</li>
</ul>
<p>El nostre servei educatiu romandrà tancat al públic, a part dels períodes de vacances escolars i dels dies de festes laborals oficials a Catalunya, i els dies de festa local i de lliure disposició, acordats pel Consell Escolar Municipal de Balaguer.</p>
<h4><a href="https://educacio.gencat.cat/ca/arees-actuacio/centres-serveis-educatius/centres/calendari-escolar/curs-2025-2026/">Calendari Escolar 2025-2026</a></h4>
<p><strong>Inici de curs</strong></p>
<ul>
<li>Segon cicle d&#8217;Educació Infantil, Educació Primària i ESO: <strong>9 de setembre</strong></li>
<li>Batxillerat, Cicles Formatius: <strong>12 de setembre</strong></li>
</ul>
<p><strong>Vacances escolars i dies festius</strong></p>
<ul>
<li>Nadal: del <strong>21 de desembre </strong>de 2025 al<strong> 7 de gener de 2026</strong>, ambdós inclosos.</li>
<li>Setmana Santa: <strong>del 30 de març </strong>al <strong>6 d&#8217;abril de 2026</strong>, ambdós inclosos.</li>
</ul>
<p><strong style="font-family: inherit; font-size: 1em;">Dies de festa local a Balaguer</strong></p>
<ul>
<li><span style="font-family: inherit; font-size: 1em;">Dilluns 10 de novembre 2025</span></li>
<li>Dilluns 13 de juliol de 2026 <strong>(no lectiu)</strong></li>
</ul>
<p><strong>Dies de lliure disposició:</strong></p>
<ul style="list-style-type: disc;">
<li>Divendres 31 d&#8217;octubre de 2025 (Pont de Tots Sants)</li>
<li>Dimarts 9 de desembre de 2025 (Pont de la Constitució)</li>
<li>Dilluns 16 de febrer de 2026 (Dilluns de Carnestoltes)</li>
<li>Divendres 13 de març de 2026 (mig trimestre)</li>
<li>Dilluns 4 de maig de 2026 (Pont del Dia del Treballador)</li>
</ul>
<h3>ON SOM</h3>
</div>
<p><strong>Servei Educatiu de la Noguera<br />
</strong>Divina Pastora, 1<br />
25600 Balaguer</p>
<p>se-noguera@xtec.cat<br />
<span style="font-family: inherit; font-size: 1em;">Tel. 973 44 63 62 / </span><span style="font-family: inherit; font-size: 1em;">Extensions: </span><span style="font-family: inherit; font-size: 1em;">EAP (1), CRP (2), LIC (3), OME (4)</span></p>

<p>HORARI De dilluns a dijous: De 9.00 a 14.00 h i de 15.00 a 18.00 h Divendres de 9.00 a 14.00. Tardes amb cita prèvia. Horari intensiu, de 8.30 a 14.00: Del 3 de juny al 15 de juliol de 2026 Atenció presencial al Servei Educatiu fins el 15 de juliol de 2026 El nostre servei educatiu romandrà [&hellip;]</p>
