{"id":265,"date":"2015-06-02T14:03:02","date_gmt":"2015-06-02T12:03:02","guid":{"rendered":"http:\/\/blocs.xtec.cat\/experimentsdepelicula\/?page_id=265"},"modified":"2021-10-25T11:00:15","modified_gmt":"2021-10-25T09:00:15","slug":"videos-premiats-2a-edicio-2014-2015","status":"publish","type":"page","link":"https:\/\/serveiseducatius.xtec.cat\/noguera\/dinamica\/experiments\/videos-premiats\/videos-premiats-2a-edicio-2014-2015\/","title":{"rendered":"V\u00eddeos premiats 2a edici\u00f3 (2014-2015)"},"content":{"rendered":"<p><iframe loading=\"lazy\" src=\"https:\/\/www.youtube.com\/embed\/w24RbtAA_X0\" width=\"560\" height=\"315\" frameborder=\"0\" allowfullscreen=\"allowfullscreen\"><\/iframe><\/p>\n<p>Relaci\u00f3 d\u2019alumnat premiat:<\/p>\n<p>Categoria A (Educaci\u00f3 Infantil i Cicle Inicial d\u2019Educaci\u00f3 Prim\u00e0ria)<\/p>\n<p style=\"padding-left: 60px;\"><strong><em>Bombolles electritzants!<br \/>\n<\/em><\/strong><\/p>\n<p style=\"padding-left: 60px;\">Escola La Noguera (Balaguer)<\/p>\n<p style=\"padding-left: 60px;\"><strong>Professorat responsable:<\/strong> Santi Amores i Rosa Mateu<\/p>\n<p style=\"padding-left: 60px;\"><strong>Alumnat:<\/strong> (P-5) Tot l&#8217;alumnat de la classe dels Planetes.<\/p>\n<p style=\"padding-left: 30px;\">Categoria B (Cicle Mitj\u00e0 i Cicle Superior d\u2019Educaci\u00f3 Prim\u00e0ria)<\/p>\n<p style=\"padding-left: 60px;\"><strong><em>The jumpping egg!<br \/>\n<\/em><\/strong><\/p>\n<p style=\"padding-left: 60px;\">Escola Salvador Espriu (Vallfogona de Balaguer)<\/p>\n<p style=\"padding-left: 60px;\"><strong>Professorat responsable:<\/strong> \u00caric Berga Ses\u00e9<\/p>\n<p style=\"padding-left: 60px;\"><strong>Alumnat:<\/strong> (6\u00e8 PRI) Douae Alaoui Kasbaoui, Tatima Azzi, Kevin Batista, Jos\u00e9 Carbonell, Chenoa Gim\u00e9nez Reyes.<\/p>\n<p style=\"padding-left: 60px;\"><strong><em>Experiments with the light<\/em><\/strong><\/p>\n<p style=\"padding-left: 60px;\">Escola Salvador Espriu (Vallfogona de Balaguer)<\/p>\n<p style=\"padding-left: 60px;\"><strong>Professorat responsable:<\/strong> \u00c8ric Berga Ses\u00e9<\/p>\n<p style=\"padding-left: 60px;\"><strong>Alumnat:<\/strong><\/p>\n<p style=\"padding-left: 60px;\">(2n de Prim\u00e0ria) Alexia Giurgiu, Ariadna Herrera Pallis\u00e9, Gerard Mar\u00edn Tarib\u00f3, Guillem Pallis\u00e9 Viola, Neil Peruga Terr\u00e9, Antoni R\u00fabies V\u00e1zquez, Blau Segu\u00e9s Oms.<br \/>\n(3r de Prim\u00e0ria) Lorena Al\u00edas Cirera, Aritz Buisan Lobo, D\u00fania Campabadal<br \/>\nRubi\u00f3, Laila Laarim Er Reyahhy, Saray Lozano Fern\u00e1ndez, Ariadna Mar\u00edn Galit\u00f3,<br \/>\nCl\u00e0udia Sorribes Balasch, Andreea Stefanutiu, Sergi Ter\u00e9s Mina.<\/p>\n<p style=\"padding-left: 30px;\">Categoria C (Educaci\u00f3 Secund\u00e0ria Obligat\u00f2ria i Educaci\u00f3 Secund\u00e0ria Postobligat\u00f2ria: Batxillerat i CF)<\/p>\n<p style=\"padding-left: 60px;\"><strong><em>V\u00f3rtex de fum<br \/>\n<\/em><\/strong><\/p>\n<p style=\"padding-left: 60px;\">Institut Ciutat de Balaguer (Balaguer)<\/p>\n<p style=\"padding-left: 60px;\"><strong>Professorat responsable:<\/strong> Sergi Palou Lamarca<\/p>\n<p style=\"padding-left: 60px;\"><strong>Alumnat:<\/strong> (1r BATX) Juanjo Panad\u00e9s V\u00e1zquez, Albert Planes Seuma i Cristian Lavric.<\/p>\n","protected":false},"excerpt":{"rendered":"<p>Relaci\u00f3 d\u2019alumnat premiat: Categoria A (Educaci\u00f3 Infantil i Cicle Inicial d\u2019Educaci\u00f3 Prim\u00e0ria) Bombolles electritzants! Escola La Noguera (Balaguer) Professorat responsable: Santi Amores i Rosa Mateu Alumnat: (P-5) Tot l&#8217;alumnat de la classe dels Planetes. Categoria B (Cicle Mitj\u00e0 i Cicle Superior d\u2019Educaci\u00f3 Prim\u00e0ria) The jumpping egg! Escola Salvador Espriu (Vallfogona de Balaguer) Professorat responsable: \u00caric [&hellip;]<\/p>\n","protected":false},"author":1,"featured_media":0,"parent":11013,"menu_order":98,"comment_status":"closed","ping_status":"closed","template":"page-templates\/side-menu.php","meta":{"_bbp_topic_count":0,"_bbp_reply_count":0,"_bbp_total_topic_count":0,"_bbp_total_reply_count":0,"_bbp_voice_count":0,"_bbp_anonymous_reply_count":0,"_bbp_topic_count_hidden":0,"_bbp_reply_count_hidden":0,"_bbp_forum_subforum_count":0,"site-sidebar-layout":"default","site-content-layout":"","ast-site-content-layout":"","site-content-style":"default","site-sidebar-style":"default","ast-global-header-display":"","ast-banner-title-visibility":"","ast-main-header-display":"","ast-hfb-above-header-display":"","ast-hfb-below-header-display":"","ast-hfb-mobile-header-display":"","site-post-title":"","ast-breadcrumbs-content":"","ast-featured-img":"","footer-sml-layout":"","theme-transparent-header-meta":"","adv-header-id-meta":"","stick-header-meta":"","header-above-stick-meta":"","header-main-stick-meta":"","header-below-stick-meta":"","astra-migrate-meta-layouts":"default","ast-page-background-enabled":"default","ast-page-background-meta":{"desktop":{"background-color":"var(--ast-global-color-4)","background-image":"","background-repeat":"repeat","background-position":"center center","background-size":"auto","background-attachment":"scroll","background-type":"","background-media":"","overlay-type":"","overlay-color":"","overlay-opacity":"","overlay-gradient":""},"tablet":{"background-color":"","background-image":"","background-repeat":"repeat","background-position":"center center","background-size":"auto","background-attachment":"scroll","background-type":"","background-media":"","overlay-type":"","overlay-color":"","overlay-opacity":"","overlay-gradient":""},"mobile":{"background-color":"","background-image":"","background-repeat":"repeat","background-position":"center center","background-size":"auto","background-attachment":"scroll","background-type":"","background-media":"","overlay-type":"","overlay-color":"","overlay-opacity":"","overlay-gradient":""}},"ast-content-background-meta":{"desktop":{"background-color":"var(--ast-global-color-5)","background-image":"","background-repeat":"repeat","background-position":"center center","background-size":"auto","background-attachment":"scroll","background-type":"","background-media":"","overlay-type":"","overlay-color":"","overlay-opacity":"","overlay-gradient":""},"tablet":{"background-color":"var(--ast-global-color-5)","background-image":"","background-repeat":"repeat","background-position":"center center","background-size":"auto","background-attachment":"scroll","background-type":"","background-media":"","overlay-type":"","overlay-color":"","overlay-opacity":"","overlay-gradient":""},"mobile":{"background-color":"var(--ast-global-color-5)","background-image":"","background-repeat":"repeat","background-position":"center center","background-size":"auto","background-attachment":"scroll","background-type":"","background-media":"","overlay-type":"","overlay-color":"","overlay-opacity":"","overlay-gradient":""}},"footnotes":""},"class_list":["post-265","page","type-page","status-publish","hentry"],"post_mailing_queue_ids":[],"_links":{"self":[{"href":"https:\/\/serveiseducatius.xtec.cat\/noguera\/wp-json\/wp\/v2\/pages\/265","targetHints":{"allow":["GET"]}}],"collection":[{"href":"https:\/\/serveiseducatius.xtec.cat\/noguera\/wp-json\/wp\/v2\/pages"}],"about":[{"href":"https:\/\/serveiseducatius.xtec.cat\/noguera\/wp-json\/wp\/v2\/types\/page"}],"author":[{"embeddable":true,"href":"https:\/\/serveiseducatius.xtec.cat\/noguera\/wp-json\/wp\/v2\/users\/1"}],"replies":[{"embeddable":true,"href":"https:\/\/serveiseducatius.xtec.cat\/noguera\/wp-json\/wp\/v2\/comments?post=265"}],"version-history":[{"count":1,"href":"https:\/\/serveiseducatius.xtec.cat\/noguera\/wp-json\/wp\/v2\/pages\/265\/revisions"}],"predecessor-version":[{"id":11015,"href":"https:\/\/serveiseducatius.xtec.cat\/noguera\/wp-json\/wp\/v2\/pages\/265\/revisions\/11015"}],"up":[{"embeddable":true,"href":"https:\/\/serveiseducatius.xtec.cat\/noguera\/wp-json\/wp\/v2\/pages\/11013"}],"wp:attachment":[{"href":"https:\/\/serveiseducatius.xtec.cat\/noguera\/wp-json\/wp\/v2\/media?parent=265"}],"curies":[{"name":"wp","href":"https:\/\/api.w.org\/{rel}","templated":true}]}}