{"id":15577,"date":"2025-11-07T16:32:10","date_gmt":"2025-11-07T15:32:10","guid":{"rendered":"https:\/\/serveiseducatius.xtec.cat\/noguera\/?page_id=15577"},"modified":"2025-11-11T16:28:04","modified_gmt":"2025-11-11T15:28:04","slug":"plans-individualitzats","status":"publish","type":"page","link":"https:\/\/serveiseducatius.xtec.cat\/noguera\/educacio-inclusiva\/plans-individualitzats\/","title":{"rendered":"Plans Individualitzats"},"content":{"rendered":"<p>Lloc web en construcci\u00f3<\/p>\n<p>&nbsp;<\/p>\n<p><strong>Normativa:<\/strong> https:\/\/xtec.gencat.cat\/ca\/curriculum\/diversitat-i-inclusio\/atencio-educativa-als-alumnes\/pla-de-suport-individualitzat-pi\/<\/p>\n<p>Es pot adjuntar el decret d&#8217;avaluaci\u00f3 dels alumnes amb PI:<\/p>\n<p><strong>Orientacions per l&#8217;elaboraci\u00f3 del PI i models: <\/strong><a href=\"https:\/\/projectes.xtec.cat\/nou-curriculum\/educacio-basica\/pla-individualitzat\/\">https:\/\/educacio.gencat.cat\/ca\/departament\/publicacions\/colleccions\/competencies-basiques\/primaria\/orientacions-pla-suport-individualitzat\/<\/a><\/p>\n<p><strong>Eina:<\/strong> Mapa curriculars: https:\/\/projectes.xtec.cat\/nou-curriculum\/mapa-curricular\/<\/p>\n<p>Potser estaria b\u00e9 fer un enlla\u00e7 per infantil, prim\u00e0ria i secund\u00e0ria.<\/p>\n","protected":false},"excerpt":{"rendered":"<p>Lloc web en construcci\u00f3 &nbsp; Normativa: https:\/\/xtec.gencat.cat\/ca\/curriculum\/diversitat-i-inclusio\/atencio-educativa-als-alumnes\/pla-de-suport-individualitzat-pi\/ Es pot adjuntar el decret d&#8217;avaluaci\u00f3 dels alumnes amb PI: Orientacions per l&#8217;elaboraci\u00f3 del PI i models: https:\/\/educacio.gencat.cat\/ca\/departament\/publicacions\/colleccions\/competencies-basiques\/primaria\/orientacions-pla-suport-individualitzat\/ Eina: Mapa curriculars: https:\/\/projectes.xtec.cat\/nou-curriculum\/mapa-curricular\/ Potser estaria b\u00e9 fer un enlla\u00e7 per infantil, prim\u00e0ria i secund\u00e0ria.<\/p>\n","protected":false},"author":28,"featured_media":0,"parent":15187,"menu_order":0,"comment_status":"closed","ping_status":"closed","template":"","meta":{"_bbp_topic_count":0,"_bbp_reply_count":0,"_bbp_total_topic_count":0,"_bbp_total_reply_count":0,"_bbp_voice_count":0,"_bbp_anonymous_reply_count":0,"_bbp_topic_count_hidden":0,"_bbp_reply_count_hidden":0,"_bbp_forum_subforum_count":0,"site-sidebar-layout":"default","site-content-layout":"","ast-site-content-layout":"default","site-content-style":"default","site-sidebar-style":"default","ast-global-header-display":"","ast-banner-title-visibility":"","ast-main-header-display":"","ast-hfb-above-header-display":"","ast-hfb-below-header-display":"","ast-hfb-mobile-header-display":"","site-post-title":"","ast-breadcrumbs-content":"","ast-featured-img":"","footer-sml-layout":"","theme-transparent-header-meta":"default","adv-header-id-meta":"","stick-header-meta":"","header-above-stick-meta":"","header-main-stick-meta":"","header-below-stick-meta":"","astra-migrate-meta-layouts":"set","ast-page-background-enabled":"default","ast-page-background-meta":{"desktop":{"background-color":"var(--ast-global-color-4)","background-image":"","background-repeat":"repeat","background-position":"center center","background-size":"auto","background-attachment":"scroll","background-type":"","background-media":"","overlay-type":"","overlay-color":"","overlay-opacity":"","overlay-gradient":""},"tablet":{"background-color":"","background-image":"","background-repeat":"repeat","background-position":"center center","background-size":"auto","background-attachment":"scroll","background-type":"","background-media":"","overlay-type":"","overlay-color":"","overlay-opacity":"","overlay-gradient":""},"mobile":{"background-color":"","background-image":"","background-repeat":"repeat","background-position":"center center","background-size":"auto","background-attachment":"scroll","background-type":"","background-media":"","overlay-type":"","overlay-color":"","overlay-opacity":"","overlay-gradient":""}},"ast-content-background-meta":{"desktop":{"background-color":"var(--ast-global-color-5)","background-image":"","background-repeat":"repeat","background-position":"center center","background-size":"auto","background-attachment":"scroll","background-type":"","background-media":"","overlay-type":"","overlay-color":"","overlay-opacity":"","overlay-gradient":""},"tablet":{"background-color":"var(--ast-global-color-5)","background-image":"","background-repeat":"repeat","background-position":"center center","background-size":"auto","background-attachment":"scroll","background-type":"","background-media":"","overlay-type":"","overlay-color":"","overlay-opacity":"","overlay-gradient":""},"mobile":{"background-color":"var(--ast-global-color-5)","background-image":"","background-repeat":"repeat","background-position":"center center","background-size":"auto","background-attachment":"scroll","background-type":"","background-media":"","overlay-type":"","overlay-color":"","overlay-opacity":"","overlay-gradient":""}},"footnotes":""},"class_list":["post-15577","page","type-page","status-publish","hentry"],"post_mailing_queue_ids":[],"_links":{"self":[{"href":"https:\/\/serveiseducatius.xtec.cat\/noguera\/wp-json\/wp\/v2\/pages\/15577","targetHints":{"allow":["GET"]}}],"collection":[{"href":"https:\/\/serveiseducatius.xtec.cat\/noguera\/wp-json\/wp\/v2\/pages"}],"about":[{"href":"https:\/\/serveiseducatius.xtec.cat\/noguera\/wp-json\/wp\/v2\/types\/page"}],"author":[{"embeddable":true,"href":"https:\/\/serveiseducatius.xtec.cat\/noguera\/wp-json\/wp\/v2\/users\/28"}],"replies":[{"embeddable":true,"href":"https:\/\/serveiseducatius.xtec.cat\/noguera\/wp-json\/wp\/v2\/comments?post=15577"}],"version-history":[{"count":4,"href":"https:\/\/serveiseducatius.xtec.cat\/noguera\/wp-json\/wp\/v2\/pages\/15577\/revisions"}],"predecessor-version":[{"id":15614,"href":"https:\/\/serveiseducatius.xtec.cat\/noguera\/wp-json\/wp\/v2\/pages\/15577\/revisions\/15614"}],"up":[{"embeddable":true,"href":"https:\/\/serveiseducatius.xtec.cat\/noguera\/wp-json\/wp\/v2\/pages\/15187"}],"wp:attachment":[{"href":"https:\/\/serveiseducatius.xtec.cat\/noguera\/wp-json\/wp\/v2\/media?parent=15577"}],"curies":[{"name":"wp","href":"https:\/\/api.w.org\/{rel}","templated":true}]}}