{"id":14808,"date":"2025-07-09T13:57:25","date_gmt":"2025-07-09T11:57:25","guid":{"rendered":"https:\/\/serveiseducatius.xtec.cat\/noguera\/?page_id=14808"},"modified":"2025-09-08T12:39:10","modified_gmt":"2025-09-08T10:39:10","slug":"crp","status":"publish","type":"page","link":"https:\/\/serveiseducatius.xtec.cat\/noguera\/el-servei-educatiu\/equip\/crp\/","title":{"rendered":"CRP"},"content":{"rendered":"<p><strong>Els\u00a0Centres de Recursos Pedag\u00f2gics (CRP)<\/strong> s\u00f3n equips docents de dinamitzaci\u00f3, acompanyament i assessorament a professorat, centres i xarxes educatives per a la millora i transformaci\u00f3 dels seus projectes educatius de centres i la seva pr\u00e0ctica educativa. Les seves actuacions s\u00f3n coordinades amb altres professionals dels serveis educatius (EAP i ELIC) i institucions o entitats de la Noguera.<\/p>\n<table style=\"margin: auto; border-collapse: collapse; border: 2px solid black; text-align: center; table-layout: auto; white-space: nowrap; width: 84.3507%; font-family: Arial, sans-serif; font-size: 16px; height: 813px;\">\n<tbody>\n<tr style=\"height: 46px;\">\n<td style=\"border: 1px solid gray; padding: 8px; width: 27%; height: 46px;\"><strong>PROFESSIONAL CRP<\/strong><\/td>\n<td style=\"border: 1px solid gray; padding: 8px; width: 22.3511%; height: 46px;\"><strong>CENTRES ASSIGNATS<\/strong><\/td>\n<\/tr>\n<tr style=\"height: 235px;\">\n<td style=\"border: 1px solid gray; padding: 8px; text-align: left; line-height: 1.6; width: 27%; height: 235px;\"><b>Laura Barrios Mola<\/b><\/p>\n<p><em><b>(subst: Anna Torres Bernal)<\/b><\/em><\/p>\n<p>\ud83d\udc64 Referent de Prim\u00e0ria<br \/>\n\u2709\ufe0f <a href=\"mailto:atorr140@xtec.cat\">atorr140@xtec.cat<\/a><\/p>\n<ul>\n<li><em>Biblioteques i xarxes de lectura<\/em><\/li>\n<li><em>Xarxa de Compet\u00e8ncies B\u00e0siques<\/em><\/li>\n<li><em>Gesti\u00f3 del pr\u00e9stec de materials pedag\u00f2gics<\/em><\/li>\n<li><em>Emprenedoria escolar (FER)<\/em><\/li>\n<li><em>Rob\u00f2tica Educativa<\/em><\/li>\n<\/ul>\n<\/td>\n<td style=\"border: 1px solid gray; padding: 8px; text-align: left; width: 22.3511%; height: 235px;\">\n<ul>\n<li>Escola \u00c0ngel Guimer\u00e0 de Balaguer<\/li>\n<li>Escola Alfred Potrony de T\u00e9rmens<\/li>\n<li>ZER Roman\u00ed (Montgai, La Sentiu, Cubells, Vilanova de Mei\u00e0)<\/li>\n<li>ZER el Jonc (Camarasa, la R\u00e0pita i Men\u00e0rguens)<\/li>\n<li>ZER Serra Llarga (Castell\u00f3 de Farfanya, Algerri, Ivars de Noguera)<\/li>\n<li>ZER Montsec (Gerb, Les Avellanes, Tartareu, \u00c0ger, Os de Balaguer)<\/li>\n<li>ZER Espernallac (Penelles, Castellser\u00e0 i Bellmunt)<\/li>\n<\/ul>\n<\/td>\n<\/tr>\n<tr style=\"height: 224px;\">\n<td style=\"border: 1px solid gray; padding: 8px; text-align: left; line-height: 1.6; width: 27%; height: 224px;\"><strong>\u00c8ric Berga Ses\u00e9<\/strong><br \/>\n\ud83d\udc64 Referent de Prim\u00e0ria<br \/>\n\u2709\ufe0f <a href=\"mailto:eberga2@xtec.cat\">eberga2<span class=\"\">@xtec.cat<\/span><\/a><\/p>\n<ul>\n<li><em>Direcci\u00f3 CRP<\/em><\/li>\n<li><em>Coordinaci\u00f3 Servei Educatiu<\/em><\/li>\n<li><em>Coordinaci\u00f3 cultura digital i Cultura Maker<\/em><\/li>\n<li><em>Xarxa de Transformaci\u00f3 Educativa<\/em><\/li>\n<li><em>Din\u00e0mica Educativa<\/em><\/li>\n<\/ul>\n<\/td>\n<td style=\"border: 1px solid gray; padding: 8px; text-align: left; width: 22.3511%; height: 224px;\">\n<ul>\n<li>Escola Gaspar de Portol\u00e0 de Balaguer<\/li>\n<li>Escola La Noguera de Balaguer<\/li>\n<li>Escola Mont-roig de Balaguer<\/li>\n<li>Escola l&#8217;\u00c0lber d&#8217;Albesa<\/li>\n<li>Escola Salvador Espriu de Vallfogona de Balaguer<\/li>\n<li>CEE l&#8217;Estel<\/li>\n<\/ul>\n<\/td>\n<\/tr>\n<tr style=\"height: 308px;\">\n<td style=\"border: 1px solid gray; padding: 8px; text-align: left; line-height: 1.6; width: 27%; height: 308px;\"><strong>N\u00faria Mart\u00ednez Magr\u00ed<\/strong><br \/>\n\ud83d\udc64 Referent de Secund\u00e0ria<br \/>\n\u2709\ufe0f <a href=\"mailto:nmart34@xtec.cat\">nmart34<span class=\"\"><span class=\"\">@xtec.cat<\/span><\/span><\/a><\/p>\n<ul>\n<li><em>Gesti\u00f3 de la formaci\u00f3 docent<\/em><\/li>\n<li><em>Servei Comunitari i ApS<\/em><\/li>\n<li><em>Ci\u00e8ncies i STEAM<\/em><\/li>\n<li><em>Cultura Maker<\/em><\/li>\n<li><em>Mesa de Salut Jove de la Noguera<\/em><\/li>\n<\/ul>\n<\/td>\n<td style=\"border: 1px solid gray; padding: 8px; text-align: left; width: 22.3511%; height: 308px;\">\n<ul>\n<li>Escola Els Planells d&#8217;Artesa de Segre<\/li>\n<li>Escola de Ponts<\/li>\n<li>Escola Bonavista de Bellcaire d&#8217;Urgell<\/li>\n<li>Escola Vedruna de Balaguer<\/li>\n<li>Escola Pia de Balaguer<\/li>\n<li>Institut Almat\u00e0 de Balaguer<\/li>\n<li>Institut Ciutat de Balaguer<\/li>\n<li>Institut Els Planells d&#8217;Artesa de Segre<\/li>\n<li>Institut de Ponts<\/li>\n<li>Institut Ermengol IV de Bellcaire d\u2019Urgell<\/li>\n<\/ul>\n<\/td>\n<\/tr>\n<\/tbody>\n<\/table>\n<p>&nbsp;<\/p>\n<p><strong>El Programa Reconnect-ES<\/strong> \u00e9s una iniciativa impulsada pel Departament d\u2019Educaci\u00f3 i Formaci\u00f3 Professional, que t\u00e9 com a objectiu principal abordar el repte de l\u2019abandonament escolar prematur entre els joves de 16 a 24 anys, facilitant la seva reincorporaci\u00f3 al sistema educatiu. Els objectius dels programa s\u00f3n:<\/p>\n<ul>\n<li>Reduir l\u2019abandonament escolar prematur mitjan\u00e7ant l\u2019acompanyament personalitzat dels joves.<\/li>\n<li>Optimitzar el treball en xarxa entre serveis educatius, centres educatius i agents del territori.<\/li>\n<li>Col\u00b7laborar en la prevenci\u00f3 de l\u2019abandonament escolar i la promoci\u00f3 del benestar de l\u2019alumnat.<\/li>\n<li>Reducci\u00f3 de l\u2019abandonament escolar prematur fent un seguiment i suport personalitzat als joves que han abandonat els estudis.<\/li>\n<li>Prevenci\u00f3 de l\u2019abandonament escolar prematur implementant estrat\u00e8gies preventives en col\u00b7laboraci\u00f3 amb els centres educatius.<\/li>\n<li>Promoci\u00f3 de la salut i el benestar duent a terme accions per fomentar el benestar integral de l\u2019alumnat.<\/li>\n<\/ul>\n<table style=\"margin: auto; border-collapse: collapse; border: 2px solid black; text-align: center; width: 84.9248%; max-width: 100%; font-family: Arial, sans-serif; font-size: 16px;\">\n<tbody>\n<tr>\n<td style=\"border: 1px solid gray; padding: 8px; width: 21.8056%; overflow-wrap: break-word;\"><strong>RECONNECT-ES<\/strong><\/td>\n<td style=\"border: 1px solid gray; padding: 8px; width: 62.2459%; overflow-wrap: break-word;\"><strong>TASQUES<\/strong><\/td>\n<\/tr>\n<tr>\n<td style=\"border: 1px solid gray; padding: 8px; text-align: left; line-height: 1.6; overflow-wrap: break-word; width: 21.8056%;\"><b>Albert Font-Tarr\u00e9s<\/b><br \/>\n\ud83d\udc64 Educador social<br \/>\n<a href=\"mailto:afont25@xtec.cat\">\u2709\ufe0f afont25@xtec.cat<\/a><br \/>\n\ud83d\udcde 677 34 32 89<\/td>\n<td style=\"border: 1px solid gray; padding: 8px; text-align: left; overflow-wrap: break-word; width: 62.2459%;\">\n<ul>\n<li>Acompanyar de manera personalitzada els joves que han abandonat els estudis, oferint-los alternatives formatives adaptades a les seves necessitats.<\/li>\n<li>Coordinar-se amb els centres educatius i els serveis municipals per optimitzar els recursos disponibles i les accions de suport.<\/li>\n<li>Facilitar el treball en xarxa entre els diferents agents del territori implicats.<\/li>\n<\/ul>\n<\/td>\n<\/tr>\n<\/tbody>\n<\/table>\n","protected":false},"excerpt":{"rendered":"<p>Els\u00a0Centres de Recursos Pedag\u00f2gics (CRP) s\u00f3n equips docents de dinamitzaci\u00f3, acompanyament i assessorament a professorat, centres i xarxes educatives per a la millora i transformaci\u00f3 dels seus projectes educatius de centres i la seva pr\u00e0ctica educativa. Les seves actuacions s\u00f3n coordinades amb altres professionals dels serveis educatius (EAP i ELIC) i institucions o entitats de [&hellip;]<\/p>\n","protected":false},"author":28,"featured_media":0,"parent":306,"menu_order":1,"comment_status":"closed","ping_status":"closed","template":"","meta":{"_bbp_topic_count":0,"_bbp_reply_count":0,"_bbp_total_topic_count":0,"_bbp_total_reply_count":0,"_bbp_voice_count":0,"_bbp_anonymous_reply_count":0,"_bbp_topic_count_hidden":0,"_bbp_reply_count_hidden":0,"_bbp_forum_subforum_count":0,"site-sidebar-layout":"default","site-content-layout":"","ast-site-content-layout":"default","site-content-style":"default","site-sidebar-style":"default","ast-global-header-display":"","ast-banner-title-visibility":"","ast-main-header-display":"","ast-hfb-above-header-display":"","ast-hfb-below-header-display":"","ast-hfb-mobile-header-display":"","site-post-title":"","ast-breadcrumbs-content":"","ast-featured-img":"","footer-sml-layout":"","theme-transparent-header-meta":"default","adv-header-id-meta":"","stick-header-meta":"","header-above-stick-meta":"","header-main-stick-meta":"","header-below-stick-meta":"","astra-migrate-meta-layouts":"set","ast-page-background-enabled":"default","ast-page-background-meta":{"desktop":{"background-color":"var(--ast-global-color-4)","background-image":"","background-repeat":"repeat","background-position":"center center","background-size":"auto","background-attachment":"scroll","background-type":"","background-media":"","overlay-type":"","overlay-color":"","overlay-opacity":"","overlay-gradient":""},"tablet":{"background-color":"","background-image":"","background-repeat":"repeat","background-position":"center center","background-size":"auto","background-attachment":"scroll","background-type":"","background-media":"","overlay-type":"","overlay-color":"","overlay-opacity":"","overlay-gradient":""},"mobile":{"background-color":"","background-image":"","background-repeat":"repeat","background-position":"center center","background-size":"auto","background-attachment":"scroll","background-type":"","background-media":"","overlay-type":"","overlay-color":"","overlay-opacity":"","overlay-gradient":""}},"ast-content-background-meta":{"desktop":{"background-color":"var(--ast-global-color-5)","background-image":"","background-repeat":"repeat","background-position":"center center","background-size":"auto","background-attachment":"scroll","background-type":"","background-media":"","overlay-type":"","overlay-color":"","overlay-opacity":"","overlay-gradient":""},"tablet":{"background-color":"var(--ast-global-color-5)","background-image":"","background-repeat":"repeat","background-position":"center center","background-size":"auto","background-attachment":"scroll","background-type":"","background-media":"","overlay-type":"","overlay-color":"","overlay-opacity":"","overlay-gradient":""},"mobile":{"background-color":"var(--ast-global-color-5)","background-image":"","background-repeat":"repeat","background-position":"center center","background-size":"auto","background-attachment":"scroll","background-type":"","background-media":"","overlay-type":"","overlay-color":"","overlay-opacity":"","overlay-gradient":""}},"footnotes":""},"class_list":["post-14808","page","type-page","status-publish","hentry"],"post_mailing_queue_ids":[],"_links":{"self":[{"href":"https:\/\/serveiseducatius.xtec.cat\/noguera\/wp-json\/wp\/v2\/pages\/14808","targetHints":{"allow":["GET"]}}],"collection":[{"href":"https:\/\/serveiseducatius.xtec.cat\/noguera\/wp-json\/wp\/v2\/pages"}],"about":[{"href":"https:\/\/serveiseducatius.xtec.cat\/noguera\/wp-json\/wp\/v2\/types\/page"}],"author":[{"embeddable":true,"href":"https:\/\/serveiseducatius.xtec.cat\/noguera\/wp-json\/wp\/v2\/users\/28"}],"replies":[{"embeddable":true,"href":"https:\/\/serveiseducatius.xtec.cat\/noguera\/wp-json\/wp\/v2\/comments?post=14808"}],"version-history":[{"count":7,"href":"https:\/\/serveiseducatius.xtec.cat\/noguera\/wp-json\/wp\/v2\/pages\/14808\/revisions"}],"predecessor-version":[{"id":15110,"href":"https:\/\/serveiseducatius.xtec.cat\/noguera\/wp-json\/wp\/v2\/pages\/14808\/revisions\/15110"}],"up":[{"embeddable":true,"href":"https:\/\/serveiseducatius.xtec.cat\/noguera\/wp-json\/wp\/v2\/pages\/306"}],"wp:attachment":[{"href":"https:\/\/serveiseducatius.xtec.cat\/noguera\/wp-json\/wp\/v2\/media?parent=14808"}],"curies":[{"name":"wp","href":"https:\/\/api.w.org\/{rel}","templated":true}]}}