{"id":14181,"date":"2024-11-07T17:06:20","date_gmt":"2024-11-07T16:06:20","guid":{"rendered":"https:\/\/serveiseducatius.xtec.cat\/noguera\/?page_id=14181"},"modified":"2024-11-15T11:42:08","modified_gmt":"2024-11-15T10:42:08","slug":"conferencies-enregistrades","status":"publish","type":"page","link":"https:\/\/serveiseducatius.xtec.cat\/noguera\/recursos\/conferencies-enregistrades\/","title":{"rendered":"Confer\u00e8ncies enregistrades"},"content":{"rendered":"<h4>Recull d&#8217;enregistraments de confer\u00e8ncies i altres activitats de formaci\u00f3 del PFZ de la Noguera<\/h4>\n<table style=\"border-collapse: collapse; width: 100%;\">\n<tbody>\n<tr>\n<td style=\"width: 33.3333%;\"><iframe loading=\"lazy\" title=\"Llegir amb optimisme\" src=\"https:\/\/www.youtube.com\/embed\/LXgGm8OPhIc\" width=\"320\" height=\"240\" frameborder=\"0\" allowfullscreen=\"allowfullscreen\"><\/iframe><\/td>\n<td style=\"width: 33.3333%;\"><iframe loading=\"lazy\" title=\"La perspectiva de g\u00e8nere a l'aula\" src=\"https:\/\/www.youtube.com\/embed\/JI8VqwXO0B0\" width=\"320\" height=\"240\" frameborder=\"0\" allowfullscreen=\"allowfullscreen\"><\/iframe><\/td>\n<td style=\"width: 33.3333%;\"><iframe loading=\"lazy\" title=\"Confer\u00e8ncia Bego\u00f1a Ibarrola 19 mar\u00e7 2024\" src=\"https:\/\/www.youtube.com\/embed\/E38G5fiWVBA\" width=\"320\" height=\"240\" frameborder=\"0\" allowfullscreen=\"allowfullscreen\"><span data-mce-type=\"bookmark\" style=\"display: inline-block; width: 0px; overflow: hidden; line-height: 0;\" class=\"mce_SELRES_start\">\ufeff<\/span><\/iframe><\/td>\n<\/tr>\n<tr>\n<td style=\"width: 33.3333%;\">Confer\u00e8ncia \u201cLlegir amb optimisme: \u00e9s aquesta la q\u00fcesti\u00f3?\u201d<\/p>\n<p>David Bueno, Fundador de la C\u00e0tedra de Neuroeducaci\u00f3 de la UB.<\/p>\n<p><strong>14 d&#8217;octubre de 2024<\/strong><\/td>\n<td style=\"width: 33.3333%;\">Confer\u00e8ncia \u201cLa perspectiva de g\u00e8nere a l\u2019aula\u201d<\/p>\n<p><span style=\"font-family: inherit; font-size: 0.875em;\">S\u00edlvia Carrasco, <\/span>Antrop\u00f2loga social de la UAB<\/p>\n<p><strong>23 de setembre de 2024<\/strong><\/td>\n<td style=\"width: 33.3333%;\">Confer\u00e8ncia &#8220;Confer\u00e8ncia Bego\u00f1a Ibarrola&#8221;<\/p>\n<p>Bego\u00f1a Ibarrola<\/p>\n<p>Tamb\u00e9 disponible en \u00e0udio al web del Servei Educatiu de la Noguera (posar enlla\u00e7)<\/p>\n<p><strong> 19 mar\u00e7 2024<\/strong><\/td>\n<\/tr>\n<\/tbody>\n<\/table>\n<p>&nbsp;<\/p>\n<table style=\"border-collapse: collapse; width: 100%;\">\n<tbody>\n<tr>\n<td style=\"width: 33.3333%;\"><iframe loading=\"lazy\" title=\"Funci\u00f3 assessora, nou curr\u00edculum i plans individualitzats. 2\/2: Els Plans individualitzats\" src=\"https:\/\/www.youtube.com\/embed\/HfyQM12eoE8\" width=\"320\" height=\"240\" frameborder=\"0\" allowfullscreen=\"allowfullscreen\"><span data-mce-type=\"bookmark\" style=\"display: inline-block; width: 0px; overflow: hidden; line-height: 0;\" class=\"mce_SELRES_start\">\ufeff<\/span><\/iframe><\/td>\n<td style=\"width: 33.3333%;\"><iframe loading=\"lazy\" title=\"Funci\u00f3 assessora, plans individualitzats i nou curr\u00edculum - 1\/2: El nou curr\u00edculum\" src=\"https:\/\/www.youtube.com\/embed\/aO9x3KVUmFo\" width=\"320\" height=\"240\" frameborder=\"0\" allowfullscreen=\"allowfullscreen\"><span data-mce-type=\"bookmark\" style=\"display: inline-block; width: 0px; overflow: hidden; line-height: 0;\" class=\"mce_SELRES_start\">\ufeff<\/span><\/iframe><\/td>\n<td style=\"width: 33.3333%;\"><iframe loading=\"lazy\" title=\"N\u00faria Otero - S'ha mort un membre de la comunitat educativa.I ara qu\u00e8? (S. Suport al dol de Ponent)\" src=\"https:\/\/www.youtube.com\/embed\/gSN6ZFLLBLE\" width=\"320\" height=\"240\" frameborder=\"0\" allowfullscreen=\"allowfullscreen\"><span data-mce-type=\"bookmark\" style=\"display: inline-block; width: 0px; overflow: hidden; line-height: 0;\" class=\"mce_SELRES_start\">\ufeff<\/span><\/iframe><\/td>\n<\/tr>\n<tr>\n<td style=\"width: 33.3333%;\">Sessi\u00f3 2: Els plans individualitzats<\/p>\n<p>Neus Heras, equip DEI del Giron\u00e8s.<\/p>\n<p><strong>12 de mar\u00e7 de 2024<\/strong><\/td>\n<td style=\"width: 33.3333%;\">Sessi\u00f3 1: Nou curr\u00edculum<\/p>\n<p>Neus Heras, equip DEI del Giron\u00e8s.<\/p>\n<p><strong>11 de mar\u00e7 de 2024<\/strong><\/td>\n<td style=\"width: 33.3333%;\">S&#8217;ha mort un membre de la comunitat educativa.\u00a0 ara qu\u00e8?<\/p>\n<p>N\u00faria Otero, Pedagogia de la mort<\/p>\n<p><strong>11 de mar\u00e7 de 2023<\/strong><\/td>\n<\/tr>\n<\/tbody>\n<\/table>\n<table style=\"border-collapse: collapse; width: 100%;\">\n<tbody>\n<tr>\n<td style=\"width: 33.3333%;\"><iframe loading=\"lazy\" title=\"Ramon Camats - Pedagogia de la mort i prevenci\u00f3 del su\u00efcidi juvenil\" src=\"https:\/\/www.youtube.com\/embed\/NQx9lyfpSvw\" width=\"320\" height=\"240\" frameborder=\"0\" allowfullscreen=\"allowfullscreen\"><span data-mce-type=\"bookmark\" style=\"display: inline-block; width: 0px; overflow: hidden; line-height: 0;\" class=\"mce_SELRES_start\">\ufeff<\/span><\/iframe><\/td>\n<td style=\"width: 33.3333%;\"><iframe loading=\"lazy\" title=\"Montse Esquerda - Dol Migratori (Grups d'acompanyament al dol de Lleida)\" src=\"https:\/\/www.youtube.com\/embed\/FlDszpnJqwA\" width=\"320\" height=\"240\" frameborder=\"0\" allowfullscreen=\"allowfullscreen\"><span data-mce-type=\"bookmark\" style=\"display: inline-block; width: 0px; overflow: hidden; line-height: 0;\" class=\"mce_SELRES_start\">\ufeff<\/span><\/iframe><\/td>\n<td style=\"width: 33.3333%;\"><iframe loading=\"lazy\" title=\"Xerrada a c\u00e0rrec dels Agents Rurals de la Noguera: &quot;Activitats humanes que afecten l'entorn natural&quot;\" src=\"https:\/\/www.youtube.com\/embed\/q6fMfR8Thz4\" width=\"320\" height=\"240\" frameborder=\"0\" allowfullscreen=\"allowfullscreen\"><span data-mce-type=\"bookmark\" style=\"display: inline-block; width: 0px; overflow: hidden; line-height: 0;\" class=\"mce_SELRES_start\">\ufeff<\/span><\/iframe><\/td>\n<\/tr>\n<tr>\n<td style=\"width: 33.3333%;\">Pedagogia de la mort i prevenci\u00f3 del su\u00efcidi juvenil<\/p>\n<p>Ramon Camats, Pedagogia de la mort<\/p>\n<p><strong>11 de mar\u00e7 de 2023<\/strong><\/td>\n<td style=\"width: 33.3333%;\">Dol migratori<\/p>\n<p>A c\u00e0rrec de Montse Esquerda, Grups d&#8217;acompanyament al dol de Lleida<\/p>\n<p><strong>11 de mar\u00e7 de 2023<\/strong><\/td>\n<td style=\"width: 33.3333%;\">Xerrada &#8220;Activitats que afecten el medi rural&#8221;<\/p>\n<p>Agents rurals de la Noguera<\/p>\n<p>Setmana del medi ambient de la Noguera 2021<\/p>\n<p><strong>5 de juny de 2021<\/strong><\/td>\n<\/tr>\n<\/tbody>\n<\/table>\n<table style=\"border-collapse: collapse; width: 100%;\">\n<tbody>\n<tr>\n<td style=\"width: 33.333333%;\"><iframe loading=\"lazy\" title=\"Confer\u00e8ncia &quot;La comunicaci\u00f3 oral: una oportunitat compartida&quot;, d'Enric Queralt\" src=\"https:\/\/www.youtube.com\/embed\/3L57NYqMH6I\" width=\"320\" height=\"240\" frameborder=\"0\" allowfullscreen=\"allowfullscreen\"><span data-mce-type=\"bookmark\" style=\"display: inline-block; width: 0px; overflow: hidden; line-height: 0;\" class=\"mce_SELRES_start\">\ufeff<\/span><\/iframe><\/td>\n<td style=\"width: 33.333333%;\"><iframe loading=\"lazy\" title=\"Jornada per a la presentaci\u00f3 de projectes de centre a &quot;Espais que eduquen: patis per a tothom&quot;\" src=\"https:\/\/www.youtube.com\/embed\/bMzFeGkSBYY\" width=\"320\" height=\"240\" frameborder=\"0\" allowfullscreen=\"allowfullscreen\"><span data-mce-type=\"bookmark\" style=\"display: inline-block; width: 0px; overflow: hidden; line-height: 0;\" class=\"mce_SELRES_start\">\ufeff<\/span><\/iframe><\/td>\n<td style=\"width: 33.333333%;\"><iframe loading=\"lazy\" title=\"Confer\u00e8ncia &quot;Educaci\u00f3 en el marc comunitari. Cohesi\u00f3 i \u00e8xit educatiu. A c\u00e0rrec de Jordi Collet.\" src=\"https:\/\/www.youtube.com\/embed\/HF_S7xkfh5U\" width=\"320\" height=\"240\" frameborder=\"0\" allowfullscreen=\"allowfullscreen\"><span data-mce-type=\"bookmark\" style=\"display: inline-block; width: 0px; overflow: hidden; line-height: 0;\" class=\"mce_SELRES_start\">\ufeff<\/span><\/iframe><\/td>\n<\/tr>\n<tr>\n<td style=\"width: 33.333333%;\">Plenari 5 del programa &#8220;Tenim la Paraula&#8221; a la Noguera.<\/p>\n<p>Enric Queralt<\/p>\n<p><strong>19 de maig de 2021<\/strong><\/td>\n<td style=\"width: 33.333333%;\">Projecte &#8220;Espais que eduquen, patis per a tothom&#8221;<\/td>\n<td style=\"width: 33.333333%;\">Presentaci\u00f3 de la presentaci\u00f3 del PEE de Balaguer.<\/p>\n<p>Jordi Collet Sab\u00e9, de la UVic<\/p>\n<p><strong>5 de maig de 2021<\/strong><\/td>\n<\/tr>\n<\/tbody>\n<\/table>\n<table style=\"border-collapse: collapse; width: 100%;\">\n<tbody>\n<tr>\n<td style=\"width: 33.333333%;\"><iframe loading=\"lazy\" title=\"Roda de premsa de presentaci\u00f3 del Pla educatiu d'Entorn de Balaguer\" src=\"https:\/\/www.youtube.com\/embed\/7LMZ_S3KxaA\" width=\"320\" height=\"240\" frameborder=\"0\" allowfullscreen=\"allowfullscreen\"><span data-mce-type=\"bookmark\" style=\"display: inline-block; width: 0px; overflow: hidden; line-height: 0;\" class=\"mce_SELRES_start\">\ufeff<\/span><\/iframe><\/td>\n<td style=\"width: 33.333333%;\"><iframe loading=\"lazy\" title=\"Avaluaci\u00f3 de la llengua oral: recursos i estrat\u00e8gies.\" src=\"https:\/\/www.youtube.com\/embed\/GJiv7O6_XFI\" width=\"320\" height=\"240\" frameborder=\"0\" allowfullscreen=\"allowfullscreen\"><span data-mce-type=\"bookmark\" style=\"display: inline-block; width: 0px; overflow: hidden; line-height: 0;\" class=\"mce_SELRES_start\">\ufeff<\/span><\/iframe><\/td>\n<td style=\"width: 33.333333%;\"><iframe loading=\"lazy\" title=\"Aprendre de la incertesa: Com el cervell gestiona els aprenentatges (David Bueno)\" src=\"https:\/\/www.youtube.com\/embed\/KbhH-5tWT4E\" width=\"320\" height=\"240\" frameborder=\"0\" allowfullscreen=\"allowfullscreen\"><span data-mce-type=\"bookmark\" style=\"display: inline-block; width: 0px; overflow: hidden; line-height: 0;\" class=\"mce_SELRES_start\">\ufeff<\/span><\/iframe><\/td>\n<\/tr>\n<tr>\n<td style=\"width: 33.333333%;\">Roda de premsa de presentaci\u00f3 del PEE de Balaguer.<\/td>\n<td style=\"width: 33.333333%;\">Sessi\u00f3 de treball del projecte Tenim la Paraula de la Noguera<\/p>\n<p>Neus Sanmart\u00edn, experta en avaluaci\u00f3.<\/p>\n<p><strong>21 d&#8217;abril de 2021<\/strong><\/td>\n<td style=\"width: 33.333333%;\">Com el cervell gestiona els aprenentatges<\/p>\n<p>David Bueno, Fundador de la C\u00e0tedra de Neuroeducaci\u00f3 de la UB.<\/p>\n<p><strong>9 d&#8217;abril de 2021<\/strong><\/td>\n<\/tr>\n<\/tbody>\n<\/table>\n<table style=\"border-collapse: collapse; width: 100%; height: 212px;\">\n<tbody>\n<tr style=\"height: 31px;\">\n<td style=\"width: 33.333333%; height: 31px;\"><iframe loading=\"lazy\" title=\"Renaturalitzaci\u00f3 d'espais educatius. Patis escolars pel clima\" src=\"https:\/\/www.youtube.com\/embed\/kiIuAYofOKo\" width=\"320\" height=\"240\" frameborder=\"0\" allowfullscreen=\"allowfullscreen\"><span data-mce-type=\"bookmark\" style=\"display: inline-block; width: 0px; overflow: hidden; line-height: 0;\" class=\"mce_SELRES_start\">\ufeff<\/span><\/iframe><\/td>\n<td style=\"width: 33.333333%; height: 31px;\"><iframe loading=\"lazy\" title=\"Edici\u00f3 3D amb Blender. Sessi\u00f3 2\" src=\"https:\/\/www.youtube.com\/embed\/cIleUp2tfxQ\" width=\"320\" height=\"240\" frameborder=\"0\" allowfullscreen=\"allowfullscreen\"><span data-mce-type=\"bookmark\" style=\"display: inline-block; width: 0px; overflow: hidden; line-height: 0;\" class=\"mce_SELRES_start\">\ufeff<\/span><\/iframe><\/td>\n<td style=\"width: 33.333333%; height: 31px;\"><iframe loading=\"lazy\" title=\"Edici\u00f3 3D amb Blender. Sessi\u00f3 1\" src=\"https:\/\/www.youtube.com\/embed\/YluE6-ajm_k\" width=\"320\" height=\"240\" frameborder=\"0\" allowfullscreen=\"allowfullscreen\"><span data-mce-type=\"bookmark\" style=\"display: inline-block; width: 0px; overflow: hidden; line-height: 0;\" class=\"mce_SELRES_start\">\ufeff<\/span><\/iframe><\/td>\n<\/tr>\n<tr style=\"height: 181px;\">\n<td style=\"width: 33.333333%; height: 181px;\">Mamen Artero de El Globus Vermell.<\/p>\n<p>Projecte &#8220;Espais que eduquen, patis per a tothom&#8221;<\/p>\n<p><strong>28 de gener de 2021<\/strong><\/td>\n<td style=\"width: 33.333333%; height: 181px;\">Edici\u00f3 amb Blender &#8211; Sessi\u00f3 1<\/p>\n<p>Joan Betbes\u00e9, de L&#8217;informatik Balaguer<\/p>\n<p>Activitats de formaci\u00f3 del PFZ de la Noguera 2020-2021<\/td>\n<td style=\"width: 33.333333%; height: 181px;\">Edici\u00f3 amb Blender &#8211; Sessi\u00f3 1<\/p>\n<p>Joan Betbes\u00e9, de L&#8217;informatik Balaguer<\/p>\n<p>Activitats de formaci\u00f3 del PFZ de la Noguera 2020-2021<\/td>\n<\/tr>\n<\/tbody>\n<\/table>\n<table style=\"border-collapse: collapse; width: 100%;\">\n<tbody>\n<tr>\n<td style=\"width: 33.333333%;\"><iframe loading=\"lazy\" title=\"Magia i matem\u00e0tiques\" src=\"https:\/\/www.youtube.com\/embed\/jqxwr3Fewms\" width=\"320\" height=\"240\" frameborder=\"0\" allowfullscreen=\"allowfullscreen\"><span data-mce-type=\"bookmark\" style=\"display: inline-block; width: 0px; overflow: hidden; line-height: 0;\" class=\"mce_SELRES_start\">\ufeff<\/span><\/iframe><\/td>\n<td style=\"width: 33.333333%;\"><iframe loading=\"lazy\" title=\"Aprofitament de les virtuts de les plantes\" src=\"https:\/\/www.youtube.com\/embed\/8OpnGMvbjnM\" width=\"320\" height=\"240\" frameborder=\"0\" allowfullscreen=\"allowfullscreen\"><span data-mce-type=\"bookmark\" style=\"display: inline-block; width: 0px; overflow: hidden; line-height: 0;\" class=\"mce_SELRES_start\">\ufeff<\/span><\/iframe><\/td>\n<td style=\"width: 33.333333%;\"><\/td>\n<\/tr>\n<tr>\n<td style=\"width: 33.333333%;\">M\u00e0gia i matem\u00e0tiques<\/p>\n<p>Sergio Belmonte, Professor de matem\u00e0tiques i vicepresident del MMACA<\/p>\n<p><strong>20 d&#8217;octubre de 2020<\/strong><\/td>\n<td style=\"width: 33.333333%;\">Aprofitament de les virtuts de les plantes<\/p>\n<p>Neva A\u00f1\u00f3, Associaci\u00f3 l&#8217;Era<\/p>\n<p><strong>13 d&#8217;octubre 2020<\/strong><\/td>\n<td style=\"width: 33.333333%;\"><\/td>\n<\/tr>\n<\/tbody>\n<\/table>\n<p>&nbsp;<\/p>\n","protected":false},"excerpt":{"rendered":"<p>Recull d&#8217;enregistraments de confer\u00e8ncies i altres activitats de formaci\u00f3 del PFZ de la Noguera \ufeff Confer\u00e8ncia \u201cLlegir amb optimisme: \u00e9s aquesta la q\u00fcesti\u00f3?\u201d David Bueno, Fundador de la C\u00e0tedra de Neuroeducaci\u00f3 de la UB. 14 d&#8217;octubre de 2024 Confer\u00e8ncia \u201cLa perspectiva de g\u00e8nere a l\u2019aula\u201d S\u00edlvia Carrasco, Antrop\u00f2loga social de la UAB 23 de setembre [&hellip;]<\/p>\n","protected":false},"author":28,"featured_media":0,"parent":906,"menu_order":1,"comment_status":"closed","ping_status":"closed","template":"","meta":{"_bbp_topic_count":0,"_bbp_reply_count":0,"_bbp_total_topic_count":0,"_bbp_total_reply_count":0,"_bbp_voice_count":0,"_bbp_anonymous_reply_count":0,"_bbp_topic_count_hidden":0,"_bbp_reply_count_hidden":0,"_bbp_forum_subforum_count":0,"site-sidebar-layout":"default","site-content-layout":"","ast-site-content-layout":"","site-content-style":"default","site-sidebar-style":"default","ast-global-header-display":"","ast-banner-title-visibility":"","ast-main-header-display":"","ast-hfb-above-header-display":"","ast-hfb-below-header-display":"","ast-hfb-mobile-header-display":"","site-post-title":"","ast-breadcrumbs-content":"","ast-featured-img":"","footer-sml-layout":"","theme-transparent-header-meta":"","adv-header-id-meta":"","stick-header-meta":"","header-above-stick-meta":"","header-main-stick-meta":"","header-below-stick-meta":"","astra-migrate-meta-layouts":"default","ast-page-background-enabled":"default","ast-page-background-meta":{"desktop":{"background-color":"var(--ast-global-color-4)","background-image":"","background-repeat":"repeat","background-position":"center center","background-size":"auto","background-attachment":"scroll","background-type":"","background-media":"","overlay-type":"","overlay-color":"","overlay-opacity":"","overlay-gradient":""},"tablet":{"background-color":"","background-image":"","background-repeat":"repeat","background-position":"center center","background-size":"auto","background-attachment":"scroll","background-type":"","background-media":"","overlay-type":"","overlay-color":"","overlay-opacity":"","overlay-gradient":""},"mobile":{"background-color":"","background-image":"","background-repeat":"repeat","background-position":"center center","background-size":"auto","background-attachment":"scroll","background-type":"","background-media":"","overlay-type":"","overlay-color":"","overlay-opacity":"","overlay-gradient":""}},"ast-content-background-meta":{"desktop":{"background-color":"var(--ast-global-color-5)","background-image":"","background-repeat":"repeat","background-position":"center center","background-size":"auto","background-attachment":"scroll","background-type":"","background-media":"","overlay-type":"","overlay-color":"","overlay-opacity":"","overlay-gradient":""},"tablet":{"background-color":"var(--ast-global-color-5)","background-image":"","background-repeat":"repeat","background-position":"center center","background-size":"auto","background-attachment":"scroll","background-type":"","background-media":"","overlay-type":"","overlay-color":"","overlay-opacity":"","overlay-gradient":""},"mobile":{"background-color":"var(--ast-global-color-5)","background-image":"","background-repeat":"repeat","background-position":"center center","background-size":"auto","background-attachment":"scroll","background-type":"","background-media":"","overlay-type":"","overlay-color":"","overlay-opacity":"","overlay-gradient":""}},"footnotes":""},"class_list":["post-14181","page","type-page","status-publish","hentry"],"post_mailing_queue_ids":[],"_links":{"self":[{"href":"https:\/\/serveiseducatius.xtec.cat\/noguera\/wp-json\/wp\/v2\/pages\/14181","targetHints":{"allow":["GET"]}}],"collection":[{"href":"https:\/\/serveiseducatius.xtec.cat\/noguera\/wp-json\/wp\/v2\/pages"}],"about":[{"href":"https:\/\/serveiseducatius.xtec.cat\/noguera\/wp-json\/wp\/v2\/types\/page"}],"author":[{"embeddable":true,"href":"https:\/\/serveiseducatius.xtec.cat\/noguera\/wp-json\/wp\/v2\/users\/28"}],"replies":[{"embeddable":true,"href":"https:\/\/serveiseducatius.xtec.cat\/noguera\/wp-json\/wp\/v2\/comments?post=14181"}],"version-history":[{"count":7,"href":"https:\/\/serveiseducatius.xtec.cat\/noguera\/wp-json\/wp\/v2\/pages\/14181\/revisions"}],"predecessor-version":[{"id":14232,"href":"https:\/\/serveiseducatius.xtec.cat\/noguera\/wp-json\/wp\/v2\/pages\/14181\/revisions\/14232"}],"up":[{"embeddable":true,"href":"https:\/\/serveiseducatius.xtec.cat\/noguera\/wp-json\/wp\/v2\/pages\/906"}],"wp:attachment":[{"href":"https:\/\/serveiseducatius.xtec.cat\/noguera\/wp-json\/wp\/v2\/media?parent=14181"}],"curies":[{"name":"wp","href":"https:\/\/api.w.org\/{rel}","templated":true}]}}