{"id":12275,"date":"2022-11-08T12:43:31","date_gmt":"2022-11-08T11:43:31","guid":{"rendered":"https:\/\/serveiseducatius.xtec.cat\/noguera\/?page_id=12275"},"modified":"2025-11-12T10:34:46","modified_gmt":"2025-11-12T09:34:46","slug":"eap","status":"publish","type":"page","link":"https:\/\/serveiseducatius.xtec.cat\/noguera\/el-servei-educatiu\/equip\/eap\/","title":{"rendered":"EAP"},"content":{"rendered":"<p><strong>Els Equips d\u2019Assessorament Psicopedag\u00f2gic s\u00f3n equips d\u2019assessorament i orientaci\u00f3 psicopedag\u00f2gic<\/strong> que donen suport al professorat i als centres educatius en la resposta a la diversitat de l\u2019alumnat i en relaci\u00f3 amb els alumnes que presenten necessitats espec\u00edfiques de suport educatiu, aix\u00ed com a les seves fam\u00edlies. Els seus objectius s\u00f3n:<\/p>\n<ul>\n<li style=\"list-style-type: none;\">\n<ul>\n<li>Identificar i avaluar les necessitats espec\u00edfiques de suport educatiu, incloent les necessitats educatives especials dels alumnes per tal de fer la proposta d\u2019escolaritzaci\u00f3, en col\u00b7laboraci\u00f3 amb els serveis espec\u00edfics quan s\u2019escaigui.<\/li>\n<li>Assessorar el professorat i les fam\u00edlies en la resposta educativa a l\u2019alumnat amb necessitats espec\u00edfiques de suport educatiu, en col\u00b7laboraci\u00f3 amb els docents especialitzats i els serveis educatius espec\u00edfics.<\/li>\n<li>Seguiment de l\u2019alumnat amb necessitats educatives especials al llarg de la seva escolaritat i de manera especial en els moments de transici\u00f3 entre etapes educatives, en col\u00b7laboraci\u00f3 amb els altres professionals i serveis implicats.<\/li>\n<li>Assessorar els equips docents, l\u2019alumnat i les fam\u00edlies sobre aspectes d\u2019orientaci\u00f3 personal, educativa i professional.<\/li>\n<li>Donar suport als centres educatius en la millora de l\u2019atenci\u00f3 a la diversitat i la inclusi\u00f3.<\/li>\n<li>Detecci\u00f3, valoraci\u00f3 i derivaci\u00f3- si s\u2019escau- d\u2019alumnat als serveis educatius espec\u00edfics (CREDA, CREDV, CRETDIC, CEEPSIR, AIS, UTAC), als serveis socials, de salut o de just\u00edcia (CDIAP; CSMIJ, EAIA, DGAIA, etc.).<\/li>\n<li>Col\u00b7laborar conjuntament amb el servei educatiu de zona i els espec\u00edfics per tal de promoure coordinacions, activitats d\u2019intercanvi i de formaci\u00f3 dels docents.<\/li>\n<li>Col\u00b7laborar amb els serveis socials i sanitaris de l\u2019\u00e0mbit territorial d\u2019actuaci\u00f3, per tal d\u2019oferir una atenci\u00f3 coordinada als alumnes i fam\u00edlies que ho necessitin.<\/li>\n<li>Participaci\u00f3 en els plans educatius d\u2019entorn i en altres plans o programes que afavoreixin la integraci\u00f3 escolar i social de l\u2019alumnat.<\/li>\n<\/ul>\n<\/li>\n<\/ul>\n<h5><strong>Assignaci\u00f3 de centres de l&#8217;equip EAP (Curs 2025-26)<\/strong><\/h5>\n<table style=\"margin: auto; border-collapse: collapse; border: 2px solid black; text-align: center; table-layout: auto; white-space: nowrap; width: 100%; height: 1249px;\">\n<tbody>\n<tr style=\"height: 47px;\">\n<td style=\"border: 1px solid gray; padding: 8px; height: 47px;\"><strong style=\"font-size: 16px;\">PROFESSIONAL EAP<\/strong><\/td>\n<td style=\"border: 1px solid gray; padding: 8px; height: 47px;\"><strong style=\"font-size: 16px;\">CENTRES ASSIGNATS<\/strong><\/td>\n<\/tr>\n<tr style=\"height: 219px;\">\n<td style=\"border: 1px solid gray; padding: 8px; text-align: left; line-height: 1.6; height: 219px;\">\n<p style=\"font-size: 16px;\"><strong>Nat\u00e0lia Querol Barrufet-Pons<\/strong><\/p>\n<p style=\"font-size: 16px;\">\ud83d\udc64 Psicopedagoga<\/p>\n<p style=\"font-size: 16px;\"><a href=\"mailto:nquerol4@xtec.cat\">\u2709\ufe0fnquerol4@xtec.cat<\/a><\/p>\n<\/td>\n<td style=\"border: 1px solid gray; padding: 8px; text-align: left; height: 219px;\">\n<ul>\n<li>Escola de Ponts<\/li>\n<li>Institut de Ponts<\/li>\n<li>Institut Almat\u00e0 de Balaguer<\/li>\n<li>Escola l&#8217;\u00c0lber d&#8217;Albesa<\/li>\n<li>ZER Roman\u00ed (Montgai, La Sentiu, Cubells, Vilanova de Mei\u00e0)<\/li>\n<li>Escola Alfred Potrony de T\u00e9rmens<\/li>\n<li>UEC de Balaguer<\/li>\n<\/ul>\n<\/td>\n<\/tr>\n<tr style=\"height: 189px;\">\n<td style=\"border: 1px solid gray; padding: 8px; text-align: left; line-height: 1.6; height: 189px;\"><strong>Anna Farr\u00e9 Cases<\/strong><\/p>\n<p>\ud83d\udc64 Psicopedagoga<\/p>\n<p>\u2709\ufe0f<a href=\"mailto:afarre36@xtec.cat\">afarre36@xtec.cat<\/a><\/td>\n<td style=\"border: 1px solid gray; padding: 8px; text-align: left; height: 189px;\">\n<ul>\n<li>Escola Bonavista de Bellcaire<\/li>\n<li>Escola Gaspar de Portol\u00e0 de Balaguer<\/li>\n<li>ZER el Jonc (Camarasa, la R\u00e0pita i Men\u00e0rguens)<\/li>\n<li>ZER Serra Llarga (Castell\u00f3 de Farfanya, Algerri, Ivars de Noguera)<\/li>\n<li>Institut Ermengol IV de Bellcaire d\u2019Urgell<\/li>\n<\/ul>\n<\/td>\n<\/tr>\n<tr style=\"height: 159px;\">\n<td style=\"border: 1px solid gray; padding: 8px; text-align: left; line-height: 1.6; height: 159px;\"><strong>Geni Carrasquer Gili<\/strong><\/p>\n<p>\ud83d\udc64 Psicopedagoga<\/p>\n<p><a href=\"mailto:ecarra5@xtec.cat\">\u2709\ufe0fecarra5@xtec.cat<\/a><\/td>\n<td style=\"border: 1px solid gray; padding: 8px; text-align: left; height: 159px;\">\n<ul>\n<li>Escola Els Planells d&#8217;Artesa de Segre<\/li>\n<li>Institut Els Planells d&#8217;Artesa de Segre<\/li>\n<li>Escola Vedruna de Balaguer<\/li>\n<li>Escola Pia de Balaguer<\/li>\n<\/ul>\n<\/td>\n<\/tr>\n<tr style=\"height: 159px;\">\n<td style=\"border: 1px solid gray; padding: 8px; text-align: left; line-height: 1.6; height: 159px;\"><strong>Anna Serra Carrera<\/strong><\/p>\n<p>\ud83d\udc64 Psicopedagoga<\/p>\n<p><a href=\"mailto:aserra87@xtec.cat\">\u2709\ufe0faserra87@xtec.cat<\/a><\/td>\n<td style=\"border: 1px solid gray; padding: 8px; text-align: left; height: 159px;\">\n<ul>\n<li>Escola Mont-roig de Balaguer<\/li>\n<li>ZER Montsec (Gerb, Les Avellanes, Tartareu, \u00c0ger, Os de Balaguer)<\/li>\n<li>Escola La Noguera de Balaguer<\/li>\n<li>Escola Salvador Espriu de Vallfogona de Balaguer<\/li>\n<\/ul>\n<\/td>\n<\/tr>\n<tr style=\"height: 189px;\">\n<td style=\"border: 1px solid gray; padding: 8px; text-align: left; line-height: 1.6; height: 189px;\"><strong>Anna Bosch Giral<\/strong><\/p>\n<p>\ud83d\udc64 Psicopedagoga i directora EAP<\/p>\n<p><a href=\"mailto:abosch32@xtec.cat\">\u2709\ufe0fabosch32@xtec.cat<\/a><\/td>\n<td style=\"border: 1px solid gray; padding: 8px; text-align: left; height: 189px;\">\n<ul>\n<li>Direcci\u00f3 EAP<\/li>\n<li>Institut Ciutat de Balaguer<\/li>\n<li>Escola \u00c0ngel Guimer\u00e0 de Balaguer<\/li>\n<li>ZER Espernallac (Penelles, Castellser\u00e0 i Bellmunt)<\/li>\n<li>CEE l\u2019Estel de Balaguer<\/li>\n<\/ul>\n<\/td>\n<\/tr>\n<tr style=\"height: 143px;\">\n<td style=\"border: 1px solid gray; padding: 8px; text-align: left; line-height: 1.6; height: 143px;\"><strong>Jordi Querol Vall<\/strong><\/p>\n<p>\ud83d\udc64 Treballador Social<\/p>\n<p><a href=\"mailto:jquero25@xtec.cat\">\u2709\ufe0fjquero25@xtec.cat<\/a><\/td>\n<td style=\"border: 1px solid gray; padding: 8px; text-align: left; height: 143px;\">\n<ul>\n<li>Tots els centres<\/li>\n<\/ul>\n<\/td>\n<\/tr>\n<tr style=\"height: 144px;\">\n<td style=\"border: 1px solid gray; padding: 8px; text-align: left; line-height: 1.6; height: 144px;\"><strong>J\u00falia Castellvell Casalprim<\/strong><\/p>\n<p>\ud83d\udc64 Fisioterapeuta<\/p>\n<p><a href=\"mailto:jcaste41@xtec.cat\">\u2709\ufe0fjcaste41@xtec.cat<\/a><\/td>\n<td style=\"border: 1px solid gray; padding: 8px; text-align: left; height: 144px;\">\n<ul>\n<li>Tots els centres que requereixin la seva atenci\u00f3<\/li>\n<\/ul>\n<\/td>\n<\/tr>\n<\/tbody>\n<\/table>\n","protected":false},"excerpt":{"rendered":"<p>Els Equips d\u2019Assessorament Psicopedag\u00f2gic s\u00f3n equips d\u2019assessorament i orientaci\u00f3 psicopedag\u00f2gic que donen suport al professorat i als centres educatius en la resposta a la diversitat de l\u2019alumnat i en relaci\u00f3 amb els alumnes que presenten necessitats espec\u00edfiques de suport educatiu, aix\u00ed com a les seves fam\u00edlies. Els seus objectius s\u00f3n: Identificar i avaluar les necessitats [&hellip;]<\/p>\n","protected":false},"author":28,"featured_media":0,"parent":306,"menu_order":0,"comment_status":"closed","ping_status":"closed","template":"","meta":{"_bbp_topic_count":0,"_bbp_reply_count":0,"_bbp_total_topic_count":0,"_bbp_total_reply_count":0,"_bbp_voice_count":0,"_bbp_anonymous_reply_count":0,"_bbp_topic_count_hidden":0,"_bbp_reply_count_hidden":0,"_bbp_forum_subforum_count":0,"site-sidebar-layout":"default","site-content-layout":"","ast-site-content-layout":"default","site-content-style":"default","site-sidebar-style":"default","ast-global-header-display":"","ast-banner-title-visibility":"","ast-main-header-display":"","ast-hfb-above-header-display":"","ast-hfb-below-header-display":"","ast-hfb-mobile-header-display":"","site-post-title":"","ast-breadcrumbs-content":"","ast-featured-img":"","footer-sml-layout":"","theme-transparent-header-meta":"default","adv-header-id-meta":"","stick-header-meta":"","header-above-stick-meta":"","header-main-stick-meta":"","header-below-stick-meta":"","astra-migrate-meta-layouts":"set","ast-page-background-enabled":"default","ast-page-background-meta":{"desktop":{"background-color":"var(--ast-global-color-4)","background-image":"","background-repeat":"repeat","background-position":"center center","background-size":"auto","background-attachment":"scroll","background-type":"","background-media":"","overlay-type":"","overlay-color":"","overlay-opacity":"","overlay-gradient":""},"tablet":{"background-color":"","background-image":"","background-repeat":"repeat","background-position":"center center","background-size":"auto","background-attachment":"scroll","background-type":"","background-media":"","overlay-type":"","overlay-color":"","overlay-opacity":"","overlay-gradient":""},"mobile":{"background-color":"","background-image":"","background-repeat":"repeat","background-position":"center center","background-size":"auto","background-attachment":"scroll","background-type":"","background-media":"","overlay-type":"","overlay-color":"","overlay-opacity":"","overlay-gradient":""}},"ast-content-background-meta":{"desktop":{"background-color":"var(--ast-global-color-5)","background-image":"","background-repeat":"repeat","background-position":"center center","background-size":"auto","background-attachment":"scroll","background-type":"","background-media":"","overlay-type":"","overlay-color":"","overlay-opacity":"","overlay-gradient":""},"tablet":{"background-color":"var(--ast-global-color-5)","background-image":"","background-repeat":"repeat","background-position":"center center","background-size":"auto","background-attachment":"scroll","background-type":"","background-media":"","overlay-type":"","overlay-color":"","overlay-opacity":"","overlay-gradient":""},"mobile":{"background-color":"var(--ast-global-color-5)","background-image":"","background-repeat":"repeat","background-position":"center center","background-size":"auto","background-attachment":"scroll","background-type":"","background-media":"","overlay-type":"","overlay-color":"","overlay-opacity":"","overlay-gradient":""}},"footnotes":""},"class_list":["post-12275","page","type-page","status-publish","hentry"],"post_mailing_queue_ids":[],"_links":{"self":[{"href":"https:\/\/serveiseducatius.xtec.cat\/noguera\/wp-json\/wp\/v2\/pages\/12275","targetHints":{"allow":["GET"]}}],"collection":[{"href":"https:\/\/serveiseducatius.xtec.cat\/noguera\/wp-json\/wp\/v2\/pages"}],"about":[{"href":"https:\/\/serveiseducatius.xtec.cat\/noguera\/wp-json\/wp\/v2\/types\/page"}],"author":[{"embeddable":true,"href":"https:\/\/serveiseducatius.xtec.cat\/noguera\/wp-json\/wp\/v2\/users\/28"}],"replies":[{"embeddable":true,"href":"https:\/\/serveiseducatius.xtec.cat\/noguera\/wp-json\/wp\/v2\/comments?post=12275"}],"version-history":[{"count":6,"href":"https:\/\/serveiseducatius.xtec.cat\/noguera\/wp-json\/wp\/v2\/pages\/12275\/revisions"}],"predecessor-version":[{"id":15653,"href":"https:\/\/serveiseducatius.xtec.cat\/noguera\/wp-json\/wp\/v2\/pages\/12275\/revisions\/15653"}],"up":[{"embeddable":true,"href":"https:\/\/serveiseducatius.xtec.cat\/noguera\/wp-json\/wp\/v2\/pages\/306"}],"wp:attachment":[{"href":"https:\/\/serveiseducatius.xtec.cat\/noguera\/wp-json\/wp\/v2\/media?parent=12275"}],"curies":[{"name":"wp","href":"https:\/\/api.w.org\/{rel}","templated":true}]}}