{"id":11924,"date":"2022-06-01T10:00:11","date_gmt":"2022-06-01T08:00:11","guid":{"rendered":"https:\/\/serveiseducatius.xtec.cat\/noguera\/?page_id=11924"},"modified":"2022-06-01T10:00:23","modified_gmt":"2022-06-01T08:00:23","slug":"dmma-2021","status":"publish","type":"page","link":"https:\/\/serveiseducatius.xtec.cat\/noguera\/dmma\/dmma-2021\/","title":{"rendered":"DMMA 2021"},"content":{"rendered":"<p><iframe loading=\"lazy\" src=\"https:\/\/www.youtube.com\/embed\/ZhbKRdVZRt8\" width=\"748\" height=\"420\" frameborder=\"0\"><span data-mce-type=\"bookmark\" style=\"display: inline-block; width: 0px; overflow: hidden; line-height: 0;\" class=\"mce_SELRES_start\">\ufeff<\/span><\/iframe><\/p>\n<p><iframe loading=\"lazy\" src=\"https:\/\/www.youtube.com\/embed\/DaiYLx3ZBUw\" width=\"748\" height=\"420\" frameborder=\"0\"><span data-mce-type=\"bookmark\" style=\"display: inline-block; width: 0px; overflow: hidden; line-height: 0;\" class=\"mce_SELRES_start\">\ufeff<\/span><span data-mce-type=\"bookmark\" style=\"display: inline-block; width: 0px; overflow: hidden; line-height: 0;\" class=\"mce_SELRES_start\">\ufeff<\/span><span data-mce-type=\"bookmark\" style=\"display: inline-block; width: 0px; overflow: hidden; line-height: 0;\" class=\"mce_SELRES_start\">\ufeff<\/span><span data-mce-type=\"bookmark\" style=\"display: inline-block; width: 0px; overflow: hidden; line-height: 0;\" class=\"mce_SELRES_start\">\ufeff<\/span><\/iframe><\/p>\n<p><iframe loading=\"lazy\" src=\"https:\/\/www.youtube.com\/embed\/x34RloGfbq4\" width=\"748&quot;\" height=\"420\" frameborder=\"0\"><\/iframe><\/p>\n<p><iframe loading=\"lazy\" src=\"https:\/\/www.youtube.com\/embed\/q6fMfR8Thz4\" width=\"748\" height=\"420\" frameborder=\"0\"><span data-mce-type=\"bookmark\" style=\"display: inline-block; width: 0px; overflow: hidden; line-height: 0;\" class=\"mce_SELRES_start\">\ufeff<\/span><\/iframe><\/p>\n<p>Aqu\u00ed teniu el missatge de Federico Mayor Zaragoza, President de la Fundaci\u00f3 Cultura y Paz, ex-director de la Unesco i impulsor de la redacci\u00f3 de <a href=\"https:\/\/drive.google.com\/file\/d\/1PsQhsVCRQz3Bva1Q4CSDfxGSLQBydT0D\/preview\" target=\"_blank\" rel=\"noopener noreferrer\"><strong>la Carta de la Terra<\/strong><\/a>, enregistrat amb motiu de la Trobada de Corals de secund\u00e0ria CorArts 2021:<br \/>\n<iframe loading=\"lazy\" src=\"https:\/\/www.youtube.com\/embed\/LH0scMTn6rs\" width=\"748\" height=\"420\" frameborder=\"0\"><\/iframe><\/p>\n<p>&nbsp;<\/p>\n<p>Feu clic <strong><a href=\"https:\/\/docs.google.com\/presentation\/d\/1RE7I8AN2TeWy0kPYmKiMz5OWxT5Oafyp2JYNZO7VOZs\/preview\">a la imatge<\/a><\/strong> per accedir a les diapositives o <a href=\"https:\/\/docs.google.com\/presentation\/d\/1RE7I8AN2TeWy0kPYmKiMz5OWxT5Oafyp2JYNZO7VOZs\/export\/pdf\"><strong>aqu\u00ed<\/strong> <\/a>per descarregar-les)<\/p>\n<p style=\"text-align: left;\"><a href=\"https:\/\/docs.google.com\/presentation\/d\/1RE7I8AN2TeWy0kPYmKiMz5OWxT5Oafyp2JYNZO7VOZs\/preview\" target=\"_blank\" rel=\"noopener noreferrer\"><img loading=\"lazy\" decoding=\"async\" class=\"wp-image-10717 alignnone\" src=\"https:\/\/serveiseducatius.xtec.cat\/noguera\/wp-content\/uploads\/usu1149\/2021\/05\/Diapositiva-169-DMMA-1.png\" alt=\"\" width=\"748\" height=\"420\" srcset=\"https:\/\/serveiseducatius.xtec.cat\/noguera\/wp-content\/uploads\/usu1149\/2021\/05\/Diapositiva-169-DMMA-1.png 1920w, https:\/\/serveiseducatius.xtec.cat\/noguera\/wp-content\/uploads\/usu1149\/2021\/05\/Diapositiva-169-DMMA-1-300x169.png 300w, https:\/\/serveiseducatius.xtec.cat\/noguera\/wp-content\/uploads\/usu1149\/2021\/05\/Diapositiva-169-DMMA-1-768x432.png 768w, https:\/\/serveiseducatius.xtec.cat\/noguera\/wp-content\/uploads\/usu1149\/2021\/05\/Diapositiva-169-DMMA-1-1024x576.png 1024w\" sizes=\"auto, (max-width: 748px) 100vw, 748px\" \/><\/a><\/p>\n<p><span style=\"color: #008000;\"><strong>Bioblitz 2021: Formularis de tramesa\u00a0 <\/strong><\/span>*Contenen informaci\u00f3 i FAQs!<\/p>\n<p style=\"padding-left: 80px;\"><a href=\"https:\/\/forms.gle\/dZZpkzmA7tzsngHd8\" target=\"_blank\" rel=\"noopener noreferrer\"><img loading=\"lazy\" decoding=\"async\" class=\"alignnone wp-image-10506\" src=\"https:\/\/serveiseducatius.xtec.cat\/noguera\/wp-content\/uploads\/usu1149\/2021\/03\/icona_link.png\" alt=\"\" width=\"25\" height=\"25\" srcset=\"https:\/\/serveiseducatius.xtec.cat\/noguera\/wp-content\/uploads\/usu1149\/2021\/03\/icona_link.png 225w, https:\/\/serveiseducatius.xtec.cat\/noguera\/wp-content\/uploads\/usu1149\/2021\/03\/icona_link-150x150.png 150w\" sizes=\"auto, (max-width: 25px) 100vw, 25px\" \/><\/a>Arbrat de Balaguer<\/p>\n<p style=\"padding-left: 80px;\"><span style=\"font-family: inherit; font-size: 1em;\"><a href=\"https:\/\/forms.gle\/rALdXv8jgPAgE2GN6\" target=\"_blank\" rel=\"noopener noreferrer\"><img loading=\"lazy\" decoding=\"async\" class=\"alignnone wp-image-10506\" src=\"https:\/\/serveiseducatius.xtec.cat\/noguera\/wp-content\/uploads\/usu1149\/2021\/03\/icona_link.png\" alt=\"\" width=\"27\" height=\"27\" srcset=\"https:\/\/serveiseducatius.xtec.cat\/noguera\/wp-content\/uploads\/usu1149\/2021\/03\/icona_link.png 225w, https:\/\/serveiseducatius.xtec.cat\/noguera\/wp-content\/uploads\/usu1149\/2021\/03\/icona_link-150x150.png 150w\" sizes=\"auto, (max-width: 27px) 100vw, 27px\" \/><\/a>Arbrat pobles<\/span><\/p>\n<p style=\"padding-left: 80px;\"><span style=\"font-family: inherit; font-size: 1em;\"><a href=\"https:\/\/forms.gle\/SoSK7PPScaaog8Ua9\" target=\"_blank\" rel=\"noopener noreferrer\"><img loading=\"lazy\" decoding=\"async\" class=\"alignnone wp-image-10506\" src=\"https:\/\/serveiseducatius.xtec.cat\/noguera\/wp-content\/uploads\/usu1149\/2021\/03\/icona_link.png\" alt=\"\" width=\"27\" height=\"27\" srcset=\"https:\/\/serveiseducatius.xtec.cat\/noguera\/wp-content\/uploads\/usu1149\/2021\/03\/icona_link.png 225w, https:\/\/serveiseducatius.xtec.cat\/noguera\/wp-content\/uploads\/usu1149\/2021\/03\/icona_link-150x150.png 150w\" sizes=\"auto, (max-width: 27px) 100vw, 27px\" \/><\/a>Zones verdes Balaguer<\/span><\/p>\n<p style=\"padding-left: 80px;\"><span style=\"font-family: inherit; font-size: 1em;\"><a href=\"https:\/\/forms.gle\/GEjqdPXE8YAPCSnF7\" target=\"_blank\" rel=\"noopener noreferrer\"><img loading=\"lazy\" decoding=\"async\" class=\"alignnone wp-image-10506\" src=\"https:\/\/serveiseducatius.xtec.cat\/noguera\/wp-content\/uploads\/usu1149\/2021\/03\/icona_link.png\" alt=\"\" width=\"27\" height=\"27\" srcset=\"https:\/\/serveiseducatius.xtec.cat\/noguera\/wp-content\/uploads\/usu1149\/2021\/03\/icona_link.png 225w, https:\/\/serveiseducatius.xtec.cat\/noguera\/wp-content\/uploads\/usu1149\/2021\/03\/icona_link-150x150.png 150w\" sizes=\"auto, (max-width: 27px) 100vw, 27px\" \/><\/a>Zones verdes pobles<\/span><\/p>\n<p>La nostra activitat est\u00e0 registrada al portal de propostes per al Dia Mundial del Medi ambient de la <a href=\"https:\/\/setmananatura.cat\/2021\/activitat\/setmana-del-dia-mundial-del-medi-ambient\/\" target=\"_blank\" rel=\"noopener noreferrer\"><strong>Setmana Natura<\/strong><\/a>.<\/p>\n","protected":false},"excerpt":{"rendered":"<p>\ufeff \ufeff\ufeff\ufeff\ufeff \ufeff Aqu\u00ed teniu el missatge de Federico Mayor Zaragoza, President de la Fundaci\u00f3 Cultura y Paz, ex-director de la Unesco i impulsor de la redacci\u00f3 de la Carta de la Terra, enregistrat amb motiu de la Trobada de Corals de secund\u00e0ria CorArts 2021: &nbsp; Feu clic a la imatge per accedir a les [&hellip;]<\/p>\n","protected":false},"author":1,"featured_media":0,"parent":10695,"menu_order":90,"comment_status":"closed","ping_status":"closed","template":"page-templates\/side-menu.php","meta":{"_bbp_topic_count":0,"_bbp_reply_count":0,"_bbp_total_topic_count":0,"_bbp_total_reply_count":0,"_bbp_voice_count":0,"_bbp_anonymous_reply_count":0,"_bbp_topic_count_hidden":0,"_bbp_reply_count_hidden":0,"_bbp_forum_subforum_count":0,"site-sidebar-layout":"default","site-content-layout":"","ast-site-content-layout":"","site-content-style":"default","site-sidebar-style":"default","ast-global-header-display":"","ast-banner-title-visibility":"","ast-main-header-display":"","ast-hfb-above-header-display":"","ast-hfb-below-header-display":"","ast-hfb-mobile-header-display":"","site-post-title":"","ast-breadcrumbs-content":"","ast-featured-img":"","footer-sml-layout":"","theme-transparent-header-meta":"","adv-header-id-meta":"","stick-header-meta":"","header-above-stick-meta":"","header-main-stick-meta":"","header-below-stick-meta":"","astra-migrate-meta-layouts":"default","ast-page-background-enabled":"default","ast-page-background-meta":{"desktop":{"background-color":"var(--ast-global-color-4)","background-image":"","background-repeat":"repeat","background-position":"center center","background-size":"auto","background-attachment":"scroll","background-type":"","background-media":"","overlay-type":"","overlay-color":"","overlay-opacity":"","overlay-gradient":""},"tablet":{"background-color":"","background-image":"","background-repeat":"repeat","background-position":"center center","background-size":"auto","background-attachment":"scroll","background-type":"","background-media":"","overlay-type":"","overlay-color":"","overlay-opacity":"","overlay-gradient":""},"mobile":{"background-color":"","background-image":"","background-repeat":"repeat","background-position":"center center","background-size":"auto","background-attachment":"scroll","background-type":"","background-media":"","overlay-type":"","overlay-color":"","overlay-opacity":"","overlay-gradient":""}},"ast-content-background-meta":{"desktop":{"background-color":"var(--ast-global-color-5)","background-image":"","background-repeat":"repeat","background-position":"center center","background-size":"auto","background-attachment":"scroll","background-type":"","background-media":"","overlay-type":"","overlay-color":"","overlay-opacity":"","overlay-gradient":""},"tablet":{"background-color":"var(--ast-global-color-5)","background-image":"","background-repeat":"repeat","background-position":"center center","background-size":"auto","background-attachment":"scroll","background-type":"","background-media":"","overlay-type":"","overlay-color":"","overlay-opacity":"","overlay-gradient":""},"mobile":{"background-color":"var(--ast-global-color-5)","background-image":"","background-repeat":"repeat","background-position":"center center","background-size":"auto","background-attachment":"scroll","background-type":"","background-media":"","overlay-type":"","overlay-color":"","overlay-opacity":"","overlay-gradient":""}},"footnotes":""},"class_list":["post-11924","page","type-page","status-publish","hentry"],"post_mailing_queue_ids":[],"_links":{"self":[{"href":"https:\/\/serveiseducatius.xtec.cat\/noguera\/wp-json\/wp\/v2\/pages\/11924","targetHints":{"allow":["GET"]}}],"collection":[{"href":"https:\/\/serveiseducatius.xtec.cat\/noguera\/wp-json\/wp\/v2\/pages"}],"about":[{"href":"https:\/\/serveiseducatius.xtec.cat\/noguera\/wp-json\/wp\/v2\/types\/page"}],"author":[{"embeddable":true,"href":"https:\/\/serveiseducatius.xtec.cat\/noguera\/wp-json\/wp\/v2\/users\/1"}],"replies":[{"embeddable":true,"href":"https:\/\/serveiseducatius.xtec.cat\/noguera\/wp-json\/wp\/v2\/comments?post=11924"}],"version-history":[{"count":1,"href":"https:\/\/serveiseducatius.xtec.cat\/noguera\/wp-json\/wp\/v2\/pages\/11924\/revisions"}],"predecessor-version":[{"id":11925,"href":"https:\/\/serveiseducatius.xtec.cat\/noguera\/wp-json\/wp\/v2\/pages\/11924\/revisions\/11925"}],"up":[{"embeddable":true,"href":"https:\/\/serveiseducatius.xtec.cat\/noguera\/wp-json\/wp\/v2\/pages\/10695"}],"wp:attachment":[{"href":"https:\/\/serveiseducatius.xtec.cat\/noguera\/wp-json\/wp\/v2\/media?parent=11924"}],"curies":[{"name":"wp","href":"https:\/\/api.w.org\/{rel}","templated":true}]}}