{"id":10980,"date":"2017-02-24T16:01:53","date_gmt":"2017-02-24T15:01:53","guid":{"rendered":"http:\/\/blocs.xtec.cat\/experimentsdepelicula\/?page_id=352"},"modified":"2021-10-25T10:48:28","modified_gmt":"2021-10-25T08:48:28","slug":"recursos-experiments","status":"publish","type":"page","link":"https:\/\/serveiseducatius.xtec.cat\/noguera\/dinamica\/experiments\/recursos-experiments\/","title":{"rendered":"Recursos"},"content":{"rendered":"<p style=\"text-align: justify;\">En aquest espai us oferim una selecci\u00f3 de recursos, idees i materials que hem anat trobant i que potser us poden servir d&#8217;inspiraci\u00f3 per als vos tres experiments de pel\u00b7l\u00edcula:<\/p>\n<p style=\"text-align: justify;\"><strong><img loading=\"lazy\" decoding=\"async\" class=\"wp-image-363 alignleft\" src=\"https:\/\/serveiseducatius.xtec.cat\/noguera\/wp-content\/uploads\/usu1149\/2017\/02\/Imagen4-1.png\" alt=\"imagen4\" width=\"100\" height=\"100\" srcset=\"https:\/\/serveiseducatius.xtec.cat\/noguera\/wp-content\/uploads\/usu1149\/2017\/02\/Imagen4-1.png 250w, https:\/\/serveiseducatius.xtec.cat\/noguera\/wp-content\/uploads\/usu1149\/2017\/02\/Imagen4-1-150x150.png 150w\" sizes=\"auto, (max-width: 100px) 100vw, 100px\" \/>Les 10 (o m\u00e9s) reaccions de Qu\u00edmica m\u00e9s espectaculars<br \/>\n<\/strong>Selecci\u00f3 de\u00a010 reaccions de Qu\u00edmica espectaculars que es poden fer en un laboratori escolar fet en 5 entregues que podeu consultar en un clic.<br \/>\n(<a href=\"https:\/\/experimentaciolliure.wordpress.com\/els-10-mes\/les-10-o-mes-reaccions-de-quimica-mes-espectaculars\/\" target=\"_blank\" rel=\"noopener noreferrer\"><strong>1<\/strong><\/a>) (<a href=\"https:\/\/experimentaciolliure.wordpress.com\/2014\/10\/26\/les-10-o-mes-reaccions-de-quimica-mes-espectaculars-1\/\" target=\"_blank\" rel=\"noopener noreferrer\"><strong>2<\/strong><\/a>) (<a href=\"https:\/\/experimentaciolliure.wordpress.com\/2014\/11\/22\/les-10-o-mes-reaccions-de-quimica-mes-espectaculars-3\/\" target=\"_blank\" rel=\"noopener noreferrer\"><strong>3<\/strong><\/a>) (<a href=\"https:\/\/experimentaciolliure.wordpress.com\/2015\/01\/13\/les-10-o-mes-reaccions-de-quimica-mes-espectaculars-4\" target=\"_blank\" rel=\"noopener noreferrer\"><strong>4<\/strong><\/a>) (<a href=\"https:\/\/experimentaciolliure.wordpress.com\/2015\/11\/26\/les-10-o-mes-reaccions-de-quimica-mes-espectaculars-5\/\" target=\"_blank\" rel=\"noopener noreferrer\"><strong>5<\/strong><\/a>)<\/p>\n<p style=\"text-align: justify;\"><a href=\"http:\/\/ferdemestres.blogspot.com.es\/2014\/11\/setmana-de-la-ciencia-2014.html\" target=\"_blank\" rel=\"noopener noreferrer\"><img loading=\"lazy\" decoding=\"async\" class=\"alignleft wp-image-362\" src=\"https:\/\/serveiseducatius.xtec.cat\/noguera\/wp-content\/uploads\/usu1149\/2017\/02\/Imagen2.png\" alt=\"imagen2\" width=\"100\" height=\"98\" \/><\/a><strong>Cristal\u00b7lografia<br \/>\n<\/strong>Experimentaci\u00f3 treballant amb sal i sucre.\u00a0Recomanem una ullada al <a href=\"http:\/\/ferdemestres.blogspot.com.es\/2014\/11\/setmana-de-la-ciencia-2014.html\">bloc Fer de Mestres<\/a>, on hi trobareu diferents propostes senzilles per treballar la cristal\u00b7lografia a l&#8217;aula.<br \/>\n<a href=\"http:\/\/experimentaciolliure.wordpress.com\/\"><img loading=\"lazy\" decoding=\"async\" class=\"aligncenter wp-image-162\" src=\"https:\/\/serveiseducatius.xtec.cat\/noguera\/wp-content\/uploads\/usu1149\/2014\/06\/experimentaciolliure.jpg\" alt=\"experimentaciolliure\" width=\"544\" height=\"80\" srcset=\"https:\/\/serveiseducatius.xtec.cat\/noguera\/wp-content\/uploads\/usu1149\/2014\/06\/experimentaciolliure.jpg 537w, https:\/\/serveiseducatius.xtec.cat\/noguera\/wp-content\/uploads\/usu1149\/2014\/06\/experimentaciolliure-300x44.jpg 300w\" sizes=\"auto, (max-width: 544px) 100vw, 544px\" \/><\/a><\/p>\n<p><a href=\"http:\/\/web.educastur.princast.es\/proyectos\/fisquiweb\/Laboratorio\/AccesoZV.htm\"><img loading=\"lazy\" decoding=\"async\" class=\" wp-image-138 alignleft\" src=\"https:\/\/serveiseducatius.xtec.cat\/noguera\/wp-content\/uploads\/usu1149\/2014\/05\/fisiquiweb.jpg\" alt=\"fisiquiweb\" width=\"312\" height=\"79\" srcset=\"https:\/\/serveiseducatius.xtec.cat\/noguera\/wp-content\/uploads\/usu1149\/2014\/05\/fisiquiweb.jpg 426w, https:\/\/serveiseducatius.xtec.cat\/noguera\/wp-content\/uploads\/usu1149\/2014\/05\/fisiquiweb-300x76.jpg 300w\" sizes=\"auto, (max-width: 312px) 100vw, 312px\" \/><\/a><\/p>\n<p style=\"text-align: justify;\">Web que compta amb un ampli repertori d\u2019activitats i experiments interactius per dur a terme en el marc de l\u2019aula de ci\u00e8ncies, incidint en temes com la cinem\u00e0tica, la din\u00e0mica o l\u2019energia, entre d\u2019altres. A m\u00e9s, tots els continguts com les lleis f\u00edsiques a les que es fa refer\u00e8ncia compten amb una explicaci\u00f3 escrita i gr\u00e0fica que complementa en gran mesura els exercicis proposats.<\/p>\n<p style=\"text-align: justify;\"><a href=\"http:\/\/www.scienceinschool.org\/2014\/issue28\/berta_dragon\" target=\"_blank\" rel=\"noopener noreferrer\"><img loading=\"lazy\" decoding=\"async\" class=\"alignleft\" src=\"http:\/\/www.scienceinschool.org\/sites\/default\/files\/articleContentImages\/28\/berta_dragon\/issue28berta_dragon4.jpg\" width=\"94\" height=\"108\" \/><\/a><a href=\"http:\/\/www.scienceinschool.org\/2014\/issue28\/berta_dragon\" target=\"_blank\" rel=\"noopener noreferrer\"><strong>Science in\u00a0school<\/strong><\/a><br \/>\nUna drac, Berta, que ajuda als m\u00e9s petits a explicar fen\u00f2mens cient\u00edfics\u00a0\/\u00a0Berta the Dragon helps explain and demonstrate science to younger children.<\/p>\n<p>&nbsp;<\/p>\n<p style=\"text-align: justify;\"><a href=\"http:\/\/ciencianet.com\/experimentos.html\" target=\"_blank\" rel=\"noopener noreferrer\"><img loading=\"lazy\" decoding=\"async\" class=\"alignleft wp-image-99\" src=\"https:\/\/serveiseducatius.xtec.cat\/noguera\/wp-content\/uploads\/usu1149\/2014\/03\/lacienciaesdivertida.jpg\" alt=\"lacienciaesdivertida\" width=\"303\" height=\"42\" \/><\/a>L&#8217;apartat<strong> <a href=\"http:\/\/ciencianet.com\/experimentos.html\" target=\"_blank\" rel=\"noopener noreferrer\">Experimentos<\/a>\u00a0<\/strong>de<strong> <a href=\"http:\/\/ciencianet.com\/\" target=\"_blank\" rel=\"noopener noreferrer\">La Ciencia es Divertida<\/a><\/strong>\u00a0s&#8217;inclouen propostes d&#8217;experiments de F\u00edsica i Qu\u00edmica especialment adre\u00e7ats a l&#8217;alumnat de 3r i 4t d&#8217;ESO.<\/p>\n<p style=\"text-align: justify;\"><a href=\"http:\/\/www.recercaenaccio.cat\/category\/experimenta\/\" target=\"_blank\" rel=\"noopener noreferrer\"><img loading=\"lazy\" decoding=\"async\" class=\"alignnone\" style=\"margin: 5px; float: left;\" src=\"https:\/\/serveiseducatius.xtec.cat\/noguera\/wp-content\/uploads\/usu1149\/2014\/02\/recercaenaccio-300x79.jpg\" alt=\"recercaenaccio\" width=\"300\" height=\"79\" \/><\/a>Passeu per l&#8217;apartat <strong><a href=\"http:\/\/www.recercaenaccio.cat\/category\/experimenta\/\" target=\"_blank\" rel=\"noopener noreferrer\">Experimenta<\/a><\/strong>\u00a0on s\u2019hi poden trobar propostes per a fer experiments interessants de manera senzilla.<\/p>\n<p>Suggeriments d&#8217;experiments cient\u00edfics per fer amb l&#8217;alumnat<\/p>\n<figure style=\"width: 125px\" class=\"wp-caption alignleft\"><a href=\"http:\/\/explorable.com\/kids-science-projects\"><img loading=\"lazy\" decoding=\"async\" title=\"Kids' Science Projects\" src=\"http:\/\/explorable.com\/images\/kids-science-projects_125x125.jpg\" alt=\"Kids' Science Projects\" width=\"125\" height=\"125\" align=\"right\" \/><\/a><figcaption class=\"wp-caption-text\">Kids&#8217; Science Projects<\/figcaption><\/figure>\n<p style=\"text-align: justify;\"><a href=\"http:\/\/explorable.com\/kids-science-projects\">Ideas for School Project Experiments<\/a>: Inclou suggeriments d&#8217;alguns experiments cient\u00edfics per fer a l&#8217;alumnat. Les propostes estan en angl\u00e8s, aix\u00ed que tamb\u00e9 pot ser una bona oportunitat per treure idees per introduir aquesta llengua al laboratori.<\/p>\n<p>Interessant tamb\u00e9 l&#8217;apartat <a href=\"http:\/\/explorable.com\/write-a-research-paper#ixzz2sX0mGXsH\">A Guide on How to Write Academic Papers<\/a><\/p>\n<p style=\"text-align: justify;\"><strong><a href=\"http:\/\/lluviadeideasyrecursos.blogspot.com.es\/2016\/11\/descargablesexperimentos-cientificos-en.html\" target=\"_blank\" rel=\"noopener noreferrer\"><img loading=\"lazy\" decoding=\"async\" class=\"alignleft\" src=\"https:\/\/4.bp.blogspot.com\/-8N7lCHeVHcY\/WDBBauwgxGI\/AAAAAAAAThk\/32mtlWwn4t4IJlgMTqjjFuti1dR5W1WQgCLcB\/s640\/portadacientific2.jpg\" width=\"250\" height=\"121\" \/><\/a><a href=\"http:\/\/lluviadeideasyrecursos.blogspot.com.es\/2016\/11\/descargablesexperimentos-cientificos-en.html\" target=\"_blank\" rel=\"noopener noreferrer\">Pack descargable los Cient\u00edficos para Educaci\u00f3n Infantil<\/a><\/strong><br \/>\nLa secci\u00f3 de\u00a0<a href=\"http:\/\/lluviadeideasyrecursos.blogspot.com.es\/search\/label\/descargables\" target=\"_blank\" rel=\"noopener noreferrer\">Descargables<\/a>\u00a0d&#8217;aquest bloc ofereix un\u00a0Pack Descarregable sobre la Ciencia per experimentar amb el fred i calor. Tamb\u00e9 teniu\u00a0<a href=\"http:\/\/lluviadeideasyrecursos.blogspot.com.es\/search\/label\/botellas\" target=\"_blank\" rel=\"noopener noreferrer\">experiments en botelles<\/a>, i material <a href=\"http:\/\/lluviadeideasyrecursos.blogspot.com.es\/2013\/11\/descargable-recursos-ciencia-infantil.html\" target=\"_blank\" rel=\"noopener noreferrer\">anteriors<\/a>.<\/p>\n<p><a href=\"https:\/\/mon.uvic.cat\/didacticlab\/formacio\/materials-formatius-online\/investiguem-a-primaria\/\" target=\"_blank\" rel=\"noopener noreferrer\">INVESTIGUEM A PRIM\u00c0RIA<\/a><a href=\"https:\/\/mon.uvic.cat\/didacticlab\/formacio\/materials-formatius-online\/investiguem-a-primaria\/\" target=\"_blank\" rel=\"noopener noreferrer\"><img loading=\"lazy\" decoding=\"async\" class=\"alignleft wp-image-505\" src=\"https:\/\/serveiseducatius.xtec.cat\/noguera\/wp-content\/uploads\/usu1149\/2017\/02\/investigacio.png\" alt=\"\" width=\"162\" height=\"135\" srcset=\"https:\/\/serveiseducatius.xtec.cat\/noguera\/wp-content\/uploads\/usu1149\/2017\/02\/investigacio.png 478w, https:\/\/serveiseducatius.xtec.cat\/noguera\/wp-content\/uploads\/usu1149\/2017\/02\/investigacio-300x250.png 300w\" sizes=\"auto, (max-width: 162px) 100vw, 162px\" \/><\/a><\/p>\n<p style=\"text-align: justify;\">Materials elaborats pel Grup de recerca de Coneixement i did\u00e0ctica de la UVIC-UCC i EduCaixa que proporciona les orientacions i els materials per promoure la investigaci\u00f3 cient\u00edfica a prim\u00e0ria.<\/p>\n<blockquote class=\"wp-embedded-content\" data-secret=\"mKKCe71GtI\"><p><a href=\"https:\/\/maresipares.cat\/experiments-per-fer-amb-aigua\/\">88 experiments per fer amb l&#8217;aigua<\/a><\/p><\/blockquote>\n<p><iframe loading=\"lazy\" class=\"wp-embedded-content\" sandbox=\"allow-scripts\" security=\"restricted\" style=\"position: absolute; clip: rect(1px, 1px, 1px, 1px);\" title=\"&#8220;88 experiments per fer amb l&#8217;aigua&#8221; &#8212; Maresipares\" src=\"https:\/\/maresipares.cat\/experiments-per-fer-amb-aigua\/embed\/#?secret=C9HSs68MUA#?secret=mKKCe71GtI\" data-secret=\"mKKCe71GtI\" width=\"500\" height=\"282\" frameborder=\"0\" marginwidth=\"0\" marginheight=\"0\" scrolling=\"no\"><\/iframe><\/p>\n<p><a href=\"https:\/\/www.pinterest.es\/mariabaeres\/experiments-de-pell%C3%ADcula\/\" target=\"_blank\" rel=\"noopener noreferrer\"><img loading=\"lazy\" decoding=\"async\" class=\"alignleft\" src=\"https:\/\/i.pinimg.com\/564x\/42\/6f\/88\/426f888c5ca00ed11e2e33d95c6db0ff.jpg\" alt=\"\u25b7 Experimentos caseros para ni\u00f1os | Pequeocio\" width=\"170\" height=\"119\" \/><\/a><a href=\"https:\/\/www.pinterest.es\/mariabaeres\/experiments-de-pell%C3%ADcula\/\" target=\"_blank\" rel=\"noopener noreferrer\">Experiments de pel\u00b7l\u00edcula<\/a><\/p>\n<p style=\"text-align: justify;\">Tauler de Pinterest de Maria Ba\u00f1eres amb una bona selecci\u00f3 d&#8217;experiments i idees que us poden donar idees per fer les vostres pr\u00f2pies experi\u00e8ncies.<\/p>\n<p><strong>Canals d&#8217;experiments a <a href=\"http:\/\/www.educaciontrespuntocero.com\/recursos\/canales-youtube-experimentos-de-ciencia\/42921.html\" target=\"_blank\" rel=\"noopener noreferrer\">YOUTUBE<\/a><\/strong><\/p>\n","protected":false},"excerpt":{"rendered":"<p>En aquest espai us oferim una selecci\u00f3 de recursos, idees i materials que hem anat trobant i que potser us poden servir d&#8217;inspiraci\u00f3 per als vos tres experiments de pel\u00b7l\u00edcula: Les 10 (o m\u00e9s) reaccions de Qu\u00edmica m\u00e9s espectaculars Selecci\u00f3 de\u00a010 reaccions de Qu\u00edmica espectaculars que es poden fer en un laboratori escolar fet en [&hellip;]<\/p>\n","protected":false},"author":1,"featured_media":0,"parent":10974,"menu_order":40,"comment_status":"closed","ping_status":"closed","template":"","meta":{"_bbp_topic_count":0,"_bbp_reply_count":0,"_bbp_total_topic_count":0,"_bbp_total_reply_count":0,"_bbp_voice_count":0,"_bbp_anonymous_reply_count":0,"_bbp_topic_count_hidden":0,"_bbp_reply_count_hidden":0,"_bbp_forum_subforum_count":0,"site-sidebar-layout":"default","site-content-layout":"","ast-site-content-layout":"","site-content-style":"default","site-sidebar-style":"default","ast-global-header-display":"","ast-banner-title-visibility":"","ast-main-header-display":"","ast-hfb-above-header-display":"","ast-hfb-below-header-display":"","ast-hfb-mobile-header-display":"","site-post-title":"","ast-breadcrumbs-content":"","ast-featured-img":"","footer-sml-layout":"","theme-transparent-header-meta":"","adv-header-id-meta":"","stick-header-meta":"","header-above-stick-meta":"","header-main-stick-meta":"","header-below-stick-meta":"","astra-migrate-meta-layouts":"default","ast-page-background-enabled":"default","ast-page-background-meta":{"desktop":{"background-color":"var(--ast-global-color-4)","background-image":"","background-repeat":"repeat","background-position":"center center","background-size":"auto","background-attachment":"scroll","background-type":"","background-media":"","overlay-type":"","overlay-color":"","overlay-opacity":"","overlay-gradient":""},"tablet":{"background-color":"","background-image":"","background-repeat":"repeat","background-position":"center center","background-size":"auto","background-attachment":"scroll","background-type":"","background-media":"","overlay-type":"","overlay-color":"","overlay-opacity":"","overlay-gradient":""},"mobile":{"background-color":"","background-image":"","background-repeat":"repeat","background-position":"center center","background-size":"auto","background-attachment":"scroll","background-type":"","background-media":"","overlay-type":"","overlay-color":"","overlay-opacity":"","overlay-gradient":""}},"ast-content-background-meta":{"desktop":{"background-color":"var(--ast-global-color-5)","background-image":"","background-repeat":"repeat","background-position":"center center","background-size":"auto","background-attachment":"scroll","background-type":"","background-media":"","overlay-type":"","overlay-color":"","overlay-opacity":"","overlay-gradient":""},"tablet":{"background-color":"var(--ast-global-color-5)","background-image":"","background-repeat":"repeat","background-position":"center center","background-size":"auto","background-attachment":"scroll","background-type":"","background-media":"","overlay-type":"","overlay-color":"","overlay-opacity":"","overlay-gradient":""},"mobile":{"background-color":"var(--ast-global-color-5)","background-image":"","background-repeat":"repeat","background-position":"center center","background-size":"auto","background-attachment":"scroll","background-type":"","background-media":"","overlay-type":"","overlay-color":"","overlay-opacity":"","overlay-gradient":""}},"footnotes":""},"class_list":["post-10980","page","type-page","status-publish","hentry"],"post_mailing_queue_ids":[],"_links":{"self":[{"href":"https:\/\/serveiseducatius.xtec.cat\/noguera\/wp-json\/wp\/v2\/pages\/10980","targetHints":{"allow":["GET"]}}],"collection":[{"href":"https:\/\/serveiseducatius.xtec.cat\/noguera\/wp-json\/wp\/v2\/pages"}],"about":[{"href":"https:\/\/serveiseducatius.xtec.cat\/noguera\/wp-json\/wp\/v2\/types\/page"}],"author":[{"embeddable":true,"href":"https:\/\/serveiseducatius.xtec.cat\/noguera\/wp-json\/wp\/v2\/users\/1"}],"replies":[{"embeddable":true,"href":"https:\/\/serveiseducatius.xtec.cat\/noguera\/wp-json\/wp\/v2\/comments?post=10980"}],"version-history":[{"count":1,"href":"https:\/\/serveiseducatius.xtec.cat\/noguera\/wp-json\/wp\/v2\/pages\/10980\/revisions"}],"predecessor-version":[{"id":11012,"href":"https:\/\/serveiseducatius.xtec.cat\/noguera\/wp-json\/wp\/v2\/pages\/10980\/revisions\/11012"}],"up":[{"embeddable":true,"href":"https:\/\/serveiseducatius.xtec.cat\/noguera\/wp-json\/wp\/v2\/pages\/10974"}],"wp:attachment":[{"href":"https:\/\/serveiseducatius.xtec.cat\/noguera\/wp-json\/wp\/v2\/media?parent=10980"}],"curies":[{"name":"wp","href":"https:\/\/api.w.org\/{rel}","templated":true}]}}