{"id":10494,"date":"2021-03-09T12:04:29","date_gmt":"2021-03-09T11:04:29","guid":{"rendered":"http:\/\/serveiseducatius.xtec.cat\/noguera\/?page_id=10494"},"modified":"2022-04-22T14:44:33","modified_gmt":"2022-04-22T12:44:33","slug":"proves-davaluacio-de-6e","status":"publish","type":"page","link":"https:\/\/serveiseducatius.xtec.cat\/noguera\/recursos\/proves-davaluacio-de-6e\/","title":{"rendered":"Proves d&#8217;avaluaci\u00f3 de 6\u00e8 PRI"},"content":{"rendered":"<p><a href=\"https:\/\/serveiseducatius.xtec.cat\/noguera\/wp-content\/uploads\/usu1149\/2021\/03\/cap\u00e7alera6e.png\">castellana<img loading=\"lazy\" decoding=\"async\" class=\"alignnone size-full wp-image-10502\" src=\"https:\/\/serveiseducatius.xtec.cat\/noguera\/wp-content\/uploads\/usu1149\/2021\/03\/cap\u00e7alera6e.png\" alt=\"\" width=\"1600\" height=\"300\" srcset=\"https:\/\/serveiseducatius.xtec.cat\/noguera\/wp-content\/uploads\/usu1149\/2021\/03\/cap\u00e7alera6e.png 1600w, https:\/\/serveiseducatius.xtec.cat\/noguera\/wp-content\/uploads\/usu1149\/2021\/03\/cap\u00e7alera6e-300x56.png 300w, https:\/\/serveiseducatius.xtec.cat\/noguera\/wp-content\/uploads\/usu1149\/2021\/03\/cap\u00e7alera6e-768x144.png 768w, https:\/\/serveiseducatius.xtec.cat\/noguera\/wp-content\/uploads\/usu1149\/2021\/03\/cap\u00e7alera6e-1024x192.png 1024w\" sizes=\"auto, (max-width: 1600px) 100vw, 1600px\" \/><\/a><\/p>\n<p><em>(*) Per informacions actualitzades, \u00e9s recomanable consultar el <a href=\"http:\/\/csda.gencat.cat\/ca\/arees-actuacio\/avaluacions-consell\/avaluacio-quart-eso\/\">web oficial del Consell Superior d&#8217;Avaluaci\u00f3<\/a>. Aquesta p\u00e0gina no hi est\u00e0 directament vinculada i solament \u00e9s informativa.<\/em><\/p>\n<h1><span style=\"color: #0000ff;\">Proves 2022<\/span><\/h1>\n<h4><span style=\"color: #800080;\">Calendari:<\/span><\/h4>\n<p><strong>Dimarts 26 d&#8217;abril<\/strong>: proves de llengua castellana i matem\u00e0tiques<\/p>\n<p><strong>Dimecres 27 d&#8217;abril<\/strong>: proves de llengua catalana i angl\u00e8s<\/p>\n<p><strong>Dijous 28 d&#8217;abril<\/strong>: prova de coneixement del medi<\/p>\n<h4><\/h4>\n<h4><span style=\"color: #800080;\">Documents proves 2022:<\/span><\/h4>\n<p><a href=\"https:\/\/drive.google.com\/file\/d\/1fQKpHhQNN9TP9e0yaqFnKHaLWRVJAysf\/view?usp=sharing\"><img loading=\"lazy\" decoding=\"async\" class=\"alignnone wp-image-10460\" src=\"https:\/\/serveiseducatius.xtec.cat\/noguera\/wp-content\/uploads\/usu1149\/2021\/02\/pdf_icon-150x150.png\" alt=\"\" width=\"32\" height=\"32\" srcset=\"https:\/\/serveiseducatius.xtec.cat\/noguera\/wp-content\/uploads\/usu1149\/2021\/02\/pdf_icon-150x150.png 150w, https:\/\/serveiseducatius.xtec.cat\/noguera\/wp-content\/uploads\/usu1149\/2021\/02\/pdf_icon.png 225w\" sizes=\"auto, (max-width: 32px) 100vw, 32px\" \/> Resoluci\u00f3 completa de les proves 2022<\/a><\/p>\n<p><a href=\"https:\/\/drive.google.com\/file\/d\/1GrmJWy0IkLGu369TTxQumjSeHcN_irY4\/view?usp=sharing\"><img loading=\"lazy\" decoding=\"async\" class=\"alignnone wp-image-10460\" src=\"https:\/\/serveiseducatius.xtec.cat\/noguera\/wp-content\/uploads\/usu1149\/2021\/02\/pdf_icon-150x150.png\" alt=\"\" width=\"32\" height=\"32\" srcset=\"https:\/\/serveiseducatius.xtec.cat\/noguera\/wp-content\/uploads\/usu1149\/2021\/02\/pdf_icon-150x150.png 150w, https:\/\/serveiseducatius.xtec.cat\/noguera\/wp-content\/uploads\/usu1149\/2021\/02\/pdf_icon.png 225w\" sizes=\"auto, (max-width: 32px) 100vw, 32px\" \/> Guia d&#8217;aplicaci\u00f3 de les proves 2022<\/a><\/p>\n<p><a href=\"https:\/\/drive.google.com\/file\/d\/17tw_U3i-U1KrGL2L_srx_bLAjXkAzUQH\/view?usp=sharing\"><img loading=\"lazy\" decoding=\"async\" class=\"alignnone wp-image-10460\" src=\"https:\/\/serveiseducatius.xtec.cat\/noguera\/wp-content\/uploads\/usu1149\/2021\/02\/pdf_icon-150x150.png\" alt=\"\" width=\"32\" height=\"32\" srcset=\"https:\/\/serveiseducatius.xtec.cat\/noguera\/wp-content\/uploads\/usu1149\/2021\/02\/pdf_icon-150x150.png 150w, https:\/\/serveiseducatius.xtec.cat\/noguera\/wp-content\/uploads\/usu1149\/2021\/02\/pdf_icon.png 225w\" sizes=\"auto, (max-width: 32px) 100vw, 32px\" \/> Instrucci\u00f3 complement\u00e0ria 1: Reconeixement del docent implicat en l\u2019aplicaci\u00f3<\/a><\/p>\n<p><a href=\"https:\/\/drive.google.com\/file\/d\/1aUnJr3mhZ99UVZULWhzLpyedYRVSq6ks\/view?usp=sharing\"><img loading=\"lazy\" decoding=\"async\" class=\"alignnone wp-image-10460\" src=\"https:\/\/serveiseducatius.xtec.cat\/noguera\/wp-content\/uploads\/usu1149\/2021\/02\/pdf_icon-150x150.png\" alt=\"\" width=\"32\" height=\"32\" srcset=\"https:\/\/serveiseducatius.xtec.cat\/noguera\/wp-content\/uploads\/usu1149\/2021\/02\/pdf_icon-150x150.png 150w, https:\/\/serveiseducatius.xtec.cat\/noguera\/wp-content\/uploads\/usu1149\/2021\/02\/pdf_icon.png 225w\" sizes=\"auto, (max-width: 32px) 100vw, 32px\" \/> Instrucci\u00f3 complement\u00e0ria 2: Reconeixement del personal corrector<\/a><\/p>\n<p><a href=\"https:\/\/drive.google.com\/file\/d\/13QEw5UsJBl0trKtvQrColNTNaWTkEEFT\/view?usp=sharing\"><img loading=\"lazy\" decoding=\"async\" class=\"alignnone wp-image-10460\" src=\"https:\/\/serveiseducatius.xtec.cat\/noguera\/wp-content\/uploads\/usu1149\/2021\/02\/pdf_icon-150x150.png\" alt=\"\" width=\"32\" height=\"32\" srcset=\"https:\/\/serveiseducatius.xtec.cat\/noguera\/wp-content\/uploads\/usu1149\/2021\/02\/pdf_icon-150x150.png 150w, https:\/\/serveiseducatius.xtec.cat\/noguera\/wp-content\/uploads\/usu1149\/2021\/02\/pdf_icon.png 225w\" sizes=\"auto, (max-width: 32px) 100vw, 32px\" \/> Instrucci\u00f3 complement\u00e0ria 3: Despla\u00e7ament dels secretaris de les comissions<\/a><\/p>\n<p><a href=\"https:\/\/drive.google.com\/file\/d\/1Lk-68aLuegoiE3ltoaIjTGwHZ5NfwILk\/view?usp=sharing\"><img loading=\"lazy\" decoding=\"async\" class=\"alignnone wp-image-10460\" src=\"https:\/\/serveiseducatius.xtec.cat\/noguera\/wp-content\/uploads\/usu1149\/2021\/02\/pdf_icon-150x150.png\" alt=\"\" width=\"32\" height=\"32\" srcset=\"https:\/\/serveiseducatius.xtec.cat\/noguera\/wp-content\/uploads\/usu1149\/2021\/02\/pdf_icon-150x150.png 150w, https:\/\/serveiseducatius.xtec.cat\/noguera\/wp-content\/uploads\/usu1149\/2021\/02\/pdf_icon.png 225w\" sizes=\"auto, (max-width: 32px) 100vw, 32px\" \/> Instrucci\u00f3 complement\u00e0ria 4: Pagament al personal corrector<\/a><\/p>\n<p><a href=\"https:\/\/drive.google.com\/file\/d\/1S9lSGtQ0n1s01fnVmaA4J8ujyNQ2BnFV\/view?usp=sharing\"><img loading=\"lazy\" decoding=\"async\" class=\"alignnone wp-image-10460\" src=\"https:\/\/serveiseducatius.xtec.cat\/noguera\/wp-content\/uploads\/usu1149\/2021\/02\/pdf_icon-150x150.png\" alt=\"\" width=\"32\" height=\"32\" srcset=\"https:\/\/serveiseducatius.xtec.cat\/noguera\/wp-content\/uploads\/usu1149\/2021\/02\/pdf_icon-150x150.png 150w, https:\/\/serveiseducatius.xtec.cat\/noguera\/wp-content\/uploads\/usu1149\/2021\/02\/pdf_icon.png 225w\" sizes=\"auto, (max-width: 32px) 100vw, 32px\" \/> Instrucci\u00f3 complement\u00e0ria 5: Alumnat amb discapacitat visual<\/a><\/p>\n<p><a href=\"https:\/\/drive.google.com\/file\/d\/13AkqzQX4Tndz9G5z7_p1-2J3qE1prBy5\/view?usp=sharing\"><img loading=\"lazy\" decoding=\"async\" class=\"alignnone wp-image-10460\" src=\"https:\/\/serveiseducatius.xtec.cat\/noguera\/wp-content\/uploads\/usu1149\/2021\/02\/pdf_icon-150x150.png\" alt=\"\" width=\"32\" height=\"32\" srcset=\"https:\/\/serveiseducatius.xtec.cat\/noguera\/wp-content\/uploads\/usu1149\/2021\/02\/pdf_icon-150x150.png 150w, https:\/\/serveiseducatius.xtec.cat\/noguera\/wp-content\/uploads\/usu1149\/2021\/02\/pdf_icon.png 225w\" sizes=\"auto, (max-width: 32px) 100vw, 32px\" \/> Instrucci\u00f3 complement\u00e0ria 6: Alumnat amb discapacitat auditiva<\/a><\/p>\n<p>&nbsp;<\/p>\n<h4><span style=\"color: #800080;\">Recursos: <em>(en construcci\u00f3)<\/em><\/span><\/h4>\n<p><a href=\"https:\/\/drive.google.com\/file\/d\/1VKtNqELdsMuvqllpB1VW41ZEGOn5Rjq7\/view?usp=sharing\"><img loading=\"lazy\" decoding=\"async\" class=\"alignnone wp-image-10460\" src=\"https:\/\/serveiseducatius.xtec.cat\/noguera\/wp-content\/uploads\/usu1149\/2021\/02\/pdf_icon-150x150.png\" alt=\"\" width=\"32\" height=\"32\" srcset=\"https:\/\/serveiseducatius.xtec.cat\/noguera\/wp-content\/uploads\/usu1149\/2021\/02\/pdf_icon-150x150.png 150w, https:\/\/serveiseducatius.xtec.cat\/noguera\/wp-content\/uploads\/usu1149\/2021\/02\/pdf_icon.png 225w\" sizes=\"auto, (max-width: 32px) 100vw, 32px\" \/><\/a> Acta d&#8217;aplicaci\u00f3<\/p>\n<p><a href=\"http:\/\/csda.gencat.cat\/web\/.content\/home\/arees-actuacio\/avaluacions\/avaluacio-sise-primaria\/avaluacio_sise_primaria_2020\/marc-llengues-sise.pdf\"><img loading=\"lazy\" decoding=\"async\" class=\"alignnone wp-image-10460\" src=\"https:\/\/serveiseducatius.xtec.cat\/noguera\/wp-content\/uploads\/usu1149\/2021\/02\/pdf_icon-150x150.png\" alt=\"\" width=\"32\" height=\"32\" srcset=\"https:\/\/serveiseducatius.xtec.cat\/noguera\/wp-content\/uploads\/usu1149\/2021\/02\/pdf_icon-150x150.png 150w, https:\/\/serveiseducatius.xtec.cat\/noguera\/wp-content\/uploads\/usu1149\/2021\/02\/pdf_icon.png 225w\" sizes=\"auto, (max-width: 32px) 100vw, 32px\" \/> <\/a>Marc conceptual de l&#8217;avaluaci\u00f3. Compet\u00e8ncia ling\u00fc\u00edstica<\/p>\n<p><a href=\"http:\/\/csda.gencat.cat\/web\/.content\/home\/arees-actuacio\/avaluacions\/avaluacio-sise-primaria\/avaluacio_sise_primaria_2020\/marc-angles-sise.pdf\"><img loading=\"lazy\" decoding=\"async\" class=\"alignnone wp-image-10460\" src=\"https:\/\/serveiseducatius.xtec.cat\/noguera\/wp-content\/uploads\/usu1149\/2021\/02\/pdf_icon-150x150.png\" alt=\"\" width=\"32\" height=\"32\" srcset=\"https:\/\/serveiseducatius.xtec.cat\/noguera\/wp-content\/uploads\/usu1149\/2021\/02\/pdf_icon-150x150.png 150w, https:\/\/serveiseducatius.xtec.cat\/noguera\/wp-content\/uploads\/usu1149\/2021\/02\/pdf_icon.png 225w\" sizes=\"auto, (max-width: 32px) 100vw, 32px\" \/> <\/a>Marc conceptual de l&#8217;avaluaci\u00f3. Compet\u00e8ncia llengua estrangera<\/p>\n<p><a href=\"http:\/\/csda.gencat.cat\/web\/.content\/home\/arees-actuacio\/avaluacions\/avaluacio-sise-primaria\/avaluacio_sise_primaria_2020\/marc-mates-sise.pdf\"><img loading=\"lazy\" decoding=\"async\" class=\"alignnone wp-image-10460\" src=\"https:\/\/serveiseducatius.xtec.cat\/noguera\/wp-content\/uploads\/usu1149\/2021\/02\/pdf_icon-150x150.png\" alt=\"\" width=\"32\" height=\"32\" srcset=\"https:\/\/serveiseducatius.xtec.cat\/noguera\/wp-content\/uploads\/usu1149\/2021\/02\/pdf_icon-150x150.png 150w, https:\/\/serveiseducatius.xtec.cat\/noguera\/wp-content\/uploads\/usu1149\/2021\/02\/pdf_icon.png 225w\" sizes=\"auto, (max-width: 32px) 100vw, 32px\" \/> <\/a>Marc conceptual de l&#8217;avaluaci\u00f3. Compet\u00e8ncia matem\u00e0tica<\/p>\n<p><a href=\"http:\/\/csda.gencat.cat\/web\/.content\/home\/arees-actuacio\/avaluacions\/avaluacio-sise-primaria\/avaluacio_sise_primaria_2018\/Marc-conceptual-medi-natural.pdf\"><img loading=\"lazy\" decoding=\"async\" class=\"alignnone wp-image-10460\" src=\"https:\/\/serveiseducatius.xtec.cat\/noguera\/wp-content\/uploads\/usu1149\/2021\/02\/pdf_icon-150x150.png\" alt=\"\" width=\"32\" height=\"32\" srcset=\"https:\/\/serveiseducatius.xtec.cat\/noguera\/wp-content\/uploads\/usu1149\/2021\/02\/pdf_icon-150x150.png 150w, https:\/\/serveiseducatius.xtec.cat\/noguera\/wp-content\/uploads\/usu1149\/2021\/02\/pdf_icon.png 225w\" sizes=\"auto, (max-width: 32px) 100vw, 32px\" \/><\/a> Marc conceptual de l&#8217;avaluaci\u00f3. Compet\u00e8ncia medi natural<\/p>\n<p>&nbsp;<\/p>\n<h1><span style=\"color: #0000ff;\">Proves de cursos anteriors<\/span><\/h1>\n<p><a href=\"http:\/\/csda.gencat.cat\/ca\/arees-actuacio\/avaluacions-consell\/avaluacio-sise-primaria\/prova-2020\/\"><img loading=\"lazy\" decoding=\"async\" class=\"alignnone wp-image-10508\" src=\"https:\/\/serveiseducatius.xtec.cat\/noguera\/wp-content\/uploads\/usu1149\/2021\/03\/icona_link-1-150x150.png\" alt=\"\" width=\"32\" height=\"32\" srcset=\"https:\/\/serveiseducatius.xtec.cat\/noguera\/wp-content\/uploads\/usu1149\/2021\/03\/icona_link-1-150x150.png 150w, https:\/\/serveiseducatius.xtec.cat\/noguera\/wp-content\/uploads\/usu1149\/2021\/03\/icona_link-1.png 225w\" sizes=\"auto, (max-width: 32px) 100vw, 32px\" \/><\/a> Informaci\u00f3 i recursos sobre les proves <strong>2020<\/strong><\/p>\n<p><a href=\"http:\/\/csda.gencat.cat\/ca\/arees-actuacio\/avaluacions-consell\/avaluacio-sise-primaria\/prova-2019\/\"><img loading=\"lazy\" decoding=\"async\" class=\"alignnone wp-image-10508\" src=\"https:\/\/serveiseducatius.xtec.cat\/noguera\/wp-content\/uploads\/usu1149\/2021\/03\/icona_link-1-150x150.png\" alt=\"\" width=\"32\" height=\"32\" srcset=\"https:\/\/serveiseducatius.xtec.cat\/noguera\/wp-content\/uploads\/usu1149\/2021\/03\/icona_link-1-150x150.png 150w, https:\/\/serveiseducatius.xtec.cat\/noguera\/wp-content\/uploads\/usu1149\/2021\/03\/icona_link-1.png 225w\" sizes=\"auto, (max-width: 32px) 100vw, 32px\" \/><\/a> Informaci\u00f3 i recursos sobre les proves <strong>2019\u00a0<\/strong><\/p>\n<p><a href=\"http:\/\/csda.gencat.cat\/ca\/arees-actuacio\/avaluacions-consell\/avaluacio-sise-primaria\/prova-2018\/\"><img loading=\"lazy\" decoding=\"async\" class=\"alignnone wp-image-10508\" src=\"https:\/\/serveiseducatius.xtec.cat\/noguera\/wp-content\/uploads\/usu1149\/2021\/03\/icona_link-1-150x150.png\" alt=\"\" width=\"32\" height=\"32\" srcset=\"https:\/\/serveiseducatius.xtec.cat\/noguera\/wp-content\/uploads\/usu1149\/2021\/03\/icona_link-1-150x150.png 150w, https:\/\/serveiseducatius.xtec.cat\/noguera\/wp-content\/uploads\/usu1149\/2021\/03\/icona_link-1.png 225w\" sizes=\"auto, (max-width: 32px) 100vw, 32px\" \/><\/a> Informaci\u00f3 i recursos sobre les proves <strong>2018<\/strong><\/p>\n<p><a href=\"http:\/\/csda.gencat.cat\/ca\/arees-actuacio\/avaluacions-consell\/avaluacio-sise-primaria\/prova-2018\/\"><img loading=\"lazy\" decoding=\"async\" class=\"alignnone wp-image-10508\" src=\"https:\/\/serveiseducatius.xtec.cat\/noguera\/wp-content\/uploads\/usu1149\/2021\/03\/icona_link-1-150x150.png\" alt=\"\" width=\"32\" height=\"32\" srcset=\"https:\/\/serveiseducatius.xtec.cat\/noguera\/wp-content\/uploads\/usu1149\/2021\/03\/icona_link-1-150x150.png 150w, https:\/\/serveiseducatius.xtec.cat\/noguera\/wp-content\/uploads\/usu1149\/2021\/03\/icona_link-1.png 225w\" sizes=\"auto, (max-width: 32px) 100vw, 32px\" \/><\/a> Informaci\u00f3 i recursos sobre les proves <strong>2017\u00a0<\/strong><\/p>\n<p><a href=\"http:\/\/csda.gencat.cat\/ca\/arees-actuacio\/avaluacions-consell\/avaluacio-sise-primaria\/prova-2016\/\"><img loading=\"lazy\" decoding=\"async\" class=\"alignnone wp-image-10508\" src=\"https:\/\/serveiseducatius.xtec.cat\/noguera\/wp-content\/uploads\/usu1149\/2021\/03\/icona_link-1-150x150.png\" alt=\"\" width=\"32\" height=\"32\" srcset=\"https:\/\/serveiseducatius.xtec.cat\/noguera\/wp-content\/uploads\/usu1149\/2021\/03\/icona_link-1-150x150.png 150w, https:\/\/serveiseducatius.xtec.cat\/noguera\/wp-content\/uploads\/usu1149\/2021\/03\/icona_link-1.png 225w\" sizes=\"auto, (max-width: 32px) 100vw, 32px\" \/><\/a> Informaci\u00f3 i recursos sobre les proves <strong>2016\u00a0<\/strong><\/p>\n<p><a href=\"http:\/\/csda.gencat.cat\/ca\/arees-actuacio\/avaluacions-consell\/avaluacio-sise-primaria\/prova-2015\/\"><img loading=\"lazy\" decoding=\"async\" class=\"alignnone wp-image-10508\" src=\"https:\/\/serveiseducatius.xtec.cat\/noguera\/wp-content\/uploads\/usu1149\/2021\/03\/icona_link-1-150x150.png\" alt=\"\" width=\"32\" height=\"32\" srcset=\"https:\/\/serveiseducatius.xtec.cat\/noguera\/wp-content\/uploads\/usu1149\/2021\/03\/icona_link-1-150x150.png 150w, https:\/\/serveiseducatius.xtec.cat\/noguera\/wp-content\/uploads\/usu1149\/2021\/03\/icona_link-1.png 225w\" sizes=\"auto, (max-width: 32px) 100vw, 32px\" \/><\/a> Informaci\u00f3 i recursos sobre les proves <strong>2015\u00a0<\/strong><\/p>\n<p><a href=\"http:\/\/csda.gencat.cat\/ca\/arees-actuacio\/avaluacions-consell\/avaluacio-sise-primaria\/prova-2014\/\"><img loading=\"lazy\" decoding=\"async\" class=\"alignnone wp-image-10508\" src=\"https:\/\/serveiseducatius.xtec.cat\/noguera\/wp-content\/uploads\/usu1149\/2021\/03\/icona_link-1-150x150.png\" alt=\"\" width=\"32\" height=\"32\" srcset=\"https:\/\/serveiseducatius.xtec.cat\/noguera\/wp-content\/uploads\/usu1149\/2021\/03\/icona_link-1-150x150.png 150w, https:\/\/serveiseducatius.xtec.cat\/noguera\/wp-content\/uploads\/usu1149\/2021\/03\/icona_link-1.png 225w\" sizes=\"auto, (max-width: 32px) 100vw, 32px\" \/><\/a> Informaci\u00f3 i recursos sobre les proves <strong>2014<\/strong><\/p>\n<p><a href=\"http:\/\/csda.gencat.cat\/ca\/arees-actuacio\/avaluacions-consell\/avaluacio-sise-primaria\/prova-2013\/\"><img loading=\"lazy\" decoding=\"async\" class=\"alignnone wp-image-10508\" src=\"https:\/\/serveiseducatius.xtec.cat\/noguera\/wp-content\/uploads\/usu1149\/2021\/03\/icona_link-1-150x150.png\" alt=\"\" width=\"32\" height=\"32\" srcset=\"https:\/\/serveiseducatius.xtec.cat\/noguera\/wp-content\/uploads\/usu1149\/2021\/03\/icona_link-1-150x150.png 150w, https:\/\/serveiseducatius.xtec.cat\/noguera\/wp-content\/uploads\/usu1149\/2021\/03\/icona_link-1.png 225w\" sizes=\"auto, (max-width: 32px) 100vw, 32px\" \/><\/a> Informaci\u00f3 i recursos sobre les proves <strong>2013<\/strong><\/p>\n<p><a href=\"http:\/\/csda.gencat.cat\/ca\/arees-actuacio\/avaluacions-consell\/avaluacio-quart-eso\/2012\/\"><img loading=\"lazy\" decoding=\"async\" class=\"alignnone wp-image-10508\" src=\"https:\/\/serveiseducatius.xtec.cat\/noguera\/wp-content\/uploads\/usu1149\/2021\/03\/icona_link-1-150x150.png\" alt=\"\" width=\"30\" height=\"30\" srcset=\"https:\/\/serveiseducatius.xtec.cat\/noguera\/wp-content\/uploads\/usu1149\/2021\/03\/icona_link-1-150x150.png 150w, https:\/\/serveiseducatius.xtec.cat\/noguera\/wp-content\/uploads\/usu1149\/2021\/03\/icona_link-1.png 225w\" sizes=\"auto, (max-width: 30px) 100vw, 30px\" \/><\/a> Informaci\u00f3 i recursos sobre les proves <strong>2012\u00a0<\/strong><\/p>\n<p>&nbsp;<\/p>\n<h1><span style=\"color: #0000ff;\">Altres recursos<\/span><\/h1>\n<p><a href=\"https:\/\/aplicacions.gestioeducativa.gencat.cat\/pls\/apex\/f?p=2009001:1:7107869422828::NO::P1_PAG_ORIGEN:INICI&amp;cs=1NABflMkeDx3D82n7WeCm7kmqfe4\"><img loading=\"lazy\" decoding=\"async\" class=\"alignnone wp-image-10508\" src=\"https:\/\/serveiseducatius.xtec.cat\/noguera\/wp-content\/uploads\/usu1149\/2021\/03\/icona_link-1-150x150.png\" alt=\"\" width=\"32\" height=\"32\" srcset=\"https:\/\/serveiseducatius.xtec.cat\/noguera\/wp-content\/uploads\/usu1149\/2021\/03\/icona_link-1-150x150.png 150w, https:\/\/serveiseducatius.xtec.cat\/noguera\/wp-content\/uploads\/usu1149\/2021\/03\/icona_link-1.png 225w\" sizes=\"auto, (max-width: 32px) 100vw, 32px\" \/><\/a><a href=\"https:\/\/aplicacions.gestioeducativa.gencat.cat\/pls\/apex\/f?p=2009001:1:7107869422828::NO::P1_PAG_ORIGEN:INICI&amp;cs=1NABflMkeDx3D82n7WeCm7kmqfe4\">Enlla\u00e7 a l&#8217;aplicaci\u00f3 (direccions de centres)<\/a><\/p>\n","protected":false},"excerpt":{"rendered":"<p>castellana (*) Per informacions actualitzades, \u00e9s recomanable consultar el web oficial del Consell Superior d&#8217;Avaluaci\u00f3. Aquesta p\u00e0gina no hi est\u00e0 directament vinculada i solament \u00e9s informativa. Proves 2022 Calendari: Dimarts 26 d&#8217;abril: proves de llengua castellana i matem\u00e0tiques Dimecres 27 d&#8217;abril: proves de llengua catalana i angl\u00e8s Dijous 28 d&#8217;abril: prova de coneixement del medi [&hellip;]<\/p>\n","protected":false},"author":28,"featured_media":0,"parent":906,"menu_order":0,"comment_status":"closed","ping_status":"closed","template":"page-templates\/side-menu.php","meta":{"_bbp_topic_count":0,"_bbp_reply_count":0,"_bbp_total_topic_count":0,"_bbp_total_reply_count":0,"_bbp_voice_count":0,"_bbp_anonymous_reply_count":0,"_bbp_topic_count_hidden":0,"_bbp_reply_count_hidden":0,"_bbp_forum_subforum_count":0,"site-sidebar-layout":"default","site-content-layout":"","ast-site-content-layout":"","site-content-style":"default","site-sidebar-style":"default","ast-global-header-display":"","ast-banner-title-visibility":"","ast-main-header-display":"","ast-hfb-above-header-display":"","ast-hfb-below-header-display":"","ast-hfb-mobile-header-display":"","site-post-title":"","ast-breadcrumbs-content":"","ast-featured-img":"","footer-sml-layout":"","theme-transparent-header-meta":"","adv-header-id-meta":"","stick-header-meta":"","header-above-stick-meta":"","header-main-stick-meta":"","header-below-stick-meta":"","astra-migrate-meta-layouts":"default","ast-page-background-enabled":"default","ast-page-background-meta":{"desktop":{"background-color":"var(--ast-global-color-4)","background-image":"","background-repeat":"repeat","background-position":"center center","background-size":"auto","background-attachment":"scroll","background-type":"","background-media":"","overlay-type":"","overlay-color":"","overlay-opacity":"","overlay-gradient":""},"tablet":{"background-color":"","background-image":"","background-repeat":"repeat","background-position":"center center","background-size":"auto","background-attachment":"scroll","background-type":"","background-media":"","overlay-type":"","overlay-color":"","overlay-opacity":"","overlay-gradient":""},"mobile":{"background-color":"","background-image":"","background-repeat":"repeat","background-position":"center center","background-size":"auto","background-attachment":"scroll","background-type":"","background-media":"","overlay-type":"","overlay-color":"","overlay-opacity":"","overlay-gradient":""}},"ast-content-background-meta":{"desktop":{"background-color":"var(--ast-global-color-5)","background-image":"","background-repeat":"repeat","background-position":"center center","background-size":"auto","background-attachment":"scroll","background-type":"","background-media":"","overlay-type":"","overlay-color":"","overlay-opacity":"","overlay-gradient":""},"tablet":{"background-color":"var(--ast-global-color-5)","background-image":"","background-repeat":"repeat","background-position":"center center","background-size":"auto","background-attachment":"scroll","background-type":"","background-media":"","overlay-type":"","overlay-color":"","overlay-opacity":"","overlay-gradient":""},"mobile":{"background-color":"var(--ast-global-color-5)","background-image":"","background-repeat":"repeat","background-position":"center center","background-size":"auto","background-attachment":"scroll","background-type":"","background-media":"","overlay-type":"","overlay-color":"","overlay-opacity":"","overlay-gradient":""}},"footnotes":""},"class_list":["post-10494","page","type-page","status-publish","hentry"],"post_mailing_queue_ids":[],"_links":{"self":[{"href":"https:\/\/serveiseducatius.xtec.cat\/noguera\/wp-json\/wp\/v2\/pages\/10494","targetHints":{"allow":["GET"]}}],"collection":[{"href":"https:\/\/serveiseducatius.xtec.cat\/noguera\/wp-json\/wp\/v2\/pages"}],"about":[{"href":"https:\/\/serveiseducatius.xtec.cat\/noguera\/wp-json\/wp\/v2\/types\/page"}],"author":[{"embeddable":true,"href":"https:\/\/serveiseducatius.xtec.cat\/noguera\/wp-json\/wp\/v2\/users\/28"}],"replies":[{"embeddable":true,"href":"https:\/\/serveiseducatius.xtec.cat\/noguera\/wp-json\/wp\/v2\/comments?post=10494"}],"version-history":[{"count":4,"href":"https:\/\/serveiseducatius.xtec.cat\/noguera\/wp-json\/wp\/v2\/pages\/10494\/revisions"}],"predecessor-version":[{"id":11767,"href":"https:\/\/serveiseducatius.xtec.cat\/noguera\/wp-json\/wp\/v2\/pages\/10494\/revisions\/11767"}],"up":[{"embeddable":true,"href":"https:\/\/serveiseducatius.xtec.cat\/noguera\/wp-json\/wp\/v2\/pages\/906"}],"wp:attachment":[{"href":"https:\/\/serveiseducatius.xtec.cat\/noguera\/wp-json\/wp\/v2\/media?parent=10494"}],"curies":[{"name":"wp","href":"https:\/\/api.w.org\/{rel}","templated":true}]}}