{"id":8419,"date":"2024-09-05T13:18:56","date_gmt":"2024-09-05T11:18:56","guid":{"rendered":"https:\/\/serveiseducatius.xtec.cat\/mvo\/?page_id=8419"},"modified":"2025-02-13T14:06:29","modified_gmt":"2025-02-13T13:06:29","slug":"mentoria-4-0","status":"publish","type":"page","link":"https:\/\/serveiseducatius.xtec.cat\/mvo\/mentoria-4-0\/","title":{"rendered":"Mentoria 4.0"},"content":{"rendered":"<p>El curs 2024-2025 s&#8217;inicia el programa de mentoria 4.0 o mentoria de rob\u00f2tica. Aquest programa, integrat dins el programa Codigo 4.0 impulsat pel Ministerio de Educaci\u00f3n, posa a disposici\u00f3 dels centres la figura del mentor de rob\u00f2tica.<\/p>\n<p>Aquests mentors acompanyaran als centres en la tasca d&#8217;incorporar el pensament computacional i la rob\u00f2tica en la seva programaci\u00f3 curricular.<\/p>\n<p>Si teniu consultes al respecte, les podeu fer arribar al coordinador de mentors 4.0 del ST:<\/p>\n<p>Marc Pardo, correu electr\u00f2nic: <a href=\"mailto:mpardo11@xtec.cat\">mpardo11@xtec.cat<\/a><\/p>\n<p><strong>Not\u00edcies sobre el programa:<\/strong><\/p>\n<p><iframe style=\"display: block; width: 100%; border: none;\" src=\"https:\/\/projectes.xtec.cat\/digital\/tag\/codi4-0\/\" height=\"500\"><span data-mce-type=\"bookmark\" style=\"display: inline-block; width: 0px; overflow: hidden; line-height: 0;\" class=\"mce_SELRES_start\">\ufeff<\/span><\/iframe><\/p>\n<p>&nbsp;<\/p>\n","protected":false},"excerpt":{"rendered":"<p>El curs 2024-2025 s&#8217;inicia el programa de mentoria 4.0 o mentoria de rob\u00f2tica. Aquest programa, integrat dins el programa Codigo 4.0 impulsat pel Ministerio de Educaci\u00f3n, posa a disposici\u00f3 dels centres la figura del mentor de rob\u00f2tica. Aquests mentors acompanyaran als centres en la tasca d&#8217;incorporar el pensament computacional i la rob\u00f2tica en la seva [&hellip;]<\/p>\n","protected":false},"author":1,"featured_media":0,"parent":0,"menu_order":0,"comment_status":"closed","ping_status":"closed","template":"","meta":{"_bbp_topic_count":0,"_bbp_reply_count":0,"_bbp_total_topic_count":0,"_bbp_total_reply_count":0,"_bbp_voice_count":0,"_bbp_anonymous_reply_count":0,"_bbp_topic_count_hidden":0,"_bbp_reply_count_hidden":0,"_bbp_forum_subforum_count":0,"site-sidebar-layout":"default","site-content-layout":"","ast-site-content-layout":"","site-content-style":"default","site-sidebar-style":"default","ast-global-header-display":"","ast-banner-title-visibility":"","ast-main-header-display":"","ast-hfb-above-header-display":"","ast-hfb-below-header-display":"","ast-hfb-mobile-header-display":"","site-post-title":"","ast-breadcrumbs-content":"","ast-featured-img":"","footer-sml-layout":"","theme-transparent-header-meta":"","adv-header-id-meta":"","stick-header-meta":"","header-above-stick-meta":"","header-main-stick-meta":"","header-below-stick-meta":"","astra-migrate-meta-layouts":"default","ast-page-background-enabled":"default","ast-page-background-meta":{"desktop":{"background-color":"var(--ast-global-color-4)","background-image":"","background-repeat":"repeat","background-position":"center center","background-size":"auto","background-attachment":"scroll","background-type":"","background-media":"","overlay-type":"","overlay-color":"","overlay-opacity":"","overlay-gradient":""},"tablet":{"background-color":"","background-image":"","background-repeat":"repeat","background-position":"center center","background-size":"auto","background-attachment":"scroll","background-type":"","background-media":"","overlay-type":"","overlay-color":"","overlay-opacity":"","overlay-gradient":""},"mobile":{"background-color":"","background-image":"","background-repeat":"repeat","background-position":"center center","background-size":"auto","background-attachment":"scroll","background-type":"","background-media":"","overlay-type":"","overlay-color":"","overlay-opacity":"","overlay-gradient":""}},"ast-content-background-meta":{"desktop":{"background-color":"var(--ast-global-color-5)","background-image":"","background-repeat":"repeat","background-position":"center center","background-size":"auto","background-attachment":"scroll","background-type":"","background-media":"","overlay-type":"","overlay-color":"","overlay-opacity":"","overlay-gradient":""},"tablet":{"background-color":"var(--ast-global-color-5)","background-image":"","background-repeat":"repeat","background-position":"center center","background-size":"auto","background-attachment":"scroll","background-type":"","background-media":"","overlay-type":"","overlay-color":"","overlay-opacity":"","overlay-gradient":""},"mobile":{"background-color":"var(--ast-global-color-5)","background-image":"","background-repeat":"repeat","background-position":"center center","background-size":"auto","background-attachment":"scroll","background-type":"","background-media":"","overlay-type":"","overlay-color":"","overlay-opacity":"","overlay-gradient":""}},"footnotes":""},"class_list":["post-8419","page","type-page","status-publish","hentry"],"post_mailing_queue_ids":[],"_links":{"self":[{"href":"https:\/\/serveiseducatius.xtec.cat\/mvo\/wp-json\/wp\/v2\/pages\/8419","targetHints":{"allow":["GET"]}}],"collection":[{"href":"https:\/\/serveiseducatius.xtec.cat\/mvo\/wp-json\/wp\/v2\/pages"}],"about":[{"href":"https:\/\/serveiseducatius.xtec.cat\/mvo\/wp-json\/wp\/v2\/types\/page"}],"author":[{"embeddable":true,"href":"https:\/\/serveiseducatius.xtec.cat\/mvo\/wp-json\/wp\/v2\/users\/1"}],"replies":[{"embeddable":true,"href":"https:\/\/serveiseducatius.xtec.cat\/mvo\/wp-json\/wp\/v2\/comments?post=8419"}],"version-history":[{"count":2,"href":"https:\/\/serveiseducatius.xtec.cat\/mvo\/wp-json\/wp\/v2\/pages\/8419\/revisions"}],"predecessor-version":[{"id":8559,"href":"https:\/\/serveiseducatius.xtec.cat\/mvo\/wp-json\/wp\/v2\/pages\/8419\/revisions\/8559"}],"wp:attachment":[{"href":"https:\/\/serveiseducatius.xtec.cat\/mvo\/wp-json\/wp\/v2\/media?parent=8419"}],"curies":[{"name":"wp","href":"https:\/\/api.w.org\/{rel}","templated":true}]}}