{"id":8416,"date":"2024-09-05T13:08:35","date_gmt":"2024-09-05T11:08:35","guid":{"rendered":"https:\/\/serveiseducatius.xtec.cat\/mvo\/?page_id=8416"},"modified":"2024-09-05T13:08:35","modified_gmt":"2024-09-05T11:08:35","slug":"formacio-de-lambit-digital-per-a-adults-i-joves","status":"publish","type":"page","link":"https:\/\/serveiseducatius.xtec.cat\/mvo\/formacio-de-lambit-digital-per-a-adults-i-joves\/","title":{"rendered":"Formaci\u00f3 de l&#8217;\u00e0mbit digital per a adults i joves"},"content":{"rendered":"<p><a href=\"https:\/\/educacio.gencat.cat\/ca\/departament\/publicacions\/campanyes\/campanya-formacio-ambit-digital\/index.html\"><img loading=\"lazy\" decoding=\"async\" class=\"aligncenter \" src=\"https:\/\/educacio.gencat.cat\/web\/.content\/home\/departament\/publicacions\/campanyes\/darreres-campanyes\/campanya-formacio-ambit-ditigal\/baner-xxss-5-4.jpg_352737381.jpg\" alt=\"Formaci\u00f3 aules de capacitaci\u00f3 digital\" width=\"681\" height=\"545\" \/><\/a><\/p>\n<p>La r\u00e0pida transformaci\u00f3 digital de l&#8217;economia i la societat ha convertit les compet\u00e8ncies digitals en eines b\u00e0siques per poder aprofitar les oportunitats que ofereixen des del punt de vista econ\u00f2mic, social i ambiental.<\/p>\n<p>Per donar resposta a aquesta necessitat de formaci\u00f3 en compet\u00e8ncies digitals, el Departament d&#8217;Educaci\u00f3 ha creat una\u00a0<strong>xarxa de centres de capacitaci\u00f3 digital<\/strong>, formada per instituts de formaci\u00f3 professional i escoles d&#8217;adults d&#8217;arreu de Catalunya que ofereixen un total de cinc cursos, des del nivell m\u00e9s b\u00e0sic fins a l&#8217;\u00e0mbit professional.<\/p>\n<p>Hi ha cinc cursos de formaci\u00f3 en l&#8217;\u00e0mbit digital, que van des del nivell m\u00e9s b\u00e0sic fins a l&#8217;\u00e0mbit professional.\u00a0<strong>Aquests cursos s\u00f3n gratu\u00efts<\/strong>.<\/p>\n<p>La formaci\u00f3 s&#8217;adre\u00e7a a adults i joves en risc d&#8217;exclusi\u00f3 digital que no estiguin al sistema educatiu ni formatiu i es pot estudiar a diferents\u00a0<strong>instituts de formaci\u00f3 professional i escoles d&#8217;adults<\/strong>\u00a0d&#8217;arreu de Catalunya. En finalitzar-la, s&#8217;obt\u00e9 una acreditaci\u00f3 del curs realitzat.<\/p>\n<p>Si voleu m\u00e9s informaci\u00f3 sobre aquest programa podeu contactar amb les persones referents:<\/p>\n<p>Irene Dom\u00e8nech, <a href=\"mailto:idomene7@xtec.cat\">idomene7@xtec.cat<\/a><\/p>\n<p>M\u00f2nica Batlle, <a href=\"mailto:monica.batlle@gencat.cat\">monica.batlle<span class=\"\">@gencat.cat<\/span><\/a><\/p>\n<p>En el seg\u00fcent <a href=\"https:\/\/educacio.gencat.cat\/ca\/serveis-tramits\/formacio-digital\/\">enlla\u00e7<\/a> disposeu de m\u00e9s informaci\u00f3 sobre el programa.<\/p>\n<p>&nbsp;<\/p>\n","protected":false},"excerpt":{"rendered":"<p>La r\u00e0pida transformaci\u00f3 digital de l&#8217;economia i la societat ha convertit les compet\u00e8ncies digitals en eines b\u00e0siques per poder aprofitar les oportunitats que ofereixen des del punt de vista econ\u00f2mic, social i ambiental. Per donar resposta a aquesta necessitat de formaci\u00f3 en compet\u00e8ncies digitals, el Departament d&#8217;Educaci\u00f3 ha creat una\u00a0xarxa de centres de capacitaci\u00f3 digital, [&hellip;]<\/p>\n","protected":false},"author":1,"featured_media":0,"parent":0,"menu_order":0,"comment_status":"closed","ping_status":"closed","template":"","meta":{"_bbp_topic_count":0,"_bbp_reply_count":0,"_bbp_total_topic_count":0,"_bbp_total_reply_count":0,"_bbp_voice_count":0,"_bbp_anonymous_reply_count":0,"_bbp_topic_count_hidden":0,"_bbp_reply_count_hidden":0,"_bbp_forum_subforum_count":0,"site-sidebar-layout":"default","site-content-layout":"","ast-site-content-layout":"","site-content-style":"default","site-sidebar-style":"default","ast-global-header-display":"","ast-banner-title-visibility":"","ast-main-header-display":"","ast-hfb-above-header-display":"","ast-hfb-below-header-display":"","ast-hfb-mobile-header-display":"","site-post-title":"","ast-breadcrumbs-content":"","ast-featured-img":"","footer-sml-layout":"","theme-transparent-header-meta":"","adv-header-id-meta":"","stick-header-meta":"","header-above-stick-meta":"","header-main-stick-meta":"","header-below-stick-meta":"","astra-migrate-meta-layouts":"default","ast-page-background-enabled":"default","ast-page-background-meta":{"desktop":{"background-color":"var(--ast-global-color-4)","background-image":"","background-repeat":"repeat","background-position":"center center","background-size":"auto","background-attachment":"scroll","background-type":"","background-media":"","overlay-type":"","overlay-color":"","overlay-opacity":"","overlay-gradient":""},"tablet":{"background-color":"","background-image":"","background-repeat":"repeat","background-position":"center center","background-size":"auto","background-attachment":"scroll","background-type":"","background-media":"","overlay-type":"","overlay-color":"","overlay-opacity":"","overlay-gradient":""},"mobile":{"background-color":"","background-image":"","background-repeat":"repeat","background-position":"center center","background-size":"auto","background-attachment":"scroll","background-type":"","background-media":"","overlay-type":"","overlay-color":"","overlay-opacity":"","overlay-gradient":""}},"ast-content-background-meta":{"desktop":{"background-color":"var(--ast-global-color-5)","background-image":"","background-repeat":"repeat","background-position":"center center","background-size":"auto","background-attachment":"scroll","background-type":"","background-media":"","overlay-type":"","overlay-color":"","overlay-opacity":"","overlay-gradient":""},"tablet":{"background-color":"var(--ast-global-color-5)","background-image":"","background-repeat":"repeat","background-position":"center center","background-size":"auto","background-attachment":"scroll","background-type":"","background-media":"","overlay-type":"","overlay-color":"","overlay-opacity":"","overlay-gradient":""},"mobile":{"background-color":"var(--ast-global-color-5)","background-image":"","background-repeat":"repeat","background-position":"center center","background-size":"auto","background-attachment":"scroll","background-type":"","background-media":"","overlay-type":"","overlay-color":"","overlay-opacity":"","overlay-gradient":""}},"footnotes":""},"class_list":["post-8416","page","type-page","status-publish","hentry"],"post_mailing_queue_ids":[],"_links":{"self":[{"href":"https:\/\/serveiseducatius.xtec.cat\/mvo\/wp-json\/wp\/v2\/pages\/8416","targetHints":{"allow":["GET"]}}],"collection":[{"href":"https:\/\/serveiseducatius.xtec.cat\/mvo\/wp-json\/wp\/v2\/pages"}],"about":[{"href":"https:\/\/serveiseducatius.xtec.cat\/mvo\/wp-json\/wp\/v2\/types\/page"}],"author":[{"embeddable":true,"href":"https:\/\/serveiseducatius.xtec.cat\/mvo\/wp-json\/wp\/v2\/users\/1"}],"replies":[{"embeddable":true,"href":"https:\/\/serveiseducatius.xtec.cat\/mvo\/wp-json\/wp\/v2\/comments?post=8416"}],"version-history":[{"count":1,"href":"https:\/\/serveiseducatius.xtec.cat\/mvo\/wp-json\/wp\/v2\/pages\/8416\/revisions"}],"predecessor-version":[{"id":8417,"href":"https:\/\/serveiseducatius.xtec.cat\/mvo\/wp-json\/wp\/v2\/pages\/8416\/revisions\/8417"}],"wp:attachment":[{"href":"https:\/\/serveiseducatius.xtec.cat\/mvo\/wp-json\/wp\/v2\/media?parent=8416"}],"curies":[{"name":"wp","href":"https:\/\/api.w.org\/{rel}","templated":true}]}}