{"id":608,"date":"2015-11-27T10:04:51","date_gmt":"2015-11-27T09:04:51","guid":{"rendered":"http:\/\/serveiseducatius.xtec.cat\/montsia\/?page_id=608"},"modified":"2025-08-13T10:59:17","modified_gmt":"2025-08-13T08:59:17","slug":"horari-i-calendari","status":"publish","type":"page","link":"https:\/\/serveiseducatius.xtec.cat\/montsia\/elserveieducatiu\/horari-i-calendari\/","title":{"rendered":"Horari i calendari"},"content":{"rendered":"<p><span style=\"text-decoration: underline;\"><strong>Atenci\u00f3:<\/strong> Sempre que us sigui possible, concerteu pr\u00e8viament la trobada amb el \/ la professional corresponent.<\/span>\u00a0 <a href=\"https:\/\/serveiseducatius.xtec.cat\/montsia\/elserveieducatiu\/on-som\/\"><strong>Veure els tel\u00e8fons i correus per a contactar-nos.<\/strong><\/a><span style=\"text-decoration: underline;\"><br \/>\n<\/span><\/p>\n<p>En per\u00edode lectiu ordinari, el Servei Educatiu Montsi\u00e0 est\u00e0 obert al p\u00fablic:<\/p>\n<ul style=\"list-style-type: disc;\">\n<li><strong>Matins<\/strong>, de dilluns a divendres, de<strong> 11.00<\/strong> a <strong>14.00 <\/strong>h<\/li>\n<li><strong>Tardes<\/strong>, de dilluns a dijous, de<strong> 16.00<\/strong> a <strong>18.00 <\/strong>h; <span style=\"text-decoration: underline;\">les tardes dels divendres (de<strong> 15.00<\/strong> a <strong>17.00 <\/strong>h) nom\u00e9s s&#8217;atendran pr\u00e8via cita amb el professional corresponent.<\/span><\/li>\n<\/ul>\n<hr \/>\n<p><strong>Calendari de jornada intensiva:<\/strong><\/p>\n<ul>\n<li>De l&#8217;1 al 5 de setembre<del><br \/>\n<\/del><\/li>\n<li>19 de desembre<\/li>\n<li>Del 8 de juny al 15 de juliol<\/li>\n<\/ul>\n<p>Atenci\u00f3 al p\u00fablic en horari intensiu, de <strong>9.00<\/strong> a <strong>14.00<\/strong> h<\/p>\n<hr \/>\n<p>El Servei Educatiu romandr\u00e0 tancat al p\u00fablic, a m\u00e9s dels per\u00edodes de vacances escolars i dels dies de festes laborals oficials a Catalunya, els seg\u00fcents dies de festa local i de lliure disposici\u00f3, acordats pel Consell Escolar Municipal d&#8217;Amposta:<\/p>\n<ul>\n<li aria-level=\"1\"><strong>11-09-25 (festiu)<\/strong><\/li>\n<li aria-level=\"1\"><strong>12-10-25 (festiu)<\/strong><\/li>\n<li aria-level=\"1\">31-10-25 (lliure disposici\u00f3)<\/li>\n<li><strong>01-11-25 (festiu)<\/strong><\/li>\n<li>05-12-25 (festa local)<\/li>\n<li aria-level=\"1\"><strong>06-12-25 (festiu)<\/strong><\/li>\n<li aria-level=\"1\"><strong>25-12-25 (festiu)<\/strong><\/li>\n<li aria-level=\"1\"><strong>26-12-25 (festiu)<\/strong><\/li>\n<li aria-level=\"1\"><strong>01-01-26 (festiu)<\/strong><\/li>\n<li aria-level=\"1\"><strong>06-01-26 (festiu)<\/strong><\/li>\n<li aria-level=\"1\">13-02-26 (lliure disposici\u00f3)<\/li>\n<li aria-level=\"1\">16-02-26 (lliure disposici\u00f3)<\/li>\n<li><strong>03-04-26 (festiu)<\/strong><\/li>\n<li aria-level=\"1\"><strong>06-04-26 (festiu)<\/strong><\/li>\n<li aria-level=\"1\">30-04-26 (lliure disposici\u00f3)<\/li>\n<li aria-level=\"1\"><strong>01-05-26 (festiu)<\/strong><\/li>\n<li aria-level=\"1\">18-05-26 (festa local)<\/li>\n<li aria-level=\"1\"><strong>24-06-26 (festiu)<\/strong><\/li>\n<\/ul>\n<p><strong>Vacances de Nadal:<\/strong> del 20 de desembre de 2025 al 07 de gener de 2026.<\/p>\n<p><strong>Vacances de Setmana Santa:<\/strong> del 28 de mar\u00e7 al 6 d&#8217;abril de 2026.<\/p>\n<hr \/>\n<p><img loading=\"lazy\" decoding=\"async\" class=\"alignnone size-large wp-image-16600\" src=\"https:\/\/serveiseducatius.xtec.cat\/montsia\/wp-content\/uploads\/usu1125\/2025\/08\/calendari-25-26-724x1024.jpeg\" alt=\"\" width=\"724\" height=\"1024\" srcset=\"https:\/\/serveiseducatius.xtec.cat\/montsia\/wp-content\/uploads\/usu1125\/2025\/08\/calendari-25-26-724x1024.jpeg 724w, https:\/\/serveiseducatius.xtec.cat\/montsia\/wp-content\/uploads\/usu1125\/2025\/08\/calendari-25-26-212x300.jpeg 212w, https:\/\/serveiseducatius.xtec.cat\/montsia\/wp-content\/uploads\/usu1125\/2025\/08\/calendari-25-26-768x1086.jpeg 768w, https:\/\/serveiseducatius.xtec.cat\/montsia\/wp-content\/uploads\/usu1125\/2025\/08\/calendari-25-26-1086x1536.jpeg 1086w, https:\/\/serveiseducatius.xtec.cat\/montsia\/wp-content\/uploads\/usu1125\/2025\/08\/calendari-25-26.jpeg 1131w\" sizes=\"auto, (max-width: 724px) 100vw, 724px\" \/><\/p>\n","protected":false},"excerpt":{"rendered":"<p>Atenci\u00f3: Sempre que us sigui possible, concerteu pr\u00e8viament la trobada amb el \/ la professional corresponent.\u00a0 Veure els tel\u00e8fons i [&hellip;]<\/p>\n","protected":false},"author":1,"featured_media":0,"parent":797,"menu_order":20,"comment_status":"closed","ping_status":"closed","template":"","meta":{"_bbp_topic_count":0,"_bbp_reply_count":0,"_bbp_total_topic_count":0,"_bbp_total_reply_count":0,"_bbp_voice_count":0,"_bbp_anonymous_reply_count":0,"_bbp_topic_count_hidden":0,"_bbp_reply_count_hidden":0,"_bbp_forum_subforum_count":0,"site-sidebar-layout":"default","site-content-layout":"","ast-site-content-layout":"default","site-content-style":"default","site-sidebar-style":"default","ast-global-header-display":"","ast-banner-title-visibility":"","ast-main-header-display":"","ast-hfb-above-header-display":"","ast-hfb-below-header-display":"","ast-hfb-mobile-header-display":"","site-post-title":"","ast-breadcrumbs-content":"","ast-featured-img":"","footer-sml-layout":"","theme-transparent-header-meta":"","adv-header-id-meta":"","stick-header-meta":"","header-above-stick-meta":"","header-main-stick-meta":"","header-below-stick-meta":"","astra-migrate-meta-layouts":"set","ast-page-background-enabled":"default","ast-page-background-meta":{"desktop":{"background-color":"var(--ast-global-color-4)","background-image":"","background-repeat":"repeat","background-position":"center center","background-size":"auto","background-attachment":"scroll","background-type":"","background-media":"","overlay-type":"","overlay-color":"","overlay-opacity":"","overlay-gradient":""},"tablet":{"background-color":"","background-image":"","background-repeat":"repeat","background-position":"center center","background-size":"auto","background-attachment":"scroll","background-type":"","background-media":"","overlay-type":"","overlay-color":"","overlay-opacity":"","overlay-gradient":""},"mobile":{"background-color":"","background-image":"","background-repeat":"repeat","background-position":"center center","background-size":"auto","background-attachment":"scroll","background-type":"","background-media":"","overlay-type":"","overlay-color":"","overlay-opacity":"","overlay-gradient":""}},"ast-content-background-meta":{"desktop":{"background-color":"var(--ast-global-color-5)","background-image":"","background-repeat":"repeat","background-position":"center center","background-size":"auto","background-attachment":"scroll","background-type":"","background-media":"","overlay-type":"","overlay-color":"","overlay-opacity":"","overlay-gradient":""},"tablet":{"background-color":"var(--ast-global-color-5)","background-image":"","background-repeat":"repeat","background-position":"center center","background-size":"auto","background-attachment":"scroll","background-type":"","background-media":"","overlay-type":"","overlay-color":"","overlay-opacity":"","overlay-gradient":""},"mobile":{"background-color":"var(--ast-global-color-5)","background-image":"","background-repeat":"repeat","background-position":"center center","background-size":"auto","background-attachment":"scroll","background-type":"","background-media":"","overlay-type":"","overlay-color":"","overlay-opacity":"","overlay-gradient":""}},"footnotes":""},"class_list":["post-608","page","type-page","status-publish","hentry"],"post_mailing_queue_ids":[],"_links":{"self":[{"href":"https:\/\/serveiseducatius.xtec.cat\/montsia\/wp-json\/wp\/v2\/pages\/608","targetHints":{"allow":["GET"]}}],"collection":[{"href":"https:\/\/serveiseducatius.xtec.cat\/montsia\/wp-json\/wp\/v2\/pages"}],"about":[{"href":"https:\/\/serveiseducatius.xtec.cat\/montsia\/wp-json\/wp\/v2\/types\/page"}],"author":[{"embeddable":true,"href":"https:\/\/serveiseducatius.xtec.cat\/montsia\/wp-json\/wp\/v2\/users\/1"}],"replies":[{"embeddable":true,"href":"https:\/\/serveiseducatius.xtec.cat\/montsia\/wp-json\/wp\/v2\/comments?post=608"}],"version-history":[{"count":6,"href":"https:\/\/serveiseducatius.xtec.cat\/montsia\/wp-json\/wp\/v2\/pages\/608\/revisions"}],"predecessor-version":[{"id":16608,"href":"https:\/\/serveiseducatius.xtec.cat\/montsia\/wp-json\/wp\/v2\/pages\/608\/revisions\/16608"}],"up":[{"embeddable":true,"href":"https:\/\/serveiseducatius.xtec.cat\/montsia\/wp-json\/wp\/v2\/pages\/797"}],"wp:attachment":[{"href":"https:\/\/serveiseducatius.xtec.cat\/montsia\/wp-json\/wp\/v2\/media?parent=608"}],"curies":[{"name":"wp","href":"https:\/\/api.w.org\/{rel}","templated":true}]}}