{"id":16761,"date":"2025-11-21T20:55:46","date_gmt":"2025-11-21T19:55:46","guid":{"rendered":"https:\/\/serveiseducatius.xtec.cat\/montsia\/?page_id=16761"},"modified":"2025-11-22T12:05:57","modified_gmt":"2025-11-22T11:05:57","slug":"xarxa-de-direccions-del-montsia","status":"publish","type":"page","link":"https:\/\/serveiseducatius.xtec.cat\/montsia\/xarxes\/xarxa-de-direccions-del-montsia\/","title":{"rendered":"Xarxa de Direccions"},"content":{"rendered":"\n        <div class=\"wp-block-getwid-post-carousel custom-post-type-post has-slides-gap-small is-carousel has-arrows-inside has-dots-outside\">\n            <div data-slider-option=\"{&quot;sliderSlidesToShowDesktop&quot;:&quot;2&quot;,&quot;getwid_slidesToShowLaptop&quot;:&quot;1&quot;,&quot;getwid_slidesToShowTablet&quot;:&quot;1&quot;,&quot;getwid_slidesToShowMobile&quot;:&quot;1&quot;,&quot;getwid_autoplay_speed&quot;:3000,&quot;getwid_animation_speed&quot;:800,&quot;getwid_slidesToScroll&quot;:&quot;1&quot;,&quot;getwid_autoplay&quot;:true,&quot;getwid_pause_on_hover&quot;:false,&quot;getwid_infinite&quot;:true,&quot;getwid_center_mode&quot;:false,&quot;getwid_arrows&quot;:&quot;inside&quot;,&quot;getwid_dots&quot;:&quot;outside&quot;}\" class=\"wp-block-getwid-post-carousel__wrapper\">\n                \t\t\t\t\t\t\t<div class=\"wp-block-getwid-post-carousel__slide\">\n\t\t\t\t\t\t\t\t\n<div class=\"wp-block-getwid-post-carousel__post\">\n            <div class=\"wp-block-getwid-post-carousel__post-thumbnail\">\n            <a href=\"https:\/\/serveiseducatius.xtec.cat\/montsia\/general\/xarxa-de-direccions-del-montsia-lideratge-i-seguretat-juridica\/\"><img loading=\"lazy\" decoding=\"async\" width=\"798\" height=\"434\" src=\"https:\/\/serveiseducatius.xtec.cat\/montsia\/wp-content\/uploads\/usu1125\/2025\/11\/lideratge-i-seguretat-juridica.png\" class=\"attachment-post-thumbnail size-post-thumbnail wp-post-image\" alt=\"\" srcset=\"https:\/\/serveiseducatius.xtec.cat\/montsia\/wp-content\/uploads\/usu1125\/2025\/11\/lideratge-i-seguretat-juridica.png 798w, https:\/\/serveiseducatius.xtec.cat\/montsia\/wp-content\/uploads\/usu1125\/2025\/11\/lideratge-i-seguretat-juridica-300x163.png 300w, https:\/\/serveiseducatius.xtec.cat\/montsia\/wp-content\/uploads\/usu1125\/2025\/11\/lideratge-i-seguretat-juridica-768x418.png 768w\" sizes=\"auto, (max-width: 798px) 100vw, 798px\" \/><\/a>\n        <\/div>\n        <div class=\"wp-block-getwid-post-carousel__post-content-wrapper\">\n        <div class=\"wp-block-getwid-post-carousel__post-header\">\n            <h3 class=\"wp-block-getwid-post-carousel__post-title\"><a href=\"https:\/\/serveiseducatius.xtec.cat\/montsia\/general\/xarxa-de-direccions-del-montsia-lideratge-i-seguretat-juridica\/\">Xarxa de direccions del Montsi\u00e0. Lideratge i seguretat jur\u00eddica<\/a><\/h3>        <\/div>\n        <div class=\"wp-block-getwid-post-carousel__post-excerpt\"><p>\u201cLideratge educatiu amb seguretat jur\u00eddica: Eines, drets i protecci\u00f3\u201d va ser el t\u00edtol de la segona sessi\u00f3 de la Xarxa [&hellip;]<\/p>\n<\/div>\n    <\/div>\n<\/div>\n\n\t\t\t\t\t\t\t<\/div>\n\t\t\t\t\t\t\t\t\t\t\t\t\t<div class=\"wp-block-getwid-post-carousel__slide\">\n\t\t\t\t\t\t\t\t\n<div class=\"wp-block-getwid-post-carousel__post\">\n            <div class=\"wp-block-getwid-post-carousel__post-thumbnail\">\n            <a href=\"https:\/\/serveiseducatius.xtec.cat\/montsia\/general\/xarxa-de-direccions-del-montsia-primera-sessio\/\"><img loading=\"lazy\" decoding=\"async\" width=\"1600\" height=\"1200\" src=\"https:\/\/serveiseducatius.xtec.cat\/montsia\/wp-content\/uploads\/usu1125\/2025\/10\/sessio-direccions-2.jpg\" class=\"attachment-post-thumbnail size-post-thumbnail wp-post-image\" alt=\"\" srcset=\"https:\/\/serveiseducatius.xtec.cat\/montsia\/wp-content\/uploads\/usu1125\/2025\/10\/sessio-direccions-2.jpg 1600w, https:\/\/serveiseducatius.xtec.cat\/montsia\/wp-content\/uploads\/usu1125\/2025\/10\/sessio-direccions-2-300x225.jpg 300w, https:\/\/serveiseducatius.xtec.cat\/montsia\/wp-content\/uploads\/usu1125\/2025\/10\/sessio-direccions-2-1024x768.jpg 1024w, https:\/\/serveiseducatius.xtec.cat\/montsia\/wp-content\/uploads\/usu1125\/2025\/10\/sessio-direccions-2-768x576.jpg 768w, https:\/\/serveiseducatius.xtec.cat\/montsia\/wp-content\/uploads\/usu1125\/2025\/10\/sessio-direccions-2-1536x1152.jpg 1536w\" sizes=\"auto, (max-width: 1600px) 100vw, 1600px\" \/><\/a>\n        <\/div>\n        <div class=\"wp-block-getwid-post-carousel__post-content-wrapper\">\n        <div class=\"wp-block-getwid-post-carousel__post-header\">\n            <h3 class=\"wp-block-getwid-post-carousel__post-title\"><a href=\"https:\/\/serveiseducatius.xtec.cat\/montsia\/general\/xarxa-de-direccions-del-montsia-primera-sessio\/\">Xarxa de direccions del Montsi\u00e0. Primera sessi\u00f3.<\/a><\/h3>        <\/div>\n        <div class=\"wp-block-getwid-post-carousel__post-excerpt\"><p>Hem iniciat les sessions de la Xarxa de direccions del Montsi\u00e0 avan\u00e7ant en el lideratge educatiu de les direccions, figures [&hellip;]<\/p>\n<\/div>\n    <\/div>\n<\/div>\n\n\t\t\t\t\t\t\t<\/div>\n\t\t\t\t\t\t\t\t\t\t\t\t\t<div class=\"wp-block-getwid-post-carousel__slide\">\n\t\t\t\t\t\t\t\t\n<div class=\"wp-block-getwid-post-carousel__post\">\n            <div class=\"wp-block-getwid-post-carousel__post-thumbnail\">\n            <a href=\"https:\/\/serveiseducatius.xtec.cat\/montsia\/general\/la-xarxa-de-direccions-de-centres-educatius-del-montsia-aprofundeix-en-el-protocol-de-violencies-sexuals\/\"><img loading=\"lazy\" decoding=\"async\" width=\"2040\" height=\"1536\" src=\"https:\/\/serveiseducatius.xtec.cat\/montsia\/wp-content\/uploads\/usu1125\/2025\/02\/xarxa-direccions-centres-montsia.jpeg\" class=\"attachment-post-thumbnail size-post-thumbnail wp-post-image\" alt=\"\" srcset=\"https:\/\/serveiseducatius.xtec.cat\/montsia\/wp-content\/uploads\/usu1125\/2025\/02\/xarxa-direccions-centres-montsia.jpeg 2040w, https:\/\/serveiseducatius.xtec.cat\/montsia\/wp-content\/uploads\/usu1125\/2025\/02\/xarxa-direccions-centres-montsia-300x226.jpeg 300w, https:\/\/serveiseducatius.xtec.cat\/montsia\/wp-content\/uploads\/usu1125\/2025\/02\/xarxa-direccions-centres-montsia-1024x771.jpeg 1024w, https:\/\/serveiseducatius.xtec.cat\/montsia\/wp-content\/uploads\/usu1125\/2025\/02\/xarxa-direccions-centres-montsia-768x578.jpeg 768w, https:\/\/serveiseducatius.xtec.cat\/montsia\/wp-content\/uploads\/usu1125\/2025\/02\/xarxa-direccions-centres-montsia-1536x1157.jpeg 1536w\" sizes=\"auto, (max-width: 2040px) 100vw, 2040px\" \/><\/a>\n        <\/div>\n        <div class=\"wp-block-getwid-post-carousel__post-content-wrapper\">\n        <div class=\"wp-block-getwid-post-carousel__post-header\">\n            <h3 class=\"wp-block-getwid-post-carousel__post-title\"><a href=\"https:\/\/serveiseducatius.xtec.cat\/montsia\/general\/la-xarxa-de-direccions-de-centres-educatius-del-montsia-aprofundeix-en-el-protocol-de-violencies-sexuals\/\">La xarxa de direccions de centres educatius del Montsi\u00e0 aprofundeix en el protocol de viol\u00e8ncies sexuals<\/a><\/h3>        <\/div>\n        <div class=\"wp-block-getwid-post-carousel__post-excerpt\"><p>A la tercera sessi\u00f3 de la Xarxa de direccions de centres educatius del Montsi\u00e0 s&#8217;ha treballat el protocol de detecci\u00f3 [&hellip;]<\/p>\n<\/div>\n    <\/div>\n<\/div>\n\n\t\t\t\t\t\t\t<\/div>\n\t\t\t\t\t\t            <\/div>\n        <\/div>\n        \n\n\n<p>La Xarxa de Direccions del Montsi\u00e0 est\u00e0 formada pels directors i directores dels centres educatius de Prim\u00e0ria i Secund\u00e0ria del Montsi\u00e0.<\/p>\n\n\n\n<p>Cada sessi\u00f3 s&#8217;estructura a partir de dos espais (o moments). L&#8217;espai d&#8217;aprenentatge entre iguals, on es comparteixen necessitats i dubtes vinculats a l&#8217;exercici de la direcci\u00f3, i l&#8217;espai de formaci\u00f3 directiva, on s&#8217;hi van encabint continguts formatius vincular a l&#8217;\u00e0mbit del lideratge educatiu.<\/p>\n\n\n\n<p>Exemples de tem\u00e0tiques d&#8217;inter\u00e8s del grup:<\/p>\n\n\n\n<ul class=\"wp-block-list\">\n<li>Lideratge i benestar docent<\/li>\n\n\n\n<li>L&#8217;art de la conversa: quines converses tenim com a l\u00edders educatius?<\/li>\n\n\n\n<li>Lideratge educatiu amb seguretat jur\u00eddica: Eines, drets i protecci\u00f3.<\/li>\n\n\n\n<li>Lideratge educatiu: mentoria i coaching.<\/li>\n\n\n\n<li>Lideratge transformador: gesti\u00f3 del canvi.<\/li>\n\n\n\n<li>Influ\u00e8ncia del lideratge en el clima i cultura de centre.<\/li>\n\n\n\n<li>Lideratge i gesti\u00f3 de conflictes.<\/li>\n\n\n\n<li>A partir de la lectura dels indicadors de centre, quines accions hem de fer com a l\u00edders educatius?<\/li>\n\n\n\n<li>Lideratge i organitzacions que aprenen.<\/li>\n<\/ul>\n\n\n\n<p><\/p>\n","protected":false},"excerpt":{"rendered":"<p>La Xarxa de Direccions del Montsi\u00e0 est\u00e0 formada pels directors i directores dels centres educatius de Prim\u00e0ria i Secund\u00e0ria del [&hellip;]<\/p>\n","protected":false},"author":1,"featured_media":0,"parent":16753,"menu_order":0,"comment_status":"closed","ping_status":"close","template":"","meta":{"_bbp_topic_count":0,"_bbp_reply_count":0,"_bbp_total_topic_count":0,"_bbp_total_reply_count":0,"_bbp_voice_count":0,"_bbp_anonymous_reply_count":0,"_bbp_topic_count_hidden":0,"_bbp_reply_count_hidden":0,"_bbp_forum_subforum_count":0,"site-sidebar-layout":"default","site-content-layout":"","ast-site-content-layout":"default","site-content-style":"default","site-sidebar-style":"default","ast-global-header-display":"","ast-banner-title-visibility":"","ast-main-header-display":"","ast-hfb-above-header-display":"","ast-hfb-below-header-display":"","ast-hfb-mobile-header-display":"","site-post-title":"","ast-breadcrumbs-content":"","ast-featured-img":"","footer-sml-layout":"","theme-transparent-header-meta":"","adv-header-id-meta":"","stick-header-meta":"","header-above-stick-meta":"","header-main-stick-meta":"","header-below-stick-meta":"","astra-migrate-meta-layouts":"set","ast-page-background-enabled":"default","ast-page-background-meta":{"desktop":{"background-color":"var(--ast-global-color-4)","background-image":"","background-repeat":"repeat","background-position":"center center","background-size":"auto","background-attachment":"scroll","background-type":"","background-media":"","overlay-type":"","overlay-color":"","overlay-opacity":"","overlay-gradient":""},"tablet":{"background-color":"","background-image":"","background-repeat":"repeat","background-position":"center center","background-size":"auto","background-attachment":"scroll","background-type":"","background-media":"","overlay-type":"","overlay-color":"","overlay-opacity":"","overlay-gradient":""},"mobile":{"background-color":"","background-image":"","background-repeat":"repeat","background-position":"center center","background-size":"auto","background-attachment":"scroll","background-type":"","background-media":"","overlay-type":"","overlay-color":"","overlay-opacity":"","overlay-gradient":""}},"ast-content-background-meta":{"desktop":{"background-color":"var(--ast-global-color-5)","background-image":"","background-repeat":"repeat","background-position":"center center","background-size":"auto","background-attachment":"scroll","background-type":"","background-media":"","overlay-type":"","overlay-color":"","overlay-opacity":"","overlay-gradient":""},"tablet":{"background-color":"var(--ast-global-color-5)","background-image":"","background-repeat":"repeat","background-position":"center center","background-size":"auto","background-attachment":"scroll","background-type":"","background-media":"","overlay-type":"","overlay-color":"","overlay-opacity":"","overlay-gradient":""},"mobile":{"background-color":"var(--ast-global-color-5)","background-image":"","background-repeat":"repeat","background-position":"center center","background-size":"auto","background-attachment":"scroll","background-type":"","background-media":"","overlay-type":"","overlay-color":"","overlay-opacity":"","overlay-gradient":""}},"footnotes":""},"class_list":["post-16761","page","type-page","status-publish","hentry"],"post_mailing_queue_ids":[],"_links":{"self":[{"href":"https:\/\/serveiseducatius.xtec.cat\/montsia\/wp-json\/wp\/v2\/pages\/16761","targetHints":{"allow":["GET"]}}],"collection":[{"href":"https:\/\/serveiseducatius.xtec.cat\/montsia\/wp-json\/wp\/v2\/pages"}],"about":[{"href":"https:\/\/serveiseducatius.xtec.cat\/montsia\/wp-json\/wp\/v2\/types\/page"}],"author":[{"embeddable":true,"href":"https:\/\/serveiseducatius.xtec.cat\/montsia\/wp-json\/wp\/v2\/users\/1"}],"replies":[{"embeddable":true,"href":"https:\/\/serveiseducatius.xtec.cat\/montsia\/wp-json\/wp\/v2\/comments?post=16761"}],"version-history":[{"count":3,"href":"https:\/\/serveiseducatius.xtec.cat\/montsia\/wp-json\/wp\/v2\/pages\/16761\/revisions"}],"predecessor-version":[{"id":16811,"href":"https:\/\/serveiseducatius.xtec.cat\/montsia\/wp-json\/wp\/v2\/pages\/16761\/revisions\/16811"}],"up":[{"embeddable":true,"href":"https:\/\/serveiseducatius.xtec.cat\/montsia\/wp-json\/wp\/v2\/pages\/16753"}],"wp:attachment":[{"href":"https:\/\/serveiseducatius.xtec.cat\/montsia\/wp-json\/wp\/v2\/media?parent=16761"}],"curies":[{"name":"wp","href":"https:\/\/api.w.org\/{rel}","templated":true}]}}

<div class="wp-block-getwid-post-carousel custom-post-type-post has-slides-gap-small is-carousel has-arrows-inside has-dots-outside">
            <div data-slider-option="{&quot;sliderSlidesToShowDesktop&quot;:&quot;2&quot;,&quot;getwid_slidesToShowLaptop&quot;:&quot;1&quot;,&quot;getwid_slidesToShowTablet&quot;:&quot;1&quot;,&quot;getwid_slidesToShowMobile&quot;:&quot;1&quot;,&quot;getwid_autoplay_speed&quot;:3000,&quot;getwid_animation_speed&quot;:800,&quot;getwid_slidesToScroll&quot;:&quot;1&quot;,&quot;getwid_autoplay&quot;:true,&quot;getwid_pause_on_hover&quot;:false,&quot;getwid_infinite&quot;:true,&quot;getwid_center_mode&quot;:false,&quot;getwid_arrows&quot;:&quot;inside&quot;,&quot;getwid_dots&quot;:&quot;outside&quot;}" class="wp-block-getwid-post-carousel__wrapper">
                							<div class="wp-block-getwid-post-carousel__slide">
								
<div class="wp-block-getwid-post-carousel__post">
            <div class="wp-block-getwid-post-carousel__post-thumbnail">
            <a href="https://serveiseducatius.xtec.cat/montsia/general/xarxa-de-direccions-del-montsia-lideratge-i-seguretat-juridica/"><img loading="lazy" decoding="async" width="798" height="434" src="https://serveiseducatius.xtec.cat/montsia/wp-content/uploads/usu1125/2025/11/lideratge-i-seguretat-juridica.png" class="attachment-post-thumbnail size-post-thumbnail wp-post-image" alt="" srcset="https://serveiseducatius.xtec.cat/montsia/wp-content/uploads/usu1125/2025/11/lideratge-i-seguretat-juridica.png 798w, https://serveiseducatius.xtec.cat/montsia/wp-content/uploads/usu1125/2025/11/lideratge-i-seguretat-juridica-300x163.png 300w, https://serveiseducatius.xtec.cat/montsia/wp-content/uploads/usu1125/2025/11/lideratge-i-seguretat-juridica-768x418.png 768w" sizes="auto, (max-width: 798px) 100vw, 798px" /></a>
        </div>
        <div class="wp-block-getwid-post-carousel__post-content-wrapper">
        <div class="wp-block-getwid-post-carousel__post-header">
            <h3 class="wp-block-getwid-post-carousel__post-title"><a href="https://serveiseducatius.xtec.cat/montsia/general/xarxa-de-direccions-del-montsia-lideratge-i-seguretat-juridica/">Xarxa de direccions del Montsià. Lideratge i seguretat jurídica</a></h3>        </div>
        <div class="wp-block-getwid-post-carousel__post-excerpt"><p>“Lideratge educatiu amb seguretat jurídica: Eines, drets i protecció” va ser el títol de la segona sessió de la Xarxa [&hellip;]</p>
</div>
    </div>
</div>

							</div>
													<div class="wp-block-getwid-post-carousel__slide">
								
<div class="wp-block-getwid-post-carousel__post">
            <div class="wp-block-getwid-post-carousel__post-thumbnail">
            <a href="https://serveiseducatius.xtec.cat/montsia/general/xarxa-de-direccions-del-montsia-primera-sessio/"><img loading="lazy" decoding="async" width="1600" height="1200" src="https://serveiseducatius.xtec.cat/montsia/wp-content/uploads/usu1125/2025/10/sessio-direccions-2.jpg" class="attachment-post-thumbnail size-post-thumbnail wp-post-image" alt="" srcset="https://serveiseducatius.xtec.cat/montsia/wp-content/uploads/usu1125/2025/10/sessio-direccions-2.jpg 1600w, https://serveiseducatius.xtec.cat/montsia/wp-content/uploads/usu1125/2025/10/sessio-direccions-2-300x225.jpg 300w, https://serveiseducatius.xtec.cat/montsia/wp-content/uploads/usu1125/2025/10/sessio-direccions-2-1024x768.jpg 1024w, https://serveiseducatius.xtec.cat/montsia/wp-content/uploads/usu1125/2025/10/sessio-direccions-2-768x576.jpg 768w, https://serveiseducatius.xtec.cat/montsia/wp-content/uploads/usu1125/2025/10/sessio-direccions-2-1536x1152.jpg 1536w" sizes="auto, (max-width: 1600px) 100vw, 1600px" /></a>
        </div>
        <div class="wp-block-getwid-post-carousel__post-content-wrapper">
        <div class="wp-block-getwid-post-carousel__post-header">
            <h3 class="wp-block-getwid-post-carousel__post-title"><a href="https://serveiseducatius.xtec.cat/montsia/general/xarxa-de-direccions-del-montsia-primera-sessio/">Xarxa de direccions del Montsià. Primera sessió.</a></h3>        </div>
        <div class="wp-block-getwid-post-carousel__post-excerpt"><p>Hem iniciat les sessions de la Xarxa de direccions del Montsià avançant en el lideratge educatiu de les direccions, figures [&hellip;]</p>
</div>
    </div>
</div>

							</div>
													<div class="wp-block-getwid-post-carousel__slide">
								
<div class="wp-block-getwid-post-carousel__post">
            <div class="wp-block-getwid-post-carousel__post-thumbnail">
            <a href="https://serveiseducatius.xtec.cat/montsia/general/la-xarxa-de-direccions-de-centres-educatius-del-montsia-aprofundeix-en-el-protocol-de-violencies-sexuals/"><img loading="lazy" decoding="async" width="2040" height="1536" src="https://serveiseducatius.xtec.cat/montsia/wp-content/uploads/usu1125/2025/02/xarxa-direccions-centres-montsia.jpeg" class="attachment-post-thumbnail size-post-thumbnail wp-post-image" alt="" srcset="https://serveiseducatius.xtec.cat/montsia/wp-content/uploads/usu1125/2025/02/xarxa-direccions-centres-montsia.jpeg 2040w, https://serveiseducatius.xtec.cat/montsia/wp-content/uploads/usu1125/2025/02/xarxa-direccions-centres-montsia-300x226.jpeg 300w, https://serveiseducatius.xtec.cat/montsia/wp-content/uploads/usu1125/2025/02/xarxa-direccions-centres-montsia-1024x771.jpeg 1024w, https://serveiseducatius.xtec.cat/montsia/wp-content/uploads/usu1125/2025/02/xarxa-direccions-centres-montsia-768x578.jpeg 768w, https://serveiseducatius.xtec.cat/montsia/wp-content/uploads/usu1125/2025/02/xarxa-direccions-centres-montsia-1536x1157.jpeg 1536w" sizes="auto, (max-width: 2040px) 100vw, 2040px" /></a>
        </div>
        <div class="wp-block-getwid-post-carousel__post-content-wrapper">
        <div class="wp-block-getwid-post-carousel__post-header">
            <h3 class="wp-block-getwid-post-carousel__post-title"><a href="https://serveiseducatius.xtec.cat/montsia/general/la-xarxa-de-direccions-de-centres-educatius-del-montsia-aprofundeix-en-el-protocol-de-violencies-sexuals/">La xarxa de direccions de centres educatius del Montsià aprofundeix en el protocol de violències sexuals</a></h3>        </div>
        <div class="wp-block-getwid-post-carousel__post-excerpt"><p>A la tercera sessió de la Xarxa de direccions de centres educatius del Montsià s&#8217;ha treballat el protocol de detecció [&hellip;]</p>
</div>
    </div>
</div>

							</div>
						            </div>
        </div>
        


<p>La Xarxa de Direccions del Montsià està formada pels directors i directores dels centres educatius de Primària i Secundària del Montsià.</p>



<p>Cada sessió s&#8217;estructura a partir de dos espais (o moments). L&#8217;espai d&#8217;aprenentatge entre iguals, on es comparteixen necessitats i dubtes vinculats a l&#8217;exercici de la direcció, i l&#8217;espai de formació directiva, on s&#8217;hi van encabint continguts formatius vincular a l&#8217;àmbit del lideratge educatiu.</p>



<p>Exemples de temàtiques d&#8217;interès del grup:</p>



<ul class="wp-block-list">
<li>Lideratge i benestar docent</li>



<li>L&#8217;art de la conversa: quines converses tenim com a líders educatius?</li>



<li>Lideratge educatiu amb seguretat jurídica: Eines, drets i protecció.</li>



<li>Lideratge educatiu: mentoria i coaching.</li>



<li>Lideratge transformador: gestió del canvi.</li>



<li>Influència del lideratge en el clima i cultura de centre.</li>



<li>Lideratge i gestió de conflictes.</li>



<li>A partir de la lectura dels indicadors de centre, quines accions hem de fer com a líders educatius?</li>



<li>Lideratge i organitzacions que aprenen.</li>
</ul>



<p></p>

<p>La Xarxa de Direccions del Montsià està formada pels directors i directores dels centres educatius de Primària i Secundària del [&hellip;]</p>
