{"id":15316,"date":"2024-12-20T12:11:32","date_gmt":"2024-12-20T11:11:32","guid":{"rendered":"https:\/\/serveiseducatius.xtec.cat\/montsia\/?page_id=15316"},"modified":"2025-11-22T11:09:40","modified_gmt":"2025-11-22T10:09:40","slug":"xarxa-de-competencia-lectora","status":"publish","type":"page","link":"https:\/\/serveiseducatius.xtec.cat\/montsia\/xarxes\/xarxa-de-competencia-lectora\/","title":{"rendered":"Xarxa de Millora de la Compet\u00e8ncia Lectora"},"content":{"rendered":"\n        <div class=\"wp-block-getwid-post-carousel custom-post-type-post has-slides-gap-small is-carousel has-arrows-inside has-dots-outside\">\n            <div data-slider-option=\"{&quot;sliderSlidesToShowDesktop&quot;:&quot;2&quot;,&quot;getwid_slidesToShowLaptop&quot;:&quot;1&quot;,&quot;getwid_slidesToShowTablet&quot;:&quot;1&quot;,&quot;getwid_slidesToShowMobile&quot;:&quot;1&quot;,&quot;getwid_autoplay_speed&quot;:2000,&quot;getwid_animation_speed&quot;:800,&quot;getwid_slidesToScroll&quot;:&quot;1&quot;,&quot;getwid_autoplay&quot;:true,&quot;getwid_pause_on_hover&quot;:false,&quot;getwid_infinite&quot;:false,&quot;getwid_center_mode&quot;:false,&quot;getwid_arrows&quot;:&quot;inside&quot;,&quot;getwid_dots&quot;:&quot;outside&quot;}\" class=\"wp-block-getwid-post-carousel__wrapper\">\n                \t\t\t\t\t\t\t<div class=\"wp-block-getwid-post-carousel__slide\">\n\t\t\t\t\t\t\t\t\n<div class=\"wp-block-getwid-post-carousel__post\">\n            <div class=\"wp-block-getwid-post-carousel__post-thumbnail\">\n            <a href=\"https:\/\/serveiseducatius.xtec.cat\/montsia\/general\/1a-sessio-formativa-de-la-xarxa-en-competencia-lectora-de-1r-any-a-les-terres-de-lebre\/\"><img loading=\"lazy\" decoding=\"async\" width=\"658\" height=\"371\" src=\"https:\/\/serveiseducatius.xtec.cat\/montsia\/wp-content\/uploads\/usu1125\/2025\/11\/xarxa-mcl-1rany.png\" class=\"attachment-post-thumbnail size-post-thumbnail wp-post-image\" alt=\"\" srcset=\"https:\/\/serveiseducatius.xtec.cat\/montsia\/wp-content\/uploads\/usu1125\/2025\/11\/xarxa-mcl-1rany.png 658w, https:\/\/serveiseducatius.xtec.cat\/montsia\/wp-content\/uploads\/usu1125\/2025\/11\/xarxa-mcl-1rany-300x169.png 300w\" sizes=\"auto, (max-width: 658px) 100vw, 658px\" \/><\/a>\n        <\/div>\n        <div class=\"wp-block-getwid-post-carousel__post-content-wrapper\">\n        <div class=\"wp-block-getwid-post-carousel__post-header\">\n            <h3 class=\"wp-block-getwid-post-carousel__post-title\"><a href=\"https:\/\/serveiseducatius.xtec.cat\/montsia\/general\/1a-sessio-formativa-de-la-xarxa-en-competencia-lectora-de-1r-any-a-les-terres-de-lebre\/\">1a sessi\u00f3 formativa de la Xarxa en Compet\u00e8ncia Lectora de 1r any a les Terres de l\u2019Ebre<\/a><\/h3>        <\/div>\n        <div class=\"wp-block-getwid-post-carousel__post-excerpt\"><p>En aquesta primera sessi\u00f3 hem treballat continguts relacionats amb la descodificaci\u00f3 i la flu\u00efdesa lectora. Gr\u00e0cies per voler-ne formar part [&hellip;]<\/p>\n<\/div>\n    <\/div>\n<\/div>\n\n\t\t\t\t\t\t\t<\/div>\n\t\t\t\t\t\t\t\t\t\t\t\t\t<div class=\"wp-block-getwid-post-carousel__slide\">\n\t\t\t\t\t\t\t\t\n<div class=\"wp-block-getwid-post-carousel__post\">\n            <div class=\"wp-block-getwid-post-carousel__post-thumbnail\">\n            <a href=\"https:\/\/serveiseducatius.xtec.cat\/montsia\/general\/1a-sessio-formativa-de-la-xarxa-en-competencia-lectora-de-2n-any-a-les-terres-de-lebre\/\"><img loading=\"lazy\" decoding=\"async\" width=\"572\" height=\"315\" src=\"https:\/\/serveiseducatius.xtec.cat\/montsia\/wp-content\/uploads\/usu1125\/2025\/11\/xarxa-mcl-2nany.png\" class=\"attachment-post-thumbnail size-post-thumbnail wp-post-image\" alt=\"\" srcset=\"https:\/\/serveiseducatius.xtec.cat\/montsia\/wp-content\/uploads\/usu1125\/2025\/11\/xarxa-mcl-2nany.png 572w, https:\/\/serveiseducatius.xtec.cat\/montsia\/wp-content\/uploads\/usu1125\/2025\/11\/xarxa-mcl-2nany-300x165.png 300w\" sizes=\"auto, (max-width: 572px) 100vw, 572px\" \/><\/a>\n        <\/div>\n        <div class=\"wp-block-getwid-post-carousel__post-content-wrapper\">\n        <div class=\"wp-block-getwid-post-carousel__post-header\">\n            <h3 class=\"wp-block-getwid-post-carousel__post-title\"><a href=\"https:\/\/serveiseducatius.xtec.cat\/montsia\/general\/1a-sessio-formativa-de-la-xarxa-en-competencia-lectora-de-2n-any-a-les-terres-de-lebre\/\">1a sessi\u00f3 formativa de la Xarxa en Compet\u00e8ncia Lectora de 2n any a les Terres de l\u2019Ebre<\/a><\/h3>        <\/div>\n        <div class=\"wp-block-getwid-post-carousel__post-excerpt\"><p>A la primera sessi\u00f3 hem treballat continguts relacionats amb la lectura a les diferents \u00e0rees i mat\u00e8ries, aix\u00ed com el [&hellip;]<\/p>\n<\/div>\n    <\/div>\n<\/div>\n\n\t\t\t\t\t\t\t<\/div>\n\t\t\t\t\t\t\t\t\t\t\t\t\t<div class=\"wp-block-getwid-post-carousel__slide\">\n\t\t\t\t\t\t\t\t\n<div class=\"wp-block-getwid-post-carousel__post\">\n            <div class=\"wp-block-getwid-post-carousel__post-thumbnail\">\n            <a href=\"https:\/\/serveiseducatius.xtec.cat\/montsia\/general\/quart-plenari-de-la-xarxa-de-competencia-lectora\/\"><img loading=\"lazy\" decoding=\"async\" width=\"1020\" height=\"469\" src=\"https:\/\/serveiseducatius.xtec.cat\/montsia\/wp-content\/uploads\/usu1125\/2025\/03\/4a-sessio-XCL.png\" class=\"attachment-post-thumbnail size-post-thumbnail wp-post-image\" alt=\"\" srcset=\"https:\/\/serveiseducatius.xtec.cat\/montsia\/wp-content\/uploads\/usu1125\/2025\/03\/4a-sessio-XCL.png 1020w, https:\/\/serveiseducatius.xtec.cat\/montsia\/wp-content\/uploads\/usu1125\/2025\/03\/4a-sessio-XCL-300x138.png 300w, https:\/\/serveiseducatius.xtec.cat\/montsia\/wp-content\/uploads\/usu1125\/2025\/03\/4a-sessio-XCL-768x353.png 768w\" sizes=\"auto, (max-width: 1020px) 100vw, 1020px\" \/><\/a>\n        <\/div>\n        <div class=\"wp-block-getwid-post-carousel__post-content-wrapper\">\n        <div class=\"wp-block-getwid-post-carousel__post-header\">\n            <h3 class=\"wp-block-getwid-post-carousel__post-title\"><a href=\"https:\/\/serveiseducatius.xtec.cat\/montsia\/general\/quart-plenari-de-la-xarxa-de-competencia-lectora\/\">Quart plenari de la Xarxa de Compet\u00e8ncia Lectora<\/a><\/h3>        <\/div>\n        <div class=\"wp-block-getwid-post-carousel__post-excerpt\"><p>El passat dilluns es va dur a terme el quart plenari de la Xarxa de Compet\u00e8ncia Lectora (XCL) als Serveis [&hellip;]<\/p>\n<\/div>\n    <\/div>\n<\/div>\n\n\t\t\t\t\t\t\t<\/div>\n\t\t\t\t\t\t\t\t\t\t\t\t\t<div class=\"wp-block-getwid-post-carousel__slide\">\n\t\t\t\t\t\t\t\t\n<div class=\"wp-block-getwid-post-carousel__post\">\n            <div class=\"wp-block-getwid-post-carousel__post-thumbnail\">\n            <a href=\"https:\/\/serveiseducatius.xtec.cat\/montsia\/general\/conferencia-david-bueno\/\"><img loading=\"lazy\" decoding=\"async\" width=\"400\" height=\"225\" src=\"https:\/\/serveiseducatius.xtec.cat\/montsia\/wp-content\/uploads\/usu1125\/2025\/03\/portada_DB.png\" class=\"attachment-post-thumbnail size-post-thumbnail wp-post-image\" alt=\"\" srcset=\"https:\/\/serveiseducatius.xtec.cat\/montsia\/wp-content\/uploads\/usu1125\/2025\/03\/portada_DB.png 400w, https:\/\/serveiseducatius.xtec.cat\/montsia\/wp-content\/uploads\/usu1125\/2025\/03\/portada_DB-300x169.png 300w\" sizes=\"auto, (max-width: 400px) 100vw, 400px\" \/><\/a>\n        <\/div>\n        <div class=\"wp-block-getwid-post-carousel__post-content-wrapper\">\n        <div class=\"wp-block-getwid-post-carousel__post-header\">\n            <h3 class=\"wp-block-getwid-post-carousel__post-title\"><a href=\"https:\/\/serveiseducatius.xtec.cat\/montsia\/general\/conferencia-david-bueno\/\">Confer\u00e8ncia David Bueno<\/a><\/h3>        <\/div>\n        <div class=\"wp-block-getwid-post-carousel__post-excerpt\"><p>Llegir amb optimisme. Com influeix l\u2019atenci\u00f3 en la capacitat de llegir reflexivament? Vols saber com influeix l\u2019atenci\u00f3 en la capacitat [&hellip;]<\/p>\n<\/div>\n    <\/div>\n<\/div>\n\n\t\t\t\t\t\t\t<\/div>\n\t\t\t\t\t\t\t\t\t\t\t\t\t<div class=\"wp-block-getwid-post-carousel__slide\">\n\t\t\t\t\t\t\t\t\n<div class=\"wp-block-getwid-post-carousel__post\">\n            <div class=\"wp-block-getwid-post-carousel__post-thumbnail\">\n            <a href=\"https:\/\/serveiseducatius.xtec.cat\/montsia\/general\/primer-plenari-de-la-xarxa-de-competencia-lectora\/\"><img loading=\"lazy\" decoding=\"async\" width=\"636\" height=\"328\" src=\"https:\/\/serveiseducatius.xtec.cat\/montsia\/wp-content\/uploads\/usu1125\/2024\/12\/primera-sessio-xcl-24-25.png\" class=\"attachment-post-thumbnail size-post-thumbnail wp-post-image\" alt=\"\" srcset=\"https:\/\/serveiseducatius.xtec.cat\/montsia\/wp-content\/uploads\/usu1125\/2024\/12\/primera-sessio-xcl-24-25.png 636w, https:\/\/serveiseducatius.xtec.cat\/montsia\/wp-content\/uploads\/usu1125\/2024\/12\/primera-sessio-xcl-24-25-300x155.png 300w\" sizes=\"auto, (max-width: 636px) 100vw, 636px\" \/><\/a>\n        <\/div>\n        <div class=\"wp-block-getwid-post-carousel__post-content-wrapper\">\n        <div class=\"wp-block-getwid-post-carousel__post-header\">\n            <h3 class=\"wp-block-getwid-post-carousel__post-title\"><a href=\"https:\/\/serveiseducatius.xtec.cat\/montsia\/general\/primer-plenari-de-la-xarxa-de-competencia-lectora\/\">Primer plenari de la Xarxa de compet\u00e8ncia lectora<\/a><\/h3>        <\/div>\n        <div class=\"wp-block-getwid-post-carousel__post-excerpt\"><p>El passat dia 14 d\u2019octubre es va dur a terme als serveis educatius del Baix Ebre el primer plenari de [&hellip;]<\/p>\n<\/div>\n    <\/div>\n<\/div>\n\n\t\t\t\t\t\t\t<\/div>\n\t\t\t\t\t\t            <\/div>\n        <\/div>\n        \n\n\n<figure class=\"wp-block-image aligncenter size-full is-resized\"><a href=\"https:\/\/serveiseducatius.xtec.cat\/montsia\/wp-content\/uploads\/usu1125\/2024\/12\/millorem-la-competencia-linguistica.png\"><img loading=\"lazy\" decoding=\"async\" width=\"903\" height=\"544\" src=\"https:\/\/serveiseducatius.xtec.cat\/montsia\/wp-content\/uploads\/usu1125\/2024\/12\/millorem-la-competencia-linguistica.png\" alt=\"\" class=\"wp-image-15318\" style=\"width:652px;height:auto\" srcset=\"https:\/\/serveiseducatius.xtec.cat\/montsia\/wp-content\/uploads\/usu1125\/2024\/12\/millorem-la-competencia-linguistica.png 903w, https:\/\/serveiseducatius.xtec.cat\/montsia\/wp-content\/uploads\/usu1125\/2024\/12\/millorem-la-competencia-linguistica-300x181.png 300w, https:\/\/serveiseducatius.xtec.cat\/montsia\/wp-content\/uploads\/usu1125\/2024\/12\/millorem-la-competencia-linguistica-768x463.png 768w\" sizes=\"auto, (max-width: 903px) 100vw, 903px\" \/><\/a><\/figure>\n\n\n\n<p>Dins del Pla per a la millora de la compet\u00e8ncia lectora, a inici del curs 2024-2025 s\u2019ha creat la <strong>Xarxa de compet\u00e8ncia lectora de Terres de l&#8217;Ebre (XCL)<\/strong>.&nbsp;<\/p>\n\n\n\n<p>Els centres del Montsi\u00e0 que hi participen s\u00f3n:<\/p>\n\n\n\n<ul class=\"wp-block-list\">\n<li>ESC Miquel Granell (Amposta) (curs 24-25)<\/li>\n\n\n\n<li>ESC Horta Vella (La R\u00e0pita) (cursos 24-25 i 25-26)<\/li>\n\n\n\n<li>INS de La S\u00e9nia (La S\u00e9nia) (cursos 24-25 i 25-26)<\/li>\n\n\n\n<li>Escola Soriano-Montagut (curs 25-26)<\/li>\n\n\n\n<li>Institut Manuel Sales i Ferr\u00e9 (curs 25-26)<\/li>\n\n\n\n<li>ZER Mediterr\u00e0nia (curs 25-26)<\/li>\n\n\n\n<li>Escola Maria Jes\u00fas Ort\u00ed i Abella (curs 25-26)<\/li>\n<\/ul>\n\n\n\n<p>La <strong>XCL<\/strong> vol promoure l\u2019aprenentatge entre iguals, mitjan\u00e7ant la reflexi\u00f3, l\u2019intercanvi de coneixements i de bones pr\u00e0ctiques. Pret\u00e9n tamb\u00e9, fer emergir bones pr\u00e0ctiques de lectura aix\u00ed com oferir i compartir materials, eines, estrat\u00e8gies i activitats per millorar la comprensi\u00f3 lectora d\u2019infants i joves.&nbsp;<\/p>\n\n\n\n<p>Els principals objectius de la xarxa s\u00f3n:<\/p>\n\n\n\n<ul class=\"wp-block-list\">\n<li>Crear una xarxa territorial de treball aut\u00f2nom que afavoreixi l\u2019aprenentatge entre iguals, mitjan\u00e7ant la reflexi\u00f3, l\u2019intercanvi de<br>coneixements i de bones pr\u00e0ctiques.<\/li>\n\n\n\n<li>Fer emergir bones pr\u00e0ctiques de lectura amb la finalitat de divulgar-les no nom\u00e9s als centres de la xarxa, sin\u00f3 a la comunitat educativa.<\/li>\n\n\n\n<li>Oferir i compartir materials, eines, estrat\u00e8gies, activitats per millorar la comprensi\u00f3 lectora.<\/li>\n<\/ul>\n\n\n\n<p><strong>Marc de refer\u00e8ncia<\/strong><\/p>\n\n\n\n<p><strong>La compet\u00e8ncia lectora.<\/strong><\/p>\n\n\n\n<p>La compet\u00e8ncia lectora \u00e9s un <strong>proc\u00e9s complex <\/strong>que activa un repertori de recursos i coneixements per tal d\u2019accedir al contingut del text, avaluar-lo, reflexionar-hi a fi d\u2019assolir objectius propis, desenvolupar el coneixement i el potencial personal i participar en societat (OCDE, 2018, P 10).&nbsp;<\/p>\n\n\n\n<p>Experts: Daniel Cassany, Isabel Soler, Anna For\u00e9s&#8230;<\/p>\n\n\n\n<p><strong>Components de la compet\u00e8ncia lectora.<\/strong>&nbsp;<\/p>\n\n\n\n<ul class=\"wp-block-list\">\n<li><a href=\"https:\/\/drive.google.com\/file\/d\/1hA0K1GMve3IULXLcKbSUc-g3Pk9QVjRf\/view?usp=drive_link\" target=\"_blank\" rel=\"noreferrer noopener\">Gr\u00e0fic components compet\u00e8ncia lectora.<\/a><\/li>\n\n\n\n<li><a href=\"https:\/\/drive.google.com\/file\/d\/1fhIcHSdR9H6i27AQyUSe1Z8VoHPtwgNO\/view?usp=drive_link\" target=\"_blank\" rel=\"noreferrer noopener\">Definicions components compet\u00e8ncia lectora.&nbsp;<\/a><\/li>\n<\/ul>\n","protected":false},"excerpt":{"rendered":"<p>Dins del Pla per a la millora de la compet\u00e8ncia lectora, a inici del curs 2024-2025 s\u2019ha creat la Xarxa [&hellip;]<\/p>\n","protected":false},"author":1,"featured_media":0,"parent":16753,"menu_order":40,"comment_status":"closed","ping_status":"close","template":"","meta":{"_bbp_topic_count":0,"_bbp_reply_count":0,"_bbp_total_topic_count":0,"_bbp_total_reply_count":0,"_bbp_voice_count":0,"_bbp_anonymous_reply_count":0,"_bbp_topic_count_hidden":0,"_bbp_reply_count_hidden":0,"_bbp_forum_subforum_count":0,"site-sidebar-layout":"default","site-content-layout":"","ast-site-content-layout":"default","site-content-style":"default","site-sidebar-style":"default","ast-global-header-display":"","ast-banner-title-visibility":"","ast-main-header-display":"","ast-hfb-above-header-display":"","ast-hfb-below-header-display":"","ast-hfb-mobile-header-display":"","site-post-title":"","ast-breadcrumbs-content":"","ast-featured-img":"","footer-sml-layout":"","theme-transparent-header-meta":"","adv-header-id-meta":"","stick-header-meta":"","header-above-stick-meta":"","header-main-stick-meta":"","header-below-stick-meta":"","astra-migrate-meta-layouts":"set","ast-page-background-enabled":"default","ast-page-background-meta":{"desktop":{"background-color":"var(--ast-global-color-4)","background-image":"","background-repeat":"repeat","background-position":"center center","background-size":"auto","background-attachment":"scroll","background-type":"","background-media":"","overlay-type":"","overlay-color":"","overlay-opacity":"","overlay-gradient":""},"tablet":{"background-color":"","background-image":"","background-repeat":"repeat","background-position":"center center","background-size":"auto","background-attachment":"scroll","background-type":"","background-media":"","overlay-type":"","overlay-color":"","overlay-opacity":"","overlay-gradient":""},"mobile":{"background-color":"","background-image":"","background-repeat":"repeat","background-position":"center center","background-size":"auto","background-attachment":"scroll","background-type":"","background-media":"","overlay-type":"","overlay-color":"","overlay-opacity":"","overlay-gradient":""}},"ast-content-background-meta":{"desktop":{"background-color":"var(--ast-global-color-5)","background-image":"","background-repeat":"repeat","background-position":"center center","background-size":"auto","background-attachment":"scroll","background-type":"","background-media":"","overlay-type":"","overlay-color":"","overlay-opacity":"","overlay-gradient":""},"tablet":{"background-color":"var(--ast-global-color-5)","background-image":"","background-repeat":"repeat","background-position":"center center","background-size":"auto","background-attachment":"scroll","background-type":"","background-media":"","overlay-type":"","overlay-color":"","overlay-opacity":"","overlay-gradient":""},"mobile":{"background-color":"var(--ast-global-color-5)","background-image":"","background-repeat":"repeat","background-position":"center center","background-size":"auto","background-attachment":"scroll","background-type":"","background-media":"","overlay-type":"","overlay-color":"","overlay-opacity":"","overlay-gradient":""}},"footnotes":""},"class_list":["post-15316","page","type-page","status-publish","hentry"],"post_mailing_queue_ids":[],"_links":{"self":[{"href":"https:\/\/serveiseducatius.xtec.cat\/montsia\/wp-json\/wp\/v2\/pages\/15316","targetHints":{"allow":["GET"]}}],"collection":[{"href":"https:\/\/serveiseducatius.xtec.cat\/montsia\/wp-json\/wp\/v2\/pages"}],"about":[{"href":"https:\/\/serveiseducatius.xtec.cat\/montsia\/wp-json\/wp\/v2\/types\/page"}],"author":[{"embeddable":true,"href":"https:\/\/serveiseducatius.xtec.cat\/montsia\/wp-json\/wp\/v2\/users\/1"}],"replies":[{"embeddable":true,"href":"https:\/\/serveiseducatius.xtec.cat\/montsia\/wp-json\/wp\/v2\/comments?post=15316"}],"version-history":[{"count":6,"href":"https:\/\/serveiseducatius.xtec.cat\/montsia\/wp-json\/wp\/v2\/pages\/15316\/revisions"}],"predecessor-version":[{"id":16777,"href":"https:\/\/serveiseducatius.xtec.cat\/montsia\/wp-json\/wp\/v2\/pages\/15316\/revisions\/16777"}],"up":[{"embeddable":true,"href":"https:\/\/serveiseducatius.xtec.cat\/montsia\/wp-json\/wp\/v2\/pages\/16753"}],"wp:attachment":[{"href":"https:\/\/serveiseducatius.xtec.cat\/montsia\/wp-json\/wp\/v2\/media?parent=15316"}],"curies":[{"name":"wp","href":"https:\/\/api.w.org\/{rel}","templated":true}]}}