{"id":12426,"date":"2021-03-10T09:59:41","date_gmt":"2021-03-10T08:59:41","guid":{"rendered":"http:\/\/serveiseducatius.xtec.cat\/montsia\/?page_id=12426"},"modified":"2024-11-04T23:52:06","modified_gmt":"2024-11-04T22:52:06","slug":"mapa-dinnovacio","status":"publish","type":"page","link":"https:\/\/serveiseducatius.xtec.cat\/montsia\/innovacio-2\/mapa-dinnovacio\/","title":{"rendered":"Mapa d&#8217;Innovaci\u00f3"},"content":{"rendered":"<p><img loading=\"lazy\" decoding=\"async\" class=\"wp-image-10550 aligncenter\" src=\"https:\/\/serveiseducatius.xtec.cat\/montsia\/wp-content\/uploads\/usu1125\/2019\/06\/innovacio-montsia.png\" alt=\"\" width=\"492\" height=\"187\" srcset=\"https:\/\/serveiseducatius.xtec.cat\/montsia\/wp-content\/uploads\/usu1125\/2019\/06\/innovacio-montsia.png 889w, https:\/\/serveiseducatius.xtec.cat\/montsia\/wp-content\/uploads\/usu1125\/2019\/06\/innovacio-montsia-300x114.png 300w, https:\/\/serveiseducatius.xtec.cat\/montsia\/wp-content\/uploads\/usu1125\/2019\/06\/innovacio-montsia-768x292.png 768w\" sizes=\"auto, (max-width: 492px) 100vw, 492px\" \/>El Departament d&#8217;Ensenyament considera la innovaci\u00f3 com un dels motors de canvi del sistema educatiu i un element important per millorar-ne la qualitat i la progressiva adequaci\u00f3 als reptes que l&#8217;evoluci\u00f3 social planteja. Una educaci\u00f3 innovadora \u00e9s aquella que incideix en el que s&#8217;ensenya i en com s&#8217;apr\u00e8n, que prioritza el gust per aprendre, l&#8217;est\u00edmul a pensar i l&#8217;esfor\u00e7 per entendre i que ajuda a despertar el sentit cr\u00edtic de l&#8217;alumnat i del professorat. Les finalitats b\u00e0siques de qualsevol innovaci\u00f3 han de ser millorar l\u2019\u00e8xit escolar de tot l\u2019alumnat, i promoure l\u2019esfor\u00e7 de tots per aconseguir l\u2019excel\u00b7l\u00e8ncia educativa i garantir l\u2019equitat.<strong> [<a href=\"http:\/\/xtec.gencat.cat\/web\/.content\/innovacio\/marc_normatiu\/documents\/marc_dinnovacio_pedagogica.pdf\" target=\"_blank\" rel=\"noopener noreferrer\">Marc de la Innovaci\u00f3 Pedag\u00f2gica de Catalunya<\/a>]<\/strong><\/p>\n<p>Fent clic sobre el mapa es pot accedir al recull de Programes i Projectes d&#8217;Innovaci\u00f3 que s&#8217;estan portant a terme en els centres del Montsi\u00e0.<\/p>\n<p><a href=\"https:\/\/innovacio.xtec.gencat.cat\/#\/zona\/43870802\" target=\"_blank\" rel=\"noopener noreferrer\"><img loading=\"lazy\" decoding=\"async\" class=\"size-large wp-image-10551 aligncenter\" src=\"https:\/\/serveiseducatius.xtec.cat\/montsia\/wp-content\/uploads\/usu1125\/2019\/06\/2019-06-05-11_52_10-Mapa-Innovaci-Montsia-1024x480.jpg\" alt=\"\" width=\"1024\" height=\"480\" srcset=\"https:\/\/serveiseducatius.xtec.cat\/montsia\/wp-content\/uploads\/usu1125\/2019\/06\/2019-06-05-11_52_10-Mapa-Innovaci-Montsia-1024x480.jpg 1024w, https:\/\/serveiseducatius.xtec.cat\/montsia\/wp-content\/uploads\/usu1125\/2019\/06\/2019-06-05-11_52_10-Mapa-Innovaci-Montsia-300x141.jpg 300w, https:\/\/serveiseducatius.xtec.cat\/montsia\/wp-content\/uploads\/usu1125\/2019\/06\/2019-06-05-11_52_10-Mapa-Innovaci-Montsia-768x360.jpg 768w, https:\/\/serveiseducatius.xtec.cat\/montsia\/wp-content\/uploads\/usu1125\/2019\/06\/2019-06-05-11_52_10-Mapa-Innovaci-Montsia.jpg 1187w\" sizes=\"auto, (max-width: 1024px) 100vw, 1024px\" \/><\/a><\/p>\n<p>Amb la finalitat d\u2019identificar bones pr\u00e0ctiques educatives, s\u2019estableixen les seg\u00fcents modalitats d\u2019innovaci\u00f3 pedag\u00f2gica:<\/p>\n<p><a href=\"https:\/\/serveiseducatius.xtec.cat\/montsia\/innovacio\/programes-dinnovacio\/\" rel=\"noopener noreferrer\">Programes d\u2019innovaci\u00f3<\/a><\/p>\n<p><a href=\"https:\/\/serveiseducatius.xtec.cat\/montsia\/innovacio\/projectes-2\/\" rel=\"noopener noreferrer\">Projectes d\u2019innovaci\u00f3 pedag\u00f2gica<\/a><\/p>\n<p><a href=\"https:\/\/serveiseducatius.xtec.cat\/montsia\/innovacio\/projectes\/\" rel=\"noopener noreferrer\">Pr\u00e0ctiques educatives de refer\u00e8ncia<\/a><\/p>\n<p><a href=\"http:\/\/xtec.gencat.cat\/ca\/innovacio\/\" target=\"_blank\" rel=\"noopener noreferrer\">+ INFO<\/a><\/p>\n","protected":false},"excerpt":{"rendered":"<p>El Departament d&#8217;Ensenyament considera la innovaci\u00f3 com un dels motors de canvi del sistema educatiu i un element important per [&hellip;]<\/p>\n","protected":false},"author":1,"featured_media":0,"parent":14952,"menu_order":2,"comment_status":"closed","ping_status":"closed","template":"page-templates\/side-menu.php","meta":{"_bbp_topic_count":0,"_bbp_reply_count":0,"_bbp_total_topic_count":0,"_bbp_total_reply_count":0,"_bbp_voice_count":0,"_bbp_anonymous_reply_count":0,"_bbp_topic_count_hidden":0,"_bbp_reply_count_hidden":0,"_bbp_forum_subforum_count":0,"site-sidebar-layout":"default","site-content-layout":"","ast-site-content-layout":"","site-content-style":"default","site-sidebar-style":"default","ast-global-header-display":"","ast-banner-title-visibility":"","ast-main-header-display":"","ast-hfb-above-header-display":"","ast-hfb-below-header-display":"","ast-hfb-mobile-header-display":"","site-post-title":"","ast-breadcrumbs-content":"","ast-featured-img":"","footer-sml-layout":"","theme-transparent-header-meta":"","adv-header-id-meta":"","stick-header-meta":"","header-above-stick-meta":"","header-main-stick-meta":"","header-below-stick-meta":"","astra-migrate-meta-layouts":"default","ast-page-background-enabled":"default","ast-page-background-meta":{"desktop":{"background-color":"var(--ast-global-color-4)","background-image":"","background-repeat":"repeat","background-position":"center center","background-size":"auto","background-attachment":"scroll","background-type":"","background-media":"","overlay-type":"","overlay-color":"","overlay-opacity":"","overlay-gradient":""},"tablet":{"background-color":"","background-image":"","background-repeat":"repeat","background-position":"center center","background-size":"auto","background-attachment":"scroll","background-type":"","background-media":"","overlay-type":"","overlay-color":"","overlay-opacity":"","overlay-gradient":""},"mobile":{"background-color":"","background-image":"","background-repeat":"repeat","background-position":"center center","background-size":"auto","background-attachment":"scroll","background-type":"","background-media":"","overlay-type":"","overlay-color":"","overlay-opacity":"","overlay-gradient":""}},"ast-content-background-meta":{"desktop":{"background-color":"var(--ast-global-color-5)","background-image":"","background-repeat":"repeat","background-position":"center center","background-size":"auto","background-attachment":"scroll","background-type":"","background-media":"","overlay-type":"","overlay-color":"","overlay-opacity":"","overlay-gradient":""},"tablet":{"background-color":"var(--ast-global-color-5)","background-image":"","background-repeat":"repeat","background-position":"center center","background-size":"auto","background-attachment":"scroll","background-type":"","background-media":"","overlay-type":"","overlay-color":"","overlay-opacity":"","overlay-gradient":""},"mobile":{"background-color":"var(--ast-global-color-5)","background-image":"","background-repeat":"repeat","background-position":"center center","background-size":"auto","background-attachment":"scroll","background-type":"","background-media":"","overlay-type":"","overlay-color":"","overlay-opacity":"","overlay-gradient":""}},"footnotes":""},"class_list":["post-12426","page","type-page","status-publish","hentry"],"post_mailing_queue_ids":[],"_links":{"self":[{"href":"https:\/\/serveiseducatius.xtec.cat\/montsia\/wp-json\/wp\/v2\/pages\/12426","targetHints":{"allow":["GET"]}}],"collection":[{"href":"https:\/\/serveiseducatius.xtec.cat\/montsia\/wp-json\/wp\/v2\/pages"}],"about":[{"href":"https:\/\/serveiseducatius.xtec.cat\/montsia\/wp-json\/wp\/v2\/types\/page"}],"author":[{"embeddable":true,"href":"https:\/\/serveiseducatius.xtec.cat\/montsia\/wp-json\/wp\/v2\/users\/1"}],"replies":[{"embeddable":true,"href":"https:\/\/serveiseducatius.xtec.cat\/montsia\/wp-json\/wp\/v2\/comments?post=12426"}],"version-history":[{"count":1,"href":"https:\/\/serveiseducatius.xtec.cat\/montsia\/wp-json\/wp\/v2\/pages\/12426\/revisions"}],"predecessor-version":[{"id":12429,"href":"https:\/\/serveiseducatius.xtec.cat\/montsia\/wp-json\/wp\/v2\/pages\/12426\/revisions\/12429"}],"up":[{"embeddable":true,"href":"https:\/\/serveiseducatius.xtec.cat\/montsia\/wp-json\/wp\/v2\/pages\/14952"}],"wp:attachment":[{"href":"https:\/\/serveiseducatius.xtec.cat\/montsia\/wp-json\/wp\/v2\/media?parent=12426"}],"curies":[{"name":"wp","href":"https:\/\/api.w.org\/{rel}","templated":true}]}}