{"id":12222,"date":"2021-02-23T09:45:21","date_gmt":"2021-02-23T08:45:21","guid":{"rendered":"http:\/\/serveiseducatius.xtec.cat\/montsia\/?page_id=12222"},"modified":"2021-02-23T13:21:57","modified_gmt":"2021-02-23T12:21:57","slug":"35-vii-jornades-demprenedoria-i-del-coneixement-institut-montsia","status":"publish","type":"page","link":"https:\/\/serveiseducatius.xtec.cat\/montsia\/innovacio-2\/bones-practiques\/35-vii-jornades-demprenedoria-i-del-coneixement-institut-montsia\/","title":{"rendered":"35. VII Jornades d&#8217;emprenedoria i del coneixement Institut Montsi\u00e0"},"content":{"rendered":"<p style=\"text-align: center;\"><img loading=\"lazy\" decoding=\"async\" class=\"alignnone wp-image-12223\" src=\"https:\/\/serveiseducatius.xtec.cat\/montsia\/wp-content\/uploads\/usu1125\/2021\/02\/jornades-emprenedoria.png\" alt=\"\" width=\"305\" height=\"450\" srcset=\"https:\/\/serveiseducatius.xtec.cat\/montsia\/wp-content\/uploads\/usu1125\/2021\/02\/jornades-emprenedoria.png 456w, https:\/\/serveiseducatius.xtec.cat\/montsia\/wp-content\/uploads\/usu1125\/2021\/02\/jornades-emprenedoria-204x300.png 204w\" sizes=\"auto, (max-width: 305px) 100vw, 305px\" \/><\/p>\n<h3><span id=\"Dades_del_centre\">Dades del centre<\/span><\/h3>\n<p><strong>Nom del centre:<\/strong> Institut Montsi\u00e0<br \/>\n<strong>Adre\u00e7a:<\/strong> C\/ Montsi\u00e0, 35-49<br \/>\n<strong>Codi postal:<\/strong> 43870<br \/>\n<strong>Localitat:\u00a0<\/strong>Amposta<br \/>\n<strong>Tel\u00e8fon:\u00a0<\/strong>977700043<br \/>\n<strong>Adre\u00e7a electr\u00f2nica:<\/strong> e3006101@xtec.cat<br \/>\n<strong>Servei territorial:<\/strong>\u00a0Terres de l\u2019Ebre<\/p>\n<h3><span id=\"Breu_resum_de_l8217activitat\">Breu resum de l\u2019activitat<\/span><\/h3>\n<p><span style=\"font-weight: 400;\">Les jornades d\u2019emprenedoria esdevenen una pr\u00e0ctica general, a nivell de tot el centre i amb implicaci\u00f3 d\u2019empreses i administraci\u00f3 del territori i ajuden a implementar els 3 objectius estrat\u00e8gics del nostre Pla Estrat\u00e8gic: 1) milloren els resultats d\u2019educaci\u00f3, 2) milloren la cohesi\u00f3 social i\u00a0 3) milloren la confian\u00e7a dels grups d\u2019inter\u00e8s ).<\/span><\/p>\n<p><span style=\"font-weight: 400;\">L\u2019alumnat mant\u00e9 el seu horari, es realitzen activitats d\u2019ensenyament-aprenentatge curriculars per\u00f2 la majoria d\u2019 aquestes activitats s\u00f3n realitzades per persones externes al centre: exalumnes que tornen a explicar la seva experi\u00e8ncia; que han creat la seva empresa, que han participat en programes de mobilitat internacional, que estan a la universitat, \u2026, empreses que donen a con\u00e8ixer la seva activitat i la import\u00e0ncia d\u2019una bona actitud, de motivaci\u00f3, de treballar per ser la millor versi\u00f3 d\u2019una o d\u2019un mateix, professionals en diferents tem\u00e0tiques que parlen de feines del futur, habilitats que caldr\u00e0 tenir, tallers per aprendre a fer, aprendre a aprendre, noves metodologies per desenvolupar projectes.<\/span><\/p>\n<h3><span id=\"Ambits_d8217actuacio\">\u00c0mbits d\u2019actuaci\u00f3<\/span><\/h3>\n<p><span style=\"font-weight: 400;\">Cicle\/Centre\/Entorn<\/span><\/p>\n<p><span style=\"font-weight: 400;\">Ensenyaments professionals, art\u00edstics i especialitzats <\/span><\/p>\n<p><span style=\"font-weight: 400;\">Curr\u00edculum \/Gesti\u00f3 i organitzaci\u00f3<\/span><\/p>\n<h3><span id=\"AreesMateriesModuls\">\u00c0rees\/Mat\u00e8ries\/M\u00f2duls<\/span><\/h3>\n<p><span style=\"font-weight: 400;\">Abarca\u00a0 \u00e0rees de la majoria de m\u00f2duls, especialment dels m\u00f2duls transversals com Formaci\u00f3 i orientaci\u00f3 laboral i Empresa i iniciativa emprenedora.<\/span><\/p>\n<p><span style=\"font-weight: 400;\">Es realitzen moltes activitats curriculars per part de cada fam\u00edlia professional en diferents formats, com tallers, xerrades, visites a empreses, trobada amb empreses, participaci\u00f3 en reptes per tal de buscar la millora del territori i de la vida de les persones, \u2026<\/span><\/p>\n<p><span style=\"font-weight: 400;\">Per tant, es treballen moltes de les compet\u00e8ncies professionals del curr\u00edculum de cada cicle formatiu. Sobretot es treballen les capacitats clau\u00a0 lligades a cada cicle.<\/span><\/p>\n<h3><span id=\"Capacitats_Competencies\">Capacitats \/ Compet\u00e8ncies<\/span><\/h3>\n<ul>\n<li style=\"font-weight: 400;\" aria-level=\"1\"><span style=\"font-weight: 400;\">Aprendre a aprendre<\/span><\/li>\n<li style=\"font-weight: 400;\" aria-level=\"1\"><span style=\"font-weight: 400;\">Comunicativa ling\u00fc\u00edstica i audiovisual<\/span><\/li>\n<li style=\"font-weight: 400;\" aria-level=\"1\"><span style=\"font-weight: 400;\">Social i ciutadana<\/span><\/li>\n<li style=\"font-weight: 400;\" aria-level=\"1\"><span style=\"font-weight: 400;\">Tractament de la informaci\u00f3 i compet\u00e8ncia digital<\/span><\/li>\n<li style=\"font-weight: 400;\" aria-level=\"1\"><span style=\"font-weight: 400;\">Autonomia i compet\u00e8ncia personal<\/span><\/li>\n<li style=\"font-weight: 400;\" aria-level=\"1\"><span style=\"font-weight: 400;\">Coneixement i interacci\u00f3 amb el m\u00f3n f\u00edsic<\/span><\/li>\n<li style=\"font-weight: 400;\" aria-level=\"1\"><span style=\"font-weight: 400;\">Creativitat i iniciativa<\/span><\/li>\n<\/ul>\n<h3><span id=\"Descripcio_de_la_bona_practica\">Descripci\u00f3 de la bona pr\u00e0ctica<\/span><\/h3>\n<p><strong>Curs acad\u00e8mic:\u00a0<\/strong><span style=\"font-weight: 400;\">S\u2019ha estat realitzant de manera continuada durant 7 cursos acad\u00e8mics: 12\/13, 13\/14, 14\/15, 15\/16, 16\/17, 17\/18, 18\/19, 19\/20<\/span><\/p>\n<p><strong>Punt de partida:\u00a0<\/strong><\/p>\n<p><span style=\"font-weight: 400;\">Les primeres jornades van ser al mar\u00e7 del 2013 (del 18 al 21 de mar\u00e7). Aquest curs 2019-2020 se celebraran les VIII Jornades d\u2019emprenedoria i del coneixement.\u00a0<\/span><\/p>\n<p><span style=\"font-weight: 400;\">El nostre Pla estrat\u00e8gic t\u00e9 com un dels objectius estrat\u00e8gics la millora dels grups d\u2019inter\u00e8s, les relacions amb l\u2019administraci\u00f3 local i comarcal i amb el teixit empresarial del territori.<\/span><\/p>\n<p><strong>Objectius:<\/strong><\/p>\n<ul>\n<li style=\"font-weight: 400;\" aria-level=\"1\"><span style=\"font-weight: 400;\">Potenciar la formaci\u00f3 i l\u2019aprenentatge continuat i permanent.\u00a0<\/span><\/li>\n<li style=\"font-weight: 400;\" aria-level=\"1\"><span style=\"font-weight: 400;\">Potenciar la ciutadania activa (institut verd, responsabilitat social corporativa)<\/span><\/li>\n<li style=\"font-weight: 400;\" aria-level=\"1\"><span style=\"font-weight: 400;\">Millorar la implicaci\u00f3 de l\u2019alumnat i del professorat en el centre i el territori.<\/span><\/li>\n<li style=\"font-weight: 400;\" aria-level=\"1\"><span style=\"font-weight: 400;\">Generar i estretir vincles amb el territori, tots som comunitat educativa.<\/span><\/li>\n<li style=\"font-weight: 400;\" aria-level=\"1\"><span style=\"font-weight: 400;\">Fomentar l\u2019esperit emprenedor, la innovaci\u00f3 i la creativitat.<\/span><\/li>\n<li style=\"font-weight: 400;\" aria-level=\"1\"><span style=\"font-weight: 400;\">Donar a con\u00e8ixer l\u2019FP i la FP DUAL<\/span><\/li>\n<li style=\"font-weight: 400;\" aria-level=\"1\"><span style=\"font-weight: 400;\">Millorar la imatge corporativa i la comunicaci\u00f3 del centre (activitats obertes a la participaci\u00f3 ciutadana)<\/span><\/li>\n<\/ul>\n<p><strong>Desenvolupament de l\u2019experi\u00e8ncia:<\/strong><\/p>\n<p><span style=\"font-weight: 400;\">La direcci\u00f3 del centre organitza activitats que afecten tot el centre. Concretament, l\u2019acte d\u2019obertura del mat\u00ed i de la tarda, el F\u00f2rum de Trobada amb Empreses i la gesti\u00f3 de les confer\u00e8ncies tem\u00e0tiques que ens ofereixen des de la URV i la gesti\u00f3\u00a0 de la participaci\u00f3 en el Big Challenge que organitza l\u2019\u00e0rea d\u2019empresa de l\u2019Ajuntament d\u2019Amposta.<\/span><\/p>\n<p><span style=\"font-weight: 400;\">Hi ha 2 o 3\u00a0 reunions pr\u00e8vies amb les regidores corresponents de l\u2019Ajuntament i amb personal t\u00e8cnic de la corporaci\u00f3 municipal.<\/span><\/p>\n<p><span style=\"font-weight: 400;\">Es mant\u00e9 comunicaci\u00f3 via correu electr\u00f2nic amb tot el personal implicat en el desenvolupament de les jornades.<\/span><\/p>\n<p><span style=\"font-weight: 400;\">La direcci\u00f3 (cap d\u2019estudis) facilita\u00a0 horaris de grups, aules i professorat\u00a0 espec\u00edfic per a les jornades. El control d\u2019assist\u00e8ncia de l\u2019alumnat durant les jornades es realitza\u00a0 amb l\u2019aplicatiu ALEXIA, com la resta del curs.<\/span><\/p>\n<p><span style=\"font-weight: 400;\">Els coordinadors d\u2019inform\u00e0tica i de tecnologia donen suport en eines TIC\/TAC i tamb\u00e9 en equips de so.<\/span><\/p>\n<p><span style=\"font-weight: 400;\">Cada fam\u00edlia professional planifica, organitza, gestiona i valora les activitats que dissenya per als seus cicles formatius.\u00a0<\/span><\/p>\n<p><span style=\"font-weight: 400;\">Hi ha un calendari a la intranet del centre, un per cada fam\u00edlia professional i un general per al centre, per a introduir les activitats que s\u2019organitzen des de cada departament i des de la direcci\u00f3 del centre (vegeu-ne el document annex)<\/span><\/p>\n<p><strong>Temporitzaci\u00f3:<\/strong><\/p>\n<p><span style=\"font-weight: 400;\">A nivell organitzatiu abarca des del mes d\u2019octubre fins a maig, des que comencem a planificar fins que valorem les jornades (enquesta de satisfacci\u00f3 i petita mem\u00f2ria del que s\u2019ha fet que es passa al claustre).<\/span><\/p>\n<p><span style=\"font-weight: 400;\">Tots els actes de les jornades es desenvolupen concretament durant una setmana lectiva, durant els primers 5 anys va coincidir amb la darrera setmana abans de les vacances de Pasqua, per\u00f2 ja fa 2 anys que ens coordinem amb l\u2019Ajuntament d\u2019Amposta per fer-les coincidir amb el F\u00f2rum Jove, que sol ser dues setmanes abans de les vacances.<\/span><\/p>\n<p><strong>Recursos humans i materials:\u00a0<\/strong><\/p>\n<p><b>Recursos humans:<\/b><\/p>\n<ul>\n<li style=\"font-weight: 400;\" aria-level=\"1\"><span style=\"font-weight: 400;\">Equip directiu<\/span><\/li>\n<li style=\"font-weight: 400;\" aria-level=\"1\"><span style=\"font-weight: 400;\">Tot el claustre<\/span><\/li>\n<li style=\"font-weight: 400;\" aria-level=\"1\"><span style=\"font-weight: 400;\">Professorat URV<\/span><\/li>\n<li style=\"font-weight: 400;\" aria-level=\"1\"><span style=\"font-weight: 400;\">Regidora de joventut i personal t\u00e8cnic d\u2019\u00e0rea d\u2019empresa de l\u2019Ajuntament d\u2019Amposta.<\/span><\/li>\n<li style=\"font-weight: 400;\" aria-level=\"1\"><span style=\"font-weight: 400;\">T\u00e8cniques i t\u00e8cnics del Consell Comarcal\u00a0<\/span><\/li>\n<li style=\"font-weight: 400;\" aria-level=\"1\"><span style=\"font-weight: 400;\">Empreses del territori<\/span><\/li>\n<li style=\"font-weight: 400;\" aria-level=\"1\"><span style=\"font-weight: 400;\">Associacions del territori<\/span><\/li>\n<\/ul>\n<p><b>Recursos materials:\u00a0<\/b><\/p>\n<ul>\n<li style=\"font-weight: 400;\" aria-level=\"1\"><span style=\"font-weight: 400;\">Principalment\u00a0 espais i recursos del centre, amb un pressupost molt baix (sobre 450\u20ac), la majoria dels ponents venen a cost zero.\u00a0<\/span><\/li>\n<li style=\"font-weight: 400;\" aria-level=\"1\"><span style=\"font-weight: 400;\">Normalment nom\u00e9s es paga el despla\u00e7ament i dieta al ponent de l\u2019acte d\u2019obertura que sol venir de fora.<\/span><\/li>\n<li style=\"font-weight: 400;\" aria-level=\"1\"><span style=\"font-weight: 400;\">Espai reservat al recinte firal per al F\u00f2rum de Trobada amb Empreses.<\/span><\/li>\n<\/ul>\n<p><strong>Valoracions i conclusions:\u00a0<\/strong><\/p>\n<p><span style=\"font-weight: 400;\">La valoraci\u00f3 es realitza:<\/span><\/p>\n<ul>\n<li style=\"font-weight: 400;\" aria-level=\"1\"><span style=\"font-weight: 400;\">En acta de departament, per fer valoraci\u00f3 de les activitats que s\u2019han planificat i organitzat des de i per als cicles de cada departament.<\/span><\/li>\n<li style=\"font-weight: 400;\" aria-level=\"1\"><span style=\"font-weight: 400;\">En reuni\u00f3 del claustre de professorat.<\/span><\/li>\n<li style=\"font-weight: 400;\" aria-level=\"1\"><span style=\"font-weight: 400;\">A trav\u00e9s de l\u2019enquesta de satisfacci\u00f3\u00a0 que es prepara i passa des de la\u00a0 Coordinaci\u00f3\u00a0 de Qualitat i millora cont\u00ednua del centre, tant al professorat com a l\u2019alumnat (concretament, al q\u00fcestionari hi ha\u00a0 5 preguntes per a professorat i 3 per a l\u2019alumnat\u00a0 per valorar les jornades que es passa sobre el mes d\u2019abril\/maig).<\/span><\/li>\n<li style=\"font-weight: 400;\" aria-level=\"1\"><span style=\"font-weight: 400;\">La valoraci\u00f3 del buidatge de les enquestes es realitza en la reuni\u00f3 de la Comissi\u00f3 de qualitat per a la revisi\u00f3 de la direcci\u00f3 que es fa durant el mes de juliol, en previsi\u00f3 d\u2019incorporar les propostes de millora a partir del mes de setembre, en iniciar la planificaci\u00f3 de les jornades del seg\u00fcent curs.<\/span><\/li>\n<\/ul>\n<p><strong>Documentaci\u00f3 complement\u00e0ria:\u00a0<\/strong><\/p>\n<ul>\n<li style=\"font-weight: 400;\" aria-level=\"1\"><a href=\"https:\/\/agora.xtec.cat\/insmontsia\/\"><span style=\"font-weight: 400;\">Web Institut Montsi\u00e0\u00a0<\/span><\/a><\/li>\n<li style=\"font-weight: 400;\" aria-level=\"1\"><span style=\"font-weight: 400;\"><a href=\"https:\/\/drive.google.com\/file\/d\/1MCLSiknRZUuTi5_50EDV-a0ktktf9sMq\/view?usp=sharing\">Presentaci\u00f3 de la programaci\u00f3 que es va preparar per al claustre<\/a>.(Vegeu document annex)<\/span><\/li>\n<li style=\"font-weight: 400;\" aria-level=\"1\"><span style=\"font-weight: 400;\"><a href=\"https:\/\/drive.google.com\/file\/d\/1qjIh7oXQ0dSEQ2w_wfYaNDK5APJMz--p\/view?usp=sharing\">Arxiu adjunt amb la programaci\u00f3 de les VII Jornades d\u2019emprenedoria, curs 18\/19<\/a> (segons calendar)<\/span><\/li>\n<li style=\"font-weight: 400;\" aria-level=\"1\"><span style=\"font-weight: 400;\"><a href=\"https:\/\/drive.google.com\/file\/d\/1cv1-ULudev0INcVAvAv7nau-9aepjX66\/view?usp=sharing\">Arxiu adjunt amb una petita mem\u00f2ria de les activitats que es van realitzar i que es va passar al claustre<\/a>.<\/span><\/li>\n<li style=\"font-weight: 400;\" aria-level=\"1\"><span style=\"font-weight: 400;\">Mem\u00f2ria de l\u2019Equip de millora d\u2019Interdisciplinarietat.<\/span><\/li>\n<li style=\"font-weight: 400;\" aria-level=\"1\"><span style=\"font-weight: 400;\">Mem\u00f2ria de l\u2019Equip de Millora d\u2019imatge corporativa de centre.<\/span><\/li>\n<li style=\"font-weight: 400;\" aria-level=\"1\"><span style=\"font-weight: 400;\">Acta de la reuni\u00f3 per a la\u00a0 Revisi\u00f3 de la direcci\u00f3<\/span><\/li>\n<\/ul>\n<h3><span id=\"Autoria_de_l8217experiencia\">Autoria de l\u2019experi\u00e8ncia<\/span><\/h3>\n<p><strong>Coordinaci\u00f3:\u00a0<\/strong><span style=\"font-weight: 400;\">Equip directiu (Carles A\u00f1\u00f3, Josep Ramon Fibla, Joan Antoni Ferreres, S\u00edlvia Lab\u00e8rnia, Juventina Figueras) + Coordinadora FP (Al\u00edcia Vericat) + Coordinador Assessorament i Reconeixement (Eloi Centelles)<\/span><br \/>\n<strong>Professorat implicat:\u00a0<\/strong><span style=\"font-weight: 400;\">Tot el claustre<\/span><\/p>\n<blockquote class=\"wp-embedded-content\" data-secret=\"W34dcLsAHK\"><p><a href=\"https:\/\/agora.xtec.cat\/insmontsia\/general\/vii-forum-trobada-amb-empreses-de-linstitut-montsia\/\">VII F\u00f2rum Trobada amb Empreses de l\u2019Institut Montsi\u00e0<\/a><\/p><\/blockquote>\n<p><iframe loading=\"lazy\" class=\"wp-embedded-content\" sandbox=\"allow-scripts\" security=\"restricted\" style=\"position: absolute; clip: rect(1px, 1px, 1px, 1px);\" title=\"&#8220;VII F\u00f2rum Trobada amb Empreses de l\u2019Institut Montsi\u00e0&#8221; &#8212; INS Montsi\u00e0\" src=\"https:\/\/agora.xtec.cat\/insmontsia\/general\/vii-forum-trobada-amb-empreses-de-linstitut-montsia\/embed\/#?secret=VG8kTUZsFV#?secret=W34dcLsAHK\" data-secret=\"W34dcLsAHK\" width=\"500\" height=\"282\" frameborder=\"0\" marginwidth=\"0\" marginheight=\"0\" scrolling=\"no\"><\/iframe><\/p>\n<p>&nbsp;<\/p>\n","protected":false},"excerpt":{"rendered":"<p>Dades del centre Nom del centre: Institut Montsi\u00e0 Adre\u00e7a: C\/ Montsi\u00e0, 35-49 Codi postal: 43870 Localitat:\u00a0Amposta Tel\u00e8fon:\u00a0977700043 Adre\u00e7a electr\u00f2nica: e3006101@xtec.cat [&hellip;]<\/p>\n","protected":false},"author":1,"featured_media":0,"parent":12016,"menu_order":35,"comment_status":"closed","ping_status":"closed","template":"page-templates\/side-menu.php","meta":{"_bbp_topic_count":0,"_bbp_reply_count":0,"_bbp_total_topic_count":0,"_bbp_total_reply_count":0,"_bbp_voice_count":0,"_bbp_anonymous_reply_count":0,"_bbp_topic_count_hidden":0,"_bbp_reply_count_hidden":0,"_bbp_forum_subforum_count":0,"site-sidebar-layout":"default","site-content-layout":"","ast-site-content-layout":"","site-content-style":"default","site-sidebar-style":"default","ast-global-header-display":"","ast-banner-title-visibility":"","ast-main-header-display":"","ast-hfb-above-header-display":"","ast-hfb-below-header-display":"","ast-hfb-mobile-header-display":"","site-post-title":"","ast-breadcrumbs-content":"","ast-featured-img":"","footer-sml-layout":"","theme-transparent-header-meta":"","adv-header-id-meta":"","stick-header-meta":"","header-above-stick-meta":"","header-main-stick-meta":"","header-below-stick-meta":"","astra-migrate-meta-layouts":"default","ast-page-background-enabled":"default","ast-page-background-meta":{"desktop":{"background-color":"var(--ast-global-color-4)","background-image":"","background-repeat":"repeat","background-position":"center center","background-size":"auto","background-attachment":"scroll","background-type":"","background-media":"","overlay-type":"","overlay-color":"","overlay-opacity":"","overlay-gradient":""},"tablet":{"background-color":"","background-image":"","background-repeat":"repeat","background-position":"center center","background-size":"auto","background-attachment":"scroll","background-type":"","background-media":"","overlay-type":"","overlay-color":"","overlay-opacity":"","overlay-gradient":""},"mobile":{"background-color":"","background-image":"","background-repeat":"repeat","background-position":"center center","background-size":"auto","background-attachment":"scroll","background-type":"","background-media":"","overlay-type":"","overlay-color":"","overlay-opacity":"","overlay-gradient":""}},"ast-content-background-meta":{"desktop":{"background-color":"var(--ast-global-color-5)","background-image":"","background-repeat":"repeat","background-position":"center center","background-size":"auto","background-attachment":"scroll","background-type":"","background-media":"","overlay-type":"","overlay-color":"","overlay-opacity":"","overlay-gradient":""},"tablet":{"background-color":"var(--ast-global-color-5)","background-image":"","background-repeat":"repeat","background-position":"center center","background-size":"auto","background-attachment":"scroll","background-type":"","background-media":"","overlay-type":"","overlay-color":"","overlay-opacity":"","overlay-gradient":""},"mobile":{"background-color":"var(--ast-global-color-5)","background-image":"","background-repeat":"repeat","background-position":"center center","background-size":"auto","background-attachment":"scroll","background-type":"","background-media":"","overlay-type":"","overlay-color":"","overlay-opacity":"","overlay-gradient":""}},"footnotes":""},"class_list":["post-12222","page","type-page","status-publish","hentry"],"post_mailing_queue_ids":[],"_links":{"self":[{"href":"https:\/\/serveiseducatius.xtec.cat\/montsia\/wp-json\/wp\/v2\/pages\/12222","targetHints":{"allow":["GET"]}}],"collection":[{"href":"https:\/\/serveiseducatius.xtec.cat\/montsia\/wp-json\/wp\/v2\/pages"}],"about":[{"href":"https:\/\/serveiseducatius.xtec.cat\/montsia\/wp-json\/wp\/v2\/types\/page"}],"author":[{"embeddable":true,"href":"https:\/\/serveiseducatius.xtec.cat\/montsia\/wp-json\/wp\/v2\/users\/1"}],"replies":[{"embeddable":true,"href":"https:\/\/serveiseducatius.xtec.cat\/montsia\/wp-json\/wp\/v2\/comments?post=12222"}],"version-history":[{"count":3,"href":"https:\/\/serveiseducatius.xtec.cat\/montsia\/wp-json\/wp\/v2\/pages\/12222\/revisions"}],"predecessor-version":[{"id":12227,"href":"https:\/\/serveiseducatius.xtec.cat\/montsia\/wp-json\/wp\/v2\/pages\/12222\/revisions\/12227"}],"up":[{"embeddable":true,"href":"https:\/\/serveiseducatius.xtec.cat\/montsia\/wp-json\/wp\/v2\/pages\/12016"}],"wp:attachment":[{"href":"https:\/\/serveiseducatius.xtec.cat\/montsia\/wp-json\/wp\/v2\/media?parent=12222"}],"curies":[{"name":"wp","href":"https:\/\/api.w.org\/{rel}","templated":true}]}}