{"id":12117,"date":"2021-02-17T09:31:57","date_gmt":"2021-02-17T08:31:57","guid":{"rendered":"http:\/\/serveiseducatius.xtec.cat\/montsia\/?page_id=12117"},"modified":"2021-02-17T09:31:57","modified_gmt":"2021-02-17T08:31:57","slug":"21-els-iaios-de-lonada-ens-expliquen-la-llegenda-de-sant-jordi","status":"publish","type":"page","link":"https:\/\/serveiseducatius.xtec.cat\/montsia\/innovacio-2\/bones-practiques\/21-els-iaios-de-lonada-ens-expliquen-la-llegenda-de-sant-jordi\/","title":{"rendered":"21. Els iaios de l&#8217;Onada ens expliquen la Llegenda de Sant Jordi"},"content":{"rendered":"<p style=\"text-align: center;\"><img loading=\"lazy\" decoding=\"async\" class=\"alignnone  wp-image-12118\" src=\"https:\/\/serveiseducatius.xtec.cat\/montsia\/wp-content\/uploads\/usu1125\/2021\/02\/els-iaios.png\" alt=\"\" width=\"399\" height=\"297\" srcset=\"https:\/\/serveiseducatius.xtec.cat\/montsia\/wp-content\/uploads\/usu1125\/2021\/02\/els-iaios.png 443w, https:\/\/serveiseducatius.xtec.cat\/montsia\/wp-content\/uploads\/usu1125\/2021\/02\/els-iaios-300x223.png 300w, https:\/\/serveiseducatius.xtec.cat\/montsia\/wp-content\/uploads\/usu1125\/2021\/02\/els-iaios-200x150.png 200w\" sizes=\"auto, (max-width: 399px) 100vw, 399px\" \/><\/p>\n<h3><span id=\"Dades_del_centre\">Dades del centre<\/span><\/h3>\n<p><strong>Nom del centre:<\/strong> Carles III<br \/>\n<strong>Adre\u00e7a:<\/strong> Avda. Constituci\u00f3 64<br \/>\n<strong>Codi postal:<\/strong> 43540<br \/>\n<strong>Localitat:\u00a0<\/strong>Sant Carles de la R\u00e0pita<br \/>\n<strong>Tel\u00e8fon:\u00a0<\/strong>977740015<br \/>\n<strong>Adre\u00e7a electr\u00f2nica:<\/strong> e3002892@xtec.cat<br \/>\n<strong>Servei territorial:<\/strong>\u00a0Terres de l\u2019Ebre<\/p>\n<h3><span id=\"Breu_resum_de_l8217activitat\">Breu resum de l\u2019activitat<\/span><\/h3>\n<p>Els iaios de la residencia l\u2019Onada, de Sant Carles de la R\u00e0pita, expliquen la llegenda de Sant Jordi a les xiquetes i xiquets de P-5 de l\u2019escola Carles III.<\/p>\n<h3><span id=\"Ambits_d8217actuacio\">\u00c0mbits d\u2019actuaci\u00f3<\/span><\/h3>\n<p>Aula: P5A \/ P5B \/ P5C<br \/>\nCurs: 2011\/2012<br \/>\nCicle: Parvulari P5<br \/>\nEtapa: Educaci\u00f3 Infantil<br \/>\nCentre: Carles III<br \/>\nEntorn: escolar<br \/>\nEducaci\u00f3 Infantil<\/p>\n<h3><span id=\"AreesMateriesModuls\">\u00c0rees\/Mat\u00e8ries\/M\u00f2duls<\/span><\/h3>\n<p>Interdisciplinari, ja que es treballen diferents aspectes de llenguatge oral i escrit, pl\u00e0stica, relacions socials, entorn natural i social, hi ha diverses viv\u00e8ncies i experi\u00e8ncies,&#8230;<\/p>\n<h3><span id=\"Capacitats_Competencies\">Capacitats \/ Compet\u00e8ncies<\/span><\/h3>\n<p>&#8211; Aprendre a ser i actuar de forma cada vegada m\u00e9s aut\u00f2noma.<br \/>\n&#8211; Aprendre a pensar i a comunicar.<br \/>\n&#8211; Aprendre a descobrir i tenir iniciativa.<br \/>\n&#8211; Aprendre a conviure i habitar el m\u00f3n.<\/p>\n<h3><span id=\"Descripcio_de_la_bona_practica\">Descripci\u00f3 de la bona pr\u00e0ctica<\/span><\/h3>\n<p><strong>Curs acad\u00e8mic:\u00a0<\/strong>2011\/2012<\/p>\n<p><strong>Punt de partida:\u00a0<\/strong>La mare d\u2019un dels alumnes de P5B era la directora de la resid\u00e8ncia de iaios L\u2019Onada, de Sant Carles de la R\u00e0pita. Parlant amb ella, vam coincidir en que hi ha poques activitats en que interactuaven infants i gent de la tercera edat.<br \/>\nAprofitant que la festivitat de Sant Jordi estava propera, vam acordar un intercanvi d\u2019experi\u00e8ncies. Els iaios ens vindrien a explicar la Llegenda de Sant Jordi i nosaltres els hi preparar\u00edem una sorpresa per compartir amb la resta de iaios de la resid\u00e8ncia.<\/p>\n<p><strong>Objectius:<\/strong><\/p>\n<p>&#8211; Fomentar la interacci\u00f3 entre iaios i xiquets.<br \/>\n&#8211; Con\u00e8ixer una nova versi\u00f3 de la Llegenda de Sant Jordi.<br \/>\n&#8211; Gaudir de la dramatitzaci\u00f3 de la llegenda de Sant Jordi.<br \/>\n&#8211; Realitzar un punt de llibre.<br \/>\n&#8211; Utilitzar la t\u00e8cnica del collage en la realitzaci\u00f3 del punt de llibre.<br \/>\n&#8211; Escriure un missatge d\u2019agra\u00efment al punt de llibre.<\/p>\n<p><strong>Temporitzaci\u00f3:\u00a0<\/strong>De la setmana de 16 al 20 d\u2019abril de 2012. Vam dedicar 4 sessions d\u2019una hora cadascuna i la visita que van ser una hora i mitja.<\/p>\n<p><strong>Recursos humans i materials:\u00a0<\/strong><\/p>\n<p>Recursos humans: les tres tutores de P5 i la mestra de refor\u00e7, per part de l\u2019escola. La directora i l\u2019educadora de la resid\u00e8ncia l\u2019Onada.<\/p>\n<p>Recursos materials: Cartolina per fer els punts de llibre i material que ten\u00edem de la classe per tal de decorar-lo.<\/p>\n<p><strong>Valoracions i conclusions:\u00a0<\/strong>Aquest ha estat una experi\u00e8ncia molt positiva, com ho ha demostra el fet que aquest, ha estat el tercer curs que els iaios de l\u2019Onada han vingut a explicar-nos la Llegenda de Sant Jordi.<br \/>\nA m\u00e9s, d\u2019aquesta col\u00b7laboraci\u00f3 han sorgit activitats complement\u00e0ries (visita a les instal\u00b7lacions de l\u2019Onada, visita als iaios a la paradeta de roses que posen per Sant Jordi,&#8230;).<br \/>\nEn definitiva una experi\u00e8ncia que ens enriqueix a tots i que ens omple d\u2019alegria.<\/p>\n<h3><span id=\"Autoria_de_l8217experiencia\">Autoria de l\u2019experi\u00e8ncia<\/span><\/h3>\n<p><strong>Coordinaci\u00f3:\u00a0<\/strong><\/p>\n<p>Ant\u00f2nia Lainez (mestra de P5)<br \/>\nPenny Subirats (directora de l\u2019Onada)<\/p>\n<p><strong>Professorat implicat:<\/strong><\/p>\n<p>M\u00aaCarme Acosta (mestra de refor\u00e7 de P5)<br \/>\nAnt\u00f2nia Lainez (mestra de P5B)<br \/>\nEster L\u00f3pez (mestra de P5A)<br \/>\nVer\u00f2nica Tom\u00e0s (mestra de P5C)<\/p>\n<p>&nbsp;<\/p>\n","protected":false},"excerpt":{"rendered":"<p>Dades del centre Nom del centre: Carles III Adre\u00e7a: Avda. Constituci\u00f3 64 Codi postal: 43540 Localitat:\u00a0Sant Carles de la R\u00e0pita [&hellip;]<\/p>\n","protected":false},"author":1,"featured_media":0,"parent":12016,"menu_order":21,"comment_status":"closed","ping_status":"closed","template":"page-templates\/side-menu.php","meta":{"_bbp_topic_count":0,"_bbp_reply_count":0,"_bbp_total_topic_count":0,"_bbp_total_reply_count":0,"_bbp_voice_count":0,"_bbp_anonymous_reply_count":0,"_bbp_topic_count_hidden":0,"_bbp_reply_count_hidden":0,"_bbp_forum_subforum_count":0,"site-sidebar-layout":"default","site-content-layout":"","ast-site-content-layout":"","site-content-style":"default","site-sidebar-style":"default","ast-global-header-display":"","ast-banner-title-visibility":"","ast-main-header-display":"","ast-hfb-above-header-display":"","ast-hfb-below-header-display":"","ast-hfb-mobile-header-display":"","site-post-title":"","ast-breadcrumbs-content":"","ast-featured-img":"","footer-sml-layout":"","theme-transparent-header-meta":"","adv-header-id-meta":"","stick-header-meta":"","header-above-stick-meta":"","header-main-stick-meta":"","header-below-stick-meta":"","astra-migrate-meta-layouts":"default","ast-page-background-enabled":"default","ast-page-background-meta":{"desktop":{"background-color":"var(--ast-global-color-4)","background-image":"","background-repeat":"repeat","background-position":"center center","background-size":"auto","background-attachment":"scroll","background-type":"","background-media":"","overlay-type":"","overlay-color":"","overlay-opacity":"","overlay-gradient":""},"tablet":{"background-color":"","background-image":"","background-repeat":"repeat","background-position":"center center","background-size":"auto","background-attachment":"scroll","background-type":"","background-media":"","overlay-type":"","overlay-color":"","overlay-opacity":"","overlay-gradient":""},"mobile":{"background-color":"","background-image":"","background-repeat":"repeat","background-position":"center center","background-size":"auto","background-attachment":"scroll","background-type":"","background-media":"","overlay-type":"","overlay-color":"","overlay-opacity":"","overlay-gradient":""}},"ast-content-background-meta":{"desktop":{"background-color":"var(--ast-global-color-5)","background-image":"","background-repeat":"repeat","background-position":"center center","background-size":"auto","background-attachment":"scroll","background-type":"","background-media":"","overlay-type":"","overlay-color":"","overlay-opacity":"","overlay-gradient":""},"tablet":{"background-color":"var(--ast-global-color-5)","background-image":"","background-repeat":"repeat","background-position":"center center","background-size":"auto","background-attachment":"scroll","background-type":"","background-media":"","overlay-type":"","overlay-color":"","overlay-opacity":"","overlay-gradient":""},"mobile":{"background-color":"var(--ast-global-color-5)","background-image":"","background-repeat":"repeat","background-position":"center center","background-size":"auto","background-attachment":"scroll","background-type":"","background-media":"","overlay-type":"","overlay-color":"","overlay-opacity":"","overlay-gradient":""}},"footnotes":""},"class_list":["post-12117","page","type-page","status-publish","hentry"],"post_mailing_queue_ids":[],"_links":{"self":[{"href":"https:\/\/serveiseducatius.xtec.cat\/montsia\/wp-json\/wp\/v2\/pages\/12117","targetHints":{"allow":["GET"]}}],"collection":[{"href":"https:\/\/serveiseducatius.xtec.cat\/montsia\/wp-json\/wp\/v2\/pages"}],"about":[{"href":"https:\/\/serveiseducatius.xtec.cat\/montsia\/wp-json\/wp\/v2\/types\/page"}],"author":[{"embeddable":true,"href":"https:\/\/serveiseducatius.xtec.cat\/montsia\/wp-json\/wp\/v2\/users\/1"}],"replies":[{"embeddable":true,"href":"https:\/\/serveiseducatius.xtec.cat\/montsia\/wp-json\/wp\/v2\/comments?post=12117"}],"version-history":[{"count":1,"href":"https:\/\/serveiseducatius.xtec.cat\/montsia\/wp-json\/wp\/v2\/pages\/12117\/revisions"}],"predecessor-version":[{"id":12119,"href":"https:\/\/serveiseducatius.xtec.cat\/montsia\/wp-json\/wp\/v2\/pages\/12117\/revisions\/12119"}],"up":[{"embeddable":true,"href":"https:\/\/serveiseducatius.xtec.cat\/montsia\/wp-json\/wp\/v2\/pages\/12016"}],"wp:attachment":[{"href":"https:\/\/serveiseducatius.xtec.cat\/montsia\/wp-json\/wp\/v2\/media?parent=12117"}],"curies":[{"name":"wp","href":"https:\/\/api.w.org\/{rel}","templated":true}]}}