{"id":12105,"date":"2021-02-16T17:22:17","date_gmt":"2021-02-16T16:22:17","guid":{"rendered":"http:\/\/serveiseducatius.xtec.cat\/montsia\/?page_id=12105"},"modified":"2021-02-16T17:22:17","modified_gmt":"2021-02-16T16:22:17","slug":"18-arts-craft","status":"publish","type":"page","link":"https:\/\/serveiseducatius.xtec.cat\/montsia\/innovacio-2\/bones-practiques\/18-arts-craft\/","title":{"rendered":"18. Arts &#038; Craft"},"content":{"rendered":"<p style=\"text-align: center;\"><img loading=\"lazy\" decoding=\"async\" class=\"alignnone  wp-image-12106\" src=\"https:\/\/serveiseducatius.xtec.cat\/montsia\/wp-content\/uploads\/usu1125\/2021\/02\/arts-and-craft.png\" alt=\"\" width=\"473\" height=\"268\" srcset=\"https:\/\/serveiseducatius.xtec.cat\/montsia\/wp-content\/uploads\/usu1125\/2021\/02\/arts-and-craft.png 551w, https:\/\/serveiseducatius.xtec.cat\/montsia\/wp-content\/uploads\/usu1125\/2021\/02\/arts-and-craft-300x170.png 300w\" sizes=\"auto, (max-width: 473px) 100vw, 473px\" \/><\/p>\n<h3><span id=\"Dades_del_centre\">Dades del centre<\/span><\/h3>\n<p><strong>Nom del centre:<\/strong> Escola Joan Baptista Serra<br \/>\n<strong>Adre\u00e7a:<\/strong> Avda. Constituci\u00f3 s\/n<br \/>\n<strong>Codi postal:<\/strong> 43530<br \/>\n<strong>Localitat: <\/strong>Alcanar<br \/>\n<strong>Tel\u00e8fon:\u00a0<\/strong>977 73 02 54<br \/>\n<strong>Adre\u00e7a electr\u00f2nica:<\/strong> e3000081<span class=\"\">@xtec.cat<\/span><br \/>\n<strong>Servei territorial:<\/strong>\u00a0Terres de l\u2019Ebre<\/p>\n<h3><span id=\"Breu_resum_de_l8217activitat\">Breu resum de l\u2019activitat<\/span><\/h3>\n<p>El projecte es basa en la impartici\u00f3 de l&#8217;\u00e0rea d&#8217;educaci\u00f3 visual i pl\u00e0stica en llengua anglesa a l&#8217;educaci\u00f3 prim\u00e0ria, a trav\u00e9s d&#8217;una metodologia AICLE, per tal de refor\u00e7ar la llengua oral.<br \/>\nLa finalitat d&#8217;aquesta experi\u00e8ncia \u00e9s contribuir perqu\u00e8 el nostre alumnat adquireixi les habilitats de conversa suficients, en acabar l&#8217;etapa de prim\u00e0ria, que els permetran comunicar-se i fer-se entendre amb altres xiquets i xiquetes en llengua anglesa.<\/p>\n<h3><span id=\"Ambits_d8217actuacio\">\u00c0mbits d\u2019actuaci\u00f3<\/span><\/h3>\n<p>Etapa: prim\u00e0ria (Cicle Inicial, Mitj\u00e0 i Superior)<br \/>\nEducaci\u00f3 Prim\u00e0ria<br \/>\nCurr\u00edculum\/Gesti\u00f3 i organitzaci\u00f3<\/p>\n<h3><span id=\"AreesMateriesModuls\">\u00c0rees\/Mat\u00e8ries\/M\u00f2duls<\/span><\/h3>\n<p>Educaci\u00f3 art\u00edstica : visual i pl\u00e0stica<\/p>\n<h3><span id=\"Capacitats_Competencies\">Capacitats \/ Compet\u00e8ncies<\/span><\/h3>\n<p>Aprendre a aprendre, Comunicativa ling\u00fc\u00edstica i audiovisual, Social i ciutadana, Art\u00edstica i cultural, Tractament de la informaci\u00f3 i compet\u00e8ncia digital. Autonomia i compet\u00e8ncia personal<\/p>\n<h3><span id=\"Descripcio_de_la_bona_practica\">Descripci\u00f3 de la bona pr\u00e0ctica<\/span><\/h3>\n<p><strong>Curs acad\u00e8mic:\u00a0<\/strong>2015-2016<\/p>\n<p><strong>Punt de partida: <\/strong>Proposta del projecte de direcci\u00f3, per tal d&#8217;impulsar i millorar la compet\u00e8ncia ling\u00fc\u00edstica de l&#8217;alumnat, en acabar l&#8217;etapa prim\u00e0ria<\/p>\n<p><strong>Objectius:<\/strong><\/p>\n<p>L&#8217;objectiu principal del projecte \u00e9s el d&#8217;aconseguir parlants pluriling\u00fces competents.<br \/>\nEls objectius que proposa el centre amb aquest projecte s\u00f3n:<br \/>\n\uf0b7 Comprendre ordres i instruccions senzilles en llengua anglesa.<br \/>\n\uf0b7 Adquirir el vocabulari b\u00e0sic que s\u2019utilitza a l\u2019aula.<br \/>\n\uf0b7 Augmentar el contacte amb la llengua anglesa i la seva cultura.<br \/>\n\uf0b7 Aprofundir en una altra realitat socioling\u00fc\u00edstica diferent.<br \/>\n\uf0b7 Con\u00e8ixer i produir el l\u00e8xic a trav\u00e9s d\u2019un treball art\u00edstic.<br \/>\n\uf0b7 Aconseguir la des-inhibici\u00f3 de l\u2019alumnat a l\u2019hora de l\u2019expressi\u00f3 oral.<br \/>\n\uf0b7 Potenciar les compet\u00e8ncies orals, tant receptives com productives dels alumnes.<br \/>\n\uf0b7 Estimular la imaginaci\u00f3 i la creativitat.<br \/>\n\uf0b7 Desenvolupar l\u2019inter\u00e8s de l\u2019alumnat per aprendre la llengua anglesa.<br \/>\n\uf0b7 Utilitzar el l\u00e8xic fonamental per a l\u2019elaboraci\u00f3 de produccions orals.<br \/>\n\uf0b7 Manifestar curiositat i motivaci\u00f3 per l\u2019aprenentatge de lleng\u00fces estrangeres.<br \/>\n\uf0b7 Interpretar i produir missatges orals amb el suport d\u2019estrat\u00e8gies senzilles.<br \/>\n\uf0b7 Comprensi\u00f3 i expressi\u00f3 del llenguatge no verbal.<br \/>\n\uf0b7 Cooperar i comportar-se de forma respectuosa en la realitzaci\u00f3 de les activitats individuals i col\u00b7lectives.<br \/>\n\uf0b7 Valorar i respectar les difer\u00e8ncies culturals i ling\u00fc\u00edstiques.<br \/>\n\uf0b7 Aplicar els recursos b\u00e0sics que ofereix el llenguatge visual i pl\u00e0stic: l\u00ednia, superf\u00edcie, color, textura, volum i espai.<br \/>\n\uf0b7 Apreciar el patrimoni art\u00edstic de diversos pa\u00efsos.<br \/>\n\uf0b7 Manifestar h\u00e0bits d\u2019observaci\u00f3, atenci\u00f3 i pulcritud, com tamb\u00e9 respecte envers les obres pr\u00f2pies i les de les altres persones.<\/p>\n<p><strong>Desenvolupament de l\u2019experi\u00e8ncia:\u00a0<\/strong>Les actuacions a dur a terme durant el curs escolars s\u00f3n:<br \/>\n\uf0b7 Treball a l&#8217;aula a trav\u00e9s d&#8217;una metodologia AICLE.<br \/>\n\uf0b7 Potenciar i consolidar l&#8217;\u00fas de l&#8217;angl\u00e8s a l&#8217;aula a l&#8217;etapa prim\u00e0ria.<\/p>\n<p><strong>Temporitzaci\u00f3:\u00a0<\/strong>Aquest projecte s&#8217;implant\u00e0 al curs 2013-2014 als tres grups de cinqu\u00e8 i sis\u00e8 i s&#8217;ha anat ampliant als altres cicles de manera<br \/>\nprogressiva:<br \/>\nCurs 2013-2014 Cicle Superior.<br \/>\nCurs 2014-2015 Cicle Mitj\u00e0 i Superior.<br \/>\nCurs 2015-2016 Etapa Prim\u00e0ria (Cicles Inicial, Mitj\u00e0 i Superior)<\/p>\n<p><strong>Recursos humans i materials:\u00a0<\/strong>El centre disposa de tres mestres formats amb la metodologia AICLE, dues de les quals ocupen una pla\u00e7a estructural amb perfil ling\u00fc\u00edstic, cosa que permet portar endavant el projecte i poder abarcar tota l&#8217;etapa prim\u00e0ria.<\/p>\n<p><strong>Valoracions i conclusions:\u00a0<\/strong><\/p>\n<p>Punts forts:<br \/>\n\uf0b7 Bona recepci\u00f3 i resposta per part de l&#8217;alumnat.<br \/>\n\uf0b7 Ambient d&#8217;aprenentatge relaxat.<br \/>\n\uf0b7 Assoliment dels objectius proposats en el projecte.<br \/>\nPunts febles:<br \/>\n\uf0b7 Poc material propi de l&#8217;\u00e0rea d&#8217;educaci\u00f3 visual i pl\u00e0stica: llibres de consulta, p\u00f2sters, material, mobiliari,&#8230;<br \/>\n\uf0b7 Manca d&#8217;adequaci\u00f3 d&#8217;una aula per impartir l&#8217;assignatura.<\/p>\n<p><strong>Documentaci\u00f3 complement\u00e0ria:\u00a0<\/strong>Veure a la p\u00e0gina seg\u00fcent \u00abActivitats transversals m\u00e9s destacades\u00bb<\/p>\n<p><img loading=\"lazy\" decoding=\"async\" class=\"size-full wp-image-12108 aligncenter\" src=\"https:\/\/serveiseducatius.xtec.cat\/montsia\/wp-content\/uploads\/usu1125\/2021\/02\/graella-arts-and-craft.png\" alt=\"\" width=\"1042\" height=\"700\" srcset=\"https:\/\/serveiseducatius.xtec.cat\/montsia\/wp-content\/uploads\/usu1125\/2021\/02\/graella-arts-and-craft.png 1042w, https:\/\/serveiseducatius.xtec.cat\/montsia\/wp-content\/uploads\/usu1125\/2021\/02\/graella-arts-and-craft-300x202.png 300w, https:\/\/serveiseducatius.xtec.cat\/montsia\/wp-content\/uploads\/usu1125\/2021\/02\/graella-arts-and-craft-768x516.png 768w, https:\/\/serveiseducatius.xtec.cat\/montsia\/wp-content\/uploads\/usu1125\/2021\/02\/graella-arts-and-craft-1024x688.png 1024w\" sizes=\"auto, (max-width: 1042px) 100vw, 1042px\" \/><\/p>\n<h3><span id=\"Autoria_de_l8217experiencia\">Autoria de l\u2019experi\u00e8ncia<\/span><\/h3>\n<p><strong>Coordinaci\u00f3: <\/strong>Lorena Jovani Sancho<br \/>\n<strong>Professorat implicat:\u00a0<\/strong>Lorena Jovani Sancho<br \/>\nAnna Mireia Casab\u00f3 Sancho<br \/>\nMaria Vict\u00f2ria Moreno Sancho<\/p>\n","protected":false},"excerpt":{"rendered":"<p>Dades del centre Nom del centre: Escola Joan Baptista Serra Adre\u00e7a: Avda. Constituci\u00f3 s\/n Codi postal: 43530 Localitat: Alcanar Tel\u00e8fon:\u00a0977 [&hellip;]<\/p>\n","protected":false},"author":1,"featured_media":0,"parent":12016,"menu_order":18,"comment_status":"closed","ping_status":"closed","template":"page-templates\/side-menu.php","meta":{"_bbp_topic_count":0,"_bbp_reply_count":0,"_bbp_total_topic_count":0,"_bbp_total_reply_count":0,"_bbp_voice_count":0,"_bbp_anonymous_reply_count":0,"_bbp_topic_count_hidden":0,"_bbp_reply_count_hidden":0,"_bbp_forum_subforum_count":0,"site-sidebar-layout":"default","site-content-layout":"","ast-site-content-layout":"","site-content-style":"default","site-sidebar-style":"default","ast-global-header-display":"","ast-banner-title-visibility":"","ast-main-header-display":"","ast-hfb-above-header-display":"","ast-hfb-below-header-display":"","ast-hfb-mobile-header-display":"","site-post-title":"","ast-breadcrumbs-content":"","ast-featured-img":"","footer-sml-layout":"","theme-transparent-header-meta":"","adv-header-id-meta":"","stick-header-meta":"","header-above-stick-meta":"","header-main-stick-meta":"","header-below-stick-meta":"","astra-migrate-meta-layouts":"default","ast-page-background-enabled":"default","ast-page-background-meta":{"desktop":{"background-color":"var(--ast-global-color-4)","background-image":"","background-repeat":"repeat","background-position":"center center","background-size":"auto","background-attachment":"scroll","background-type":"","background-media":"","overlay-type":"","overlay-color":"","overlay-opacity":"","overlay-gradient":""},"tablet":{"background-color":"","background-image":"","background-repeat":"repeat","background-position":"center center","background-size":"auto","background-attachment":"scroll","background-type":"","background-media":"","overlay-type":"","overlay-color":"","overlay-opacity":"","overlay-gradient":""},"mobile":{"background-color":"","background-image":"","background-repeat":"repeat","background-position":"center center","background-size":"auto","background-attachment":"scroll","background-type":"","background-media":"","overlay-type":"","overlay-color":"","overlay-opacity":"","overlay-gradient":""}},"ast-content-background-meta":{"desktop":{"background-color":"var(--ast-global-color-5)","background-image":"","background-repeat":"repeat","background-position":"center center","background-size":"auto","background-attachment":"scroll","background-type":"","background-media":"","overlay-type":"","overlay-color":"","overlay-opacity":"","overlay-gradient":""},"tablet":{"background-color":"var(--ast-global-color-5)","background-image":"","background-repeat":"repeat","background-position":"center center","background-size":"auto","background-attachment":"scroll","background-type":"","background-media":"","overlay-type":"","overlay-color":"","overlay-opacity":"","overlay-gradient":""},"mobile":{"background-color":"var(--ast-global-color-5)","background-image":"","background-repeat":"repeat","background-position":"center center","background-size":"auto","background-attachment":"scroll","background-type":"","background-media":"","overlay-type":"","overlay-color":"","overlay-opacity":"","overlay-gradient":""}},"footnotes":""},"class_list":["post-12105","page","type-page","status-publish","hentry"],"post_mailing_queue_ids":[],"_links":{"self":[{"href":"https:\/\/serveiseducatius.xtec.cat\/montsia\/wp-json\/wp\/v2\/pages\/12105","targetHints":{"allow":["GET"]}}],"collection":[{"href":"https:\/\/serveiseducatius.xtec.cat\/montsia\/wp-json\/wp\/v2\/pages"}],"about":[{"href":"https:\/\/serveiseducatius.xtec.cat\/montsia\/wp-json\/wp\/v2\/types\/page"}],"author":[{"embeddable":true,"href":"https:\/\/serveiseducatius.xtec.cat\/montsia\/wp-json\/wp\/v2\/users\/1"}],"replies":[{"embeddable":true,"href":"https:\/\/serveiseducatius.xtec.cat\/montsia\/wp-json\/wp\/v2\/comments?post=12105"}],"version-history":[{"count":1,"href":"https:\/\/serveiseducatius.xtec.cat\/montsia\/wp-json\/wp\/v2\/pages\/12105\/revisions"}],"predecessor-version":[{"id":12109,"href":"https:\/\/serveiseducatius.xtec.cat\/montsia\/wp-json\/wp\/v2\/pages\/12105\/revisions\/12109"}],"up":[{"embeddable":true,"href":"https:\/\/serveiseducatius.xtec.cat\/montsia\/wp-json\/wp\/v2\/pages\/12016"}],"wp:attachment":[{"href":"https:\/\/serveiseducatius.xtec.cat\/montsia\/wp-json\/wp\/v2\/media?parent=12105"}],"curies":[{"name":"wp","href":"https:\/\/api.w.org\/{rel}","templated":true}]}}