{"id":12066,"date":"2021-02-16T11:27:49","date_gmt":"2021-02-16T10:27:49","guid":{"rendered":"http:\/\/serveiseducatius.xtec.cat\/montsia\/?page_id=12066"},"modified":"2021-02-18T09:56:40","modified_gmt":"2021-02-18T08:56:40","slug":"9-caseta-de-xocolata","status":"publish","type":"page","link":"https:\/\/serveiseducatius.xtec.cat\/montsia\/innovacio-2\/bones-practiques\/9-caseta-de-xocolata\/","title":{"rendered":"9. Caseta de xocolata"},"content":{"rendered":"<p style=\"text-align: center;\"><img loading=\"lazy\" decoding=\"async\" class=\"alignnone wp-image-12067\" src=\"https:\/\/serveiseducatius.xtec.cat\/montsia\/wp-content\/uploads\/usu1125\/2021\/02\/caseta-de-xocolata.png\" alt=\"\" width=\"492\" height=\"300\" srcset=\"https:\/\/serveiseducatius.xtec.cat\/montsia\/wp-content\/uploads\/usu1125\/2021\/02\/caseta-de-xocolata.png 544w, https:\/\/serveiseducatius.xtec.cat\/montsia\/wp-content\/uploads\/usu1125\/2021\/02\/caseta-de-xocolata-300x183.png 300w\" sizes=\"auto, (max-width: 492px) 100vw, 492px\" \/><\/p>\n<h3><span id=\"Dades_del_centre\">Dades del centre<\/span><\/h3>\n<p><strong>Nom del centre:<\/strong> Sagrat Cor<br \/>\n<strong>Adre\u00e7a:<\/strong> Gna Teresa Mira, 21<br \/>\n<strong>Codi postal:<\/strong> 43870<br \/>\n<strong>Localitat:\u00a0<\/strong>Amposta<br \/>\n<strong>Tel\u00e8fon:\u00a0<\/strong>977700094<br \/>\n<strong>Adre\u00e7a electr\u00f2nica:<\/strong> e3000299@xtec.cat<br \/>\n<strong>Servei territorial:<\/strong>\u00a0Terres de l\u2019Ebre<\/p>\n<h3><span id=\"Breu_resum_de_l8217activitat\">Breu resum de l\u2019activitat<\/span><\/h3>\n<p>A partir de l\u2019explicaci\u00f3 del conte \u201cla caseta de xocolata\u201d amb titelles, fer un dibuix amb xocolata desfeta.<\/p>\n<h3><span id=\"Ambits_d8217actuacio\">\u00c0mbits d\u2019actuaci\u00f3<\/span><\/h3>\n<p>Aula\/Curs\/Cicle\/Etapa\/Centre\/Entorn: Classes del parvulari\/ P3, P4, P5\/ Educaci\u00f3 Infantil\/ 3r trimestre<\/p>\n<p>Educaci\u00f3 Infantil<\/p>\n<p>Curr\u00edculum\/Gesti\u00f3 i organitzaci\u00f3<br \/>\nEn aquesta activitat s\u2019interrelacionen totes les \u00e0rees: \u00e0rea de descoberta d\u2019un mateix i dels altres, \u00e0rea de descoberta de l\u2019entorn i l\u2019\u00e0rea de comunicaci\u00f3 i llenguatges.<\/p>\n<h3><span id=\"AreesMateriesModuls\">\u00c0rees\/Mat\u00e8ries\/M\u00f2duls<\/span><\/h3>\n<p>Totes les \u00e0rees<\/p>\n<h3><span id=\"Capacitats_Competencies\">Capacitats \/ Compet\u00e8ncies<\/span><\/h3>\n<p>Aprendre a pensar i comunicar.<br \/>\nAprendre a descobrir i tenir iniciativa.<\/p>\n<h3><span id=\"Descripcio_de_la_bona_practica\">Descripci\u00f3 de la bona pr\u00e0ctica<\/span><\/h3>\n<p><strong>Curs acad\u00e8mic:\u00a0<\/strong>segon cicle d&#8217;Educaci\u00f3 Infantil<\/p>\n<p><strong>Punt de partida:\u00a0<\/strong>sessi\u00f3 de tallers que es fan setmanalment.<\/p>\n<p><strong>Objectius:<\/strong><\/p>\n<p>\u2022 Motivar a l\u2019alumne un inter\u00e8s per la lectura.<br \/>\n\u2022 Desenvolupar l\u2019atenci\u00f3 a l\u2019hora d\u2019escoltar i comprendre un conte.<br \/>\n\u2022 Explorar i experimentar la xocolata desfeta com a ingredient principal del conte.<br \/>\n\u2022 Mostrar inter\u00e8s per la pr\u00f2pia feina i la dels companys<\/p>\n<p><strong>Desenvolupament de l\u2019experi\u00e8ncia:\u00a0<\/strong>S\u2019agrupen dos classes. La mestra explica la \u201cCaseta de xocolata\u201d amb titelles. Tot seguit, es far\u00e0 un dibuix individualment amb xocolata desfeta amb el dit. Despr\u00e9s es dibuixar\u00e0 lliurement en grup, a un paper d\u2019embalar, tot escoltant diferents tipus de can\u00e7ons, com per exemple: cl\u00e0ssica, pop o relaxaci\u00f3.<\/p>\n<p><strong>Temporitzaci\u00f3:\u00a0<\/strong>una hora aproximadament.<\/p>\n<p><strong>Recursos humans i materials:\u00a0<\/strong>mestra de psicomotricitat, tutores d\u2019Educaci\u00f3 Infantil. Paper d\u2019embalar, cartolines de DN4, xocolata desfeta, el conte de \u201c la caseta de xocolata\u201d i les titelles, pl\u00e0stics grans per damunt de les taules, plats de pl\u00e0stic i un Cd.<\/p>\n<p><strong>Valoracions i conclusions:\u00a0<\/strong>Ha resultat una experi\u00e8ncia enriquidora i positiva per a tots, pel fet de tenir l\u2019oportunitat de poder con\u00e8ixer i experimentar la xocolata desfeta com una eina m\u00e9s per pintar. I tamb\u00e9 per treballar en grup.<\/p>\n<p><strong>Documentaci\u00f3 complement\u00e0ria:\u00a0<\/strong>\u201cla caseta de Xocolata\u201d i les titelles confeccionades per la mestra.<\/p>\n<p>&nbsp;<\/p>\n<h3><span id=\"Autoria_de_l8217experiencia\">Autoria de l\u2019experi\u00e8ncia<\/span><\/h3>\n<p><strong>Coordinaci\u00f3:\u00a0<\/strong>Coordinadora d\u2019Educaci\u00f3 Infantil i mestra de psicomotricitat: Laura Monlla\u00f3- Carmen Casad\u00f3<br \/>\n<strong>Professorat implicat:\u00a0<\/strong>tutores d\u2019Educaci\u00f3 Infantil, mestra de refor\u00e7 i mestra de psicomotricitat: Laura Monlla\u00f3, Ver\u00f2nica Gisbert, Montse Beltran, Alba Franco, Bel\u00e9n Vidal, No\u00e8lia B\u00f3, Mireia Caball\u00e9 i Carmen Casad\u00f3<\/p>\n","protected":false},"excerpt":{"rendered":"<p>Dades del centre Nom del centre: Sagrat Cor Adre\u00e7a: Gna Teresa Mira, 21 Codi postal: 43870 Localitat:\u00a0Amposta Tel\u00e8fon:\u00a0977700094 Adre\u00e7a electr\u00f2nica: [&hellip;]<\/p>\n","protected":false},"author":1,"featured_media":0,"parent":12016,"menu_order":9,"comment_status":"closed","ping_status":"closed","template":"page-templates\/side-menu.php","meta":{"_bbp_topic_count":0,"_bbp_reply_count":0,"_bbp_total_topic_count":0,"_bbp_total_reply_count":0,"_bbp_voice_count":0,"_bbp_anonymous_reply_count":0,"_bbp_topic_count_hidden":0,"_bbp_reply_count_hidden":0,"_bbp_forum_subforum_count":0,"site-sidebar-layout":"default","site-content-layout":"","ast-site-content-layout":"","site-content-style":"default","site-sidebar-style":"default","ast-global-header-display":"","ast-banner-title-visibility":"","ast-main-header-display":"","ast-hfb-above-header-display":"","ast-hfb-below-header-display":"","ast-hfb-mobile-header-display":"","site-post-title":"","ast-breadcrumbs-content":"","ast-featured-img":"","footer-sml-layout":"","theme-transparent-header-meta":"","adv-header-id-meta":"","stick-header-meta":"","header-above-stick-meta":"","header-main-stick-meta":"","header-below-stick-meta":"","astra-migrate-meta-layouts":"default","ast-page-background-enabled":"default","ast-page-background-meta":{"desktop":{"background-color":"var(--ast-global-color-4)","background-image":"","background-repeat":"repeat","background-position":"center center","background-size":"auto","background-attachment":"scroll","background-type":"","background-media":"","overlay-type":"","overlay-color":"","overlay-opacity":"","overlay-gradient":""},"tablet":{"background-color":"","background-image":"","background-repeat":"repeat","background-position":"center center","background-size":"auto","background-attachment":"scroll","background-type":"","background-media":"","overlay-type":"","overlay-color":"","overlay-opacity":"","overlay-gradient":""},"mobile":{"background-color":"","background-image":"","background-repeat":"repeat","background-position":"center center","background-size":"auto","background-attachment":"scroll","background-type":"","background-media":"","overlay-type":"","overlay-color":"","overlay-opacity":"","overlay-gradient":""}},"ast-content-background-meta":{"desktop":{"background-color":"var(--ast-global-color-5)","background-image":"","background-repeat":"repeat","background-position":"center center","background-size":"auto","background-attachment":"scroll","background-type":"","background-media":"","overlay-type":"","overlay-color":"","overlay-opacity":"","overlay-gradient":""},"tablet":{"background-color":"var(--ast-global-color-5)","background-image":"","background-repeat":"repeat","background-position":"center center","background-size":"auto","background-attachment":"scroll","background-type":"","background-media":"","overlay-type":"","overlay-color":"","overlay-opacity":"","overlay-gradient":""},"mobile":{"background-color":"var(--ast-global-color-5)","background-image":"","background-repeat":"repeat","background-position":"center center","background-size":"auto","background-attachment":"scroll","background-type":"","background-media":"","overlay-type":"","overlay-color":"","overlay-opacity":"","overlay-gradient":""}},"footnotes":""},"class_list":["post-12066","page","type-page","status-publish","hentry"],"post_mailing_queue_ids":[],"_links":{"self":[{"href":"https:\/\/serveiseducatius.xtec.cat\/montsia\/wp-json\/wp\/v2\/pages\/12066","targetHints":{"allow":["GET"]}}],"collection":[{"href":"https:\/\/serveiseducatius.xtec.cat\/montsia\/wp-json\/wp\/v2\/pages"}],"about":[{"href":"https:\/\/serveiseducatius.xtec.cat\/montsia\/wp-json\/wp\/v2\/types\/page"}],"author":[{"embeddable":true,"href":"https:\/\/serveiseducatius.xtec.cat\/montsia\/wp-json\/wp\/v2\/users\/1"}],"replies":[{"embeddable":true,"href":"https:\/\/serveiseducatius.xtec.cat\/montsia\/wp-json\/wp\/v2\/comments?post=12066"}],"version-history":[{"count":2,"href":"https:\/\/serveiseducatius.xtec.cat\/montsia\/wp-json\/wp\/v2\/pages\/12066\/revisions"}],"predecessor-version":[{"id":12172,"href":"https:\/\/serveiseducatius.xtec.cat\/montsia\/wp-json\/wp\/v2\/pages\/12066\/revisions\/12172"}],"up":[{"embeddable":true,"href":"https:\/\/serveiseducatius.xtec.cat\/montsia\/wp-json\/wp\/v2\/pages\/12016"}],"wp:attachment":[{"href":"https:\/\/serveiseducatius.xtec.cat\/montsia\/wp-json\/wp\/v2\/media?parent=12066"}],"curies":[{"name":"wp","href":"https:\/\/api.w.org\/{rel}","templated":true}]}}