{"id":12043,"date":"2021-02-15T15:40:27","date_gmt":"2021-02-15T14:40:27","guid":{"rendered":"http:\/\/serveiseducatius.xtec.cat\/montsia\/?page_id=12043"},"modified":"2021-02-15T15:40:27","modified_gmt":"2021-02-15T14:40:27","slug":"5-pati-dinamic","status":"publish","type":"page","link":"https:\/\/serveiseducatius.xtec.cat\/montsia\/innovacio-2\/bones-practiques\/5-pati-dinamic\/","title":{"rendered":"5. Pati din\u00e0mic"},"content":{"rendered":"<h3><img loading=\"lazy\" decoding=\"async\" class=\" wp-image-12044 aligncenter\" src=\"https:\/\/serveiseducatius.xtec.cat\/montsia\/wp-content\/uploads\/usu1125\/2021\/02\/pati-dinamic.png\" alt=\"\" width=\"491\" height=\"327\" srcset=\"https:\/\/serveiseducatius.xtec.cat\/montsia\/wp-content\/uploads\/usu1125\/2021\/02\/pati-dinamic.png 510w, https:\/\/serveiseducatius.xtec.cat\/montsia\/wp-content\/uploads\/usu1125\/2021\/02\/pati-dinamic-300x200.png 300w\" sizes=\"auto, (max-width: 491px) 100vw, 491px\" \/><\/h3>\n<h3><span id=\"Dades_del_centre\">Dades del centre<\/span><\/h3>\n<p><strong>Nom del centre:<\/strong> Institut Els Alfacs<br \/>\n<strong>Adre\u00e7a:<\/strong> C\/ Ramon Torn\u00e9 s\/n<br \/>\n<strong>Codi postal:<\/strong> 43540<br \/>\n<strong>Localitat:\u00a0<\/strong>La R\u00e0pita<br \/>\n<strong>Tel\u00e8fon:<\/strong> 977746982<br \/>\n<strong>Adre\u00e7a electr\u00f2nica:<\/strong> iesalfacs@xtec.cat<br \/>\n<strong>Servei territorial:<\/strong>\u00a0Terres de l\u2019Ebre<\/p>\n<h3><span id=\"Breu_resum_de_l8217activitat\">Breu resum de l\u2019activitat<\/span><\/h3>\n<p>Es tracta que a l\u2019hora del pati, els alumnes puguin fer diverses activitats, per tal de millorar la conviv\u00e8ncia al centre, que sovint en aquesta mitja hora es veu un xic crispada.<br \/>\nAquest any fem tallers i lliguetes esportives. Estem fent HIP-HOP, judo, lliga de futbol 1r Cicle, lliga de futbol 2n cicle, lliga de b\u00e0squet 1r cicle, lliga de basket 2n cicle, bitlles, jocs de taula, aula d\u2019estudi, \u201cbal\u00f3n prisionero\u201d, papirofl\u00e8xia, karaoke i els divendres ho tenim amenitzat amb m\u00fasica a c\u00e0rrec del grup de periodisme.<br \/>\nEn dates assenyalades fem les finals de cada esport, amb entrega de premis a tots els participants.<br \/>\nTots els alumnes estan assegurats dins del Pla Catal\u00e0 de l\u2019Esport a l\u2019Escola.<\/p>\n<h3><span id=\"Ambits_d8217actuacio\">\u00c0mbits d\u2019actuaci\u00f3<\/span><\/h3>\n<p>Etapa<br \/>\nESO<br \/>\nGesti\u00f3 i organitzaci\u00f3<\/p>\n<h3><span id=\"AreesMateriesModuls\">\u00c0rees\/Mat\u00e8ries\/M\u00f2duls<\/span><\/h3>\n<p>Esports i orientaci\u00f3 pedag\u00f2gica<\/p>\n<h3><span id=\"Capacitats_Competencies\">Capacitats \/ Compet\u00e8ncies<\/span><\/h3>\n<p>Social i ciutadana, Autonomia i compet\u00e8ncia personal<\/p>\n<h3><span id=\"Descripcio_de_la_bona_practica\">Descripci\u00f3 de la bona pr\u00e0ctica<\/span><\/h3>\n<p><strong>Curs acad\u00e8mic:\u00a0<\/strong>2011-12<\/p>\n<p><strong>Punt de partida:\u00a0<\/strong>Hav\u00edem observat un estat de crispaci\u00f3 a l\u2019hora del pati que desembocava en jocs violents i en baralles sovintejades, de manera que vam cercar camins per redirigir aquella energia negativa.<\/p>\n<p><strong>Objectius:\u00a0<\/strong>Millorar l\u2019ambient al pati i la integraci\u00f3 de tot l\u2019alumnat.<\/p>\n<p><strong>Desenvolupament de l\u2019experi\u00e8ncia: <\/strong>Vam comen\u00e7ar amb poques activitats i les hem anat augmentant, ja que els mateixos alumnes ens proposaven m\u00e9s activitats<\/p>\n<p><strong>Temporitzaci\u00f3:\u00a0<\/strong>Les activitats es fan durant tot el curs acad\u00e8mic, excepte els jocs de taula, que solament es fan el segon trimestre perqu\u00e8 coincideix amb les inclem\u00e8ncies meteorol\u00f2giques.<\/p>\n<p><strong>Recursos humans i materials:\u00a0<\/strong>Professorat voluntari i voluntaris externs.<br \/>\nPilotes, bitlles, jocs de taula.<\/p>\n<p><strong>Valoracions i conclusions: <\/strong>La valoraci\u00f3 ha estat molt positiva, per part de tota la comunitat escolar, ja que estar\u00edem parlant de m\u00e9s del 50% alumnes participant en alguna activitat algun dia de la setmana, i els que no participen activament en s\u00f3n espectadors.<\/p>\n<h3><span id=\"Autoria_de_l8217experiencia\">Autoria de l\u2019experi\u00e8ncia<\/span><\/h3>\n<p><strong>Coordinaci\u00f3:\u00a0<\/strong>Carles Pasqual<br \/>\n<strong>Professorat implicat:\u00a0<\/strong>Carme Flores, Miquel Revert\u00e9, Montse Vizcarro, Marta Peruga, Carme Tom\u00e0s, David Madorran, Carles Roset i Joan Polo<\/p>\n<p>&nbsp;<\/p>\n","protected":false},"excerpt":{"rendered":"<p>Dades del centre Nom del centre: Institut Els Alfacs Adre\u00e7a: C\/ Ramon Torn\u00e9 s\/n Codi postal: 43540 Localitat:\u00a0La R\u00e0pita Tel\u00e8fon: [&hellip;]<\/p>\n","protected":false},"author":1,"featured_media":0,"parent":12016,"menu_order":5,"comment_status":"closed","ping_status":"closed","template":"page-templates\/side-menu.php","meta":{"_bbp_topic_count":0,"_bbp_reply_count":0,"_bbp_total_topic_count":0,"_bbp_total_reply_count":0,"_bbp_voice_count":0,"_bbp_anonymous_reply_count":0,"_bbp_topic_count_hidden":0,"_bbp_reply_count_hidden":0,"_bbp_forum_subforum_count":0,"site-sidebar-layout":"default","site-content-layout":"","ast-site-content-layout":"","site-content-style":"default","site-sidebar-style":"default","ast-global-header-display":"","ast-banner-title-visibility":"","ast-main-header-display":"","ast-hfb-above-header-display":"","ast-hfb-below-header-display":"","ast-hfb-mobile-header-display":"","site-post-title":"","ast-breadcrumbs-content":"","ast-featured-img":"","footer-sml-layout":"","theme-transparent-header-meta":"","adv-header-id-meta":"","stick-header-meta":"","header-above-stick-meta":"","header-main-stick-meta":"","header-below-stick-meta":"","astra-migrate-meta-layouts":"default","ast-page-background-enabled":"default","ast-page-background-meta":{"desktop":{"background-color":"var(--ast-global-color-4)","background-image":"","background-repeat":"repeat","background-position":"center center","background-size":"auto","background-attachment":"scroll","background-type":"","background-media":"","overlay-type":"","overlay-color":"","overlay-opacity":"","overlay-gradient":""},"tablet":{"background-color":"","background-image":"","background-repeat":"repeat","background-position":"center center","background-size":"auto","background-attachment":"scroll","background-type":"","background-media":"","overlay-type":"","overlay-color":"","overlay-opacity":"","overlay-gradient":""},"mobile":{"background-color":"","background-image":"","background-repeat":"repeat","background-position":"center center","background-size":"auto","background-attachment":"scroll","background-type":"","background-media":"","overlay-type":"","overlay-color":"","overlay-opacity":"","overlay-gradient":""}},"ast-content-background-meta":{"desktop":{"background-color":"var(--ast-global-color-5)","background-image":"","background-repeat":"repeat","background-position":"center center","background-size":"auto","background-attachment":"scroll","background-type":"","background-media":"","overlay-type":"","overlay-color":"","overlay-opacity":"","overlay-gradient":""},"tablet":{"background-color":"var(--ast-global-color-5)","background-image":"","background-repeat":"repeat","background-position":"center center","background-size":"auto","background-attachment":"scroll","background-type":"","background-media":"","overlay-type":"","overlay-color":"","overlay-opacity":"","overlay-gradient":""},"mobile":{"background-color":"var(--ast-global-color-5)","background-image":"","background-repeat":"repeat","background-position":"center center","background-size":"auto","background-attachment":"scroll","background-type":"","background-media":"","overlay-type":"","overlay-color":"","overlay-opacity":"","overlay-gradient":""}},"footnotes":""},"class_list":["post-12043","page","type-page","status-publish","hentry"],"post_mailing_queue_ids":[],"_links":{"self":[{"href":"https:\/\/serveiseducatius.xtec.cat\/montsia\/wp-json\/wp\/v2\/pages\/12043","targetHints":{"allow":["GET"]}}],"collection":[{"href":"https:\/\/serveiseducatius.xtec.cat\/montsia\/wp-json\/wp\/v2\/pages"}],"about":[{"href":"https:\/\/serveiseducatius.xtec.cat\/montsia\/wp-json\/wp\/v2\/types\/page"}],"author":[{"embeddable":true,"href":"https:\/\/serveiseducatius.xtec.cat\/montsia\/wp-json\/wp\/v2\/users\/1"}],"replies":[{"embeddable":true,"href":"https:\/\/serveiseducatius.xtec.cat\/montsia\/wp-json\/wp\/v2\/comments?post=12043"}],"version-history":[{"count":2,"href":"https:\/\/serveiseducatius.xtec.cat\/montsia\/wp-json\/wp\/v2\/pages\/12043\/revisions"}],"predecessor-version":[{"id":12169,"href":"https:\/\/serveiseducatius.xtec.cat\/montsia\/wp-json\/wp\/v2\/pages\/12043\/revisions\/12169"}],"up":[{"embeddable":true,"href":"https:\/\/serveiseducatius.xtec.cat\/montsia\/wp-json\/wp\/v2\/pages\/12016"}],"wp:attachment":[{"href":"https:\/\/serveiseducatius.xtec.cat\/montsia\/wp-json\/wp\/v2\/media?parent=12043"}],"curies":[{"name":"wp","href":"https:\/\/api.w.org\/{rel}","templated":true}]}}