{"id":12037,"date":"2021-02-15T15:28:07","date_gmt":"2021-02-15T14:28:07","guid":{"rendered":"http:\/\/serveiseducatius.xtec.cat\/montsia\/?page_id=12037"},"modified":"2021-02-18T09:44:28","modified_gmt":"2021-02-18T08:44:28","slug":"4-ens-divertim-en-angles","status":"publish","type":"page","link":"https:\/\/serveiseducatius.xtec.cat\/montsia\/innovacio-2\/bones-practiques\/4-ens-divertim-en-angles\/","title":{"rendered":"4. Ens divertim en angl\u00e8s!"},"content":{"rendered":"<h3><img loading=\"lazy\" decoding=\"async\" class=\"wp-image-12039 aligncenter\" src=\"https:\/\/serveiseducatius.xtec.cat\/montsia\/wp-content\/uploads\/usu1125\/2021\/02\/ens-divertim-en-angles-1.png\" alt=\"\" width=\"541\" height=\"336\" srcset=\"https:\/\/serveiseducatius.xtec.cat\/montsia\/wp-content\/uploads\/usu1125\/2021\/02\/ens-divertim-en-angles-1.png 548w, https:\/\/serveiseducatius.xtec.cat\/montsia\/wp-content\/uploads\/usu1125\/2021\/02\/ens-divertim-en-angles-1-300x186.png 300w\" sizes=\"auto, (max-width: 541px) 100vw, 541px\" \/><\/h3>\n<h3><span id=\"Dades_del_centre\">Dades del centre<\/span><\/h3>\n<p><strong>Nom del centre:<\/strong> Institut Les Planes<br \/>\n<strong>Adre\u00e7a:<\/strong> Pla\u00e7a Catalunya, 1<br \/>\n<strong>Codi postal:<\/strong> 43570<br \/>\n<strong>Localitat:\u00a0<\/strong>Santa B\u00e0rbara<br \/>\n<strong>Tel\u00e8fon:<\/strong> 977719416<br \/>\n<strong>Adre\u00e7a electr\u00f2nica:<\/strong> e3008456@xtec.cat<br \/>\n<strong>Servei territorial:<\/strong>\u00a0Terres de l\u2019Ebre<\/p>\n<h3><span id=\"Breu_resum_de_l8217activitat\">Breu resum de l\u2019activitat<\/span><\/h3>\n<p>Es tracta d\u2019un projecte de col\u00b7laboraci\u00f3 en el qual alumnat de 2n de Batxillerat realitza tallers d\u2019angl\u00e8s amb alumnes de 5 a 12 anys mitjan\u00e7ant jocs i explicaci\u00f3 de contes tradicionals amb titelles de dits i imatges&#8230;<\/p>\n<h3><span id=\"Ambits_d8217actuacio\">\u00c0mbits d\u2019actuaci\u00f3<\/span><\/h3>\n<p>Centre<br \/>\nBatxillerat\/ Ed. Prim\u00e0ria<br \/>\nCurr\u00edculum<\/p>\n<h3><span id=\"AreesMateriesModuls\">\u00c0rees\/Mat\u00e8ries\/M\u00f2duls<\/span><\/h3>\n<p>Llengua anglesa<\/p>\n<h3><span id=\"Capacitats_Competencies\">Capacitats \/ Compet\u00e8ncies<\/span><\/h3>\n<p>Aprendre a aprendre, Comunicativa, ling\u00fc\u00edstica i audiovisual, Social i ciutadana.<\/p>\n<h3><span id=\"Descripcio_de_la_bona_practica\">Descripci\u00f3 de la bona pr\u00e0ctica<\/span><\/h3>\n<p><strong>Curs acad\u00e8mic: <\/strong>2012-2013<\/p>\n<p><strong>Punt de partida: <\/strong>Inter\u00e8s per col\u00b7laborar amb la Fira de l\u2019oli de Santa B\u00e0rbara amb activitats organitzades i preparades per professorat i alumnat del centre per a nens i nenes de 5 a 12 anys i mostrar les seves habilitats ling\u00fc\u00edstiques en llengua anglesa.<\/p>\n<p><strong>Objectius:<\/strong><\/p>\n<p>&#8211; Potenciar la col\u00b7laboraci\u00f3 entre alumnes de Batxillerat i nens i nens de l\u2019entorn.<br \/>\n&#8211; Consolidar els aprenentatges dels alumnes de Batxillerat pel que fa a la llengua anglesa.<br \/>\n&#8211; Crear vincles entre l\u2019alumnat del centre i altres nens i nenes de l\u2019entorn.<br \/>\n&#8211; Mostrar la potencialitat de la interacci\u00f3 de la llengua anglesa entre joves i nens de diferents edats.<br \/>\n&#8211; Refor\u00e7ar l\u2019aprenentatge de la llengua anglesa a alumnes de Educaci\u00f3 Prim\u00e0ria.<\/p>\n<p><strong>Desenvolupament de l\u2019experi\u00e8ncia:\u00a0<\/strong><\/p>\n<p>1) Preparaci\u00f3 dels tallers per part dels alumnes i la professora d\u2019angl\u00e8s.<br \/>\n2) Realitzaci\u00f3 dels tallers durant els dies de la Fira de l\u2019oli\u00a0 de Santa B\u00e0rbara amb l\u2019assist\u00e8ncia de nens i nenes entre 5 i 12 anys.<\/p>\n<p><strong>Temporitzaci\u00f3:\u00a0<\/strong><\/p>\n<p>4 sessions d\u20191 hora.<\/p>\n<p><strong>Recursos humans i materials:\u00a0<\/strong><\/p>\n<p>Alumnat de 2n de Batxillerat.<br \/>\nFitxes per als tallers, llapis de colors, titelles fetes pels alumnes, pilotes, etc.<\/p>\n<p><strong>Valoracions i conclusions: <\/strong>L\u2019experi\u00e8ncia ha estat molt positiva. S\u2019han assolit els objectius marcats malgrat una assist\u00e8ncia inferior a la prevista degut al mal temps. Tot i aix\u00f2 els participants (tant els organitzadors com els nens)han gaudir de les activitats.<br \/>\n\u00c9s possible que l\u2019activitat es repeteixi en altres ocasions durant el curs: altres fires, vacances de Nadal, de Pasqua, cap de setmana&#8230;<\/p>\n<h3><span id=\"Autoria_de_l8217experiencia\">Autoria de l\u2019experi\u00e8ncia<\/span><\/h3>\n<p><strong>Coordinaci\u00f3:\u00a0<\/strong>Isabel Cid (Professora d\u2019angl\u00e8s i tutora de 2n de Batxillerat)<br \/>\n<strong>Professorat implicat:\u00a0<\/strong>A m\u00e9s d\u2019Isabel Cid, professora d\u2019angl\u00e8s, hi ha participat la coordinadora de Batxillerat, Marian Heredia.<\/p>\n<p>&nbsp;<\/p>\n","protected":false},"excerpt":{"rendered":"<p>Dades del centre Nom del centre: Institut Les Planes Adre\u00e7a: Pla\u00e7a Catalunya, 1 Codi postal: 43570 Localitat:\u00a0Santa B\u00e0rbara Tel\u00e8fon: 977719416 [&hellip;]<\/p>\n","protected":false},"author":1,"featured_media":0,"parent":12016,"menu_order":4,"comment_status":"closed","ping_status":"closed","template":"page-templates\/side-menu.php","meta":{"_bbp_topic_count":0,"_bbp_reply_count":0,"_bbp_total_topic_count":0,"_bbp_total_reply_count":0,"_bbp_voice_count":0,"_bbp_anonymous_reply_count":0,"_bbp_topic_count_hidden":0,"_bbp_reply_count_hidden":0,"_bbp_forum_subforum_count":0,"site-sidebar-layout":"default","site-content-layout":"","ast-site-content-layout":"","site-content-style":"default","site-sidebar-style":"default","ast-global-header-display":"","ast-banner-title-visibility":"","ast-main-header-display":"","ast-hfb-above-header-display":"","ast-hfb-below-header-display":"","ast-hfb-mobile-header-display":"","site-post-title":"","ast-breadcrumbs-content":"","ast-featured-img":"","footer-sml-layout":"","theme-transparent-header-meta":"","adv-header-id-meta":"","stick-header-meta":"","header-above-stick-meta":"","header-main-stick-meta":"","header-below-stick-meta":"","astra-migrate-meta-layouts":"default","ast-page-background-enabled":"default","ast-page-background-meta":{"desktop":{"background-color":"var(--ast-global-color-4)","background-image":"","background-repeat":"repeat","background-position":"center center","background-size":"auto","background-attachment":"scroll","background-type":"","background-media":"","overlay-type":"","overlay-color":"","overlay-opacity":"","overlay-gradient":""},"tablet":{"background-color":"","background-image":"","background-repeat":"repeat","background-position":"center center","background-size":"auto","background-attachment":"scroll","background-type":"","background-media":"","overlay-type":"","overlay-color":"","overlay-opacity":"","overlay-gradient":""},"mobile":{"background-color":"","background-image":"","background-repeat":"repeat","background-position":"center center","background-size":"auto","background-attachment":"scroll","background-type":"","background-media":"","overlay-type":"","overlay-color":"","overlay-opacity":"","overlay-gradient":""}},"ast-content-background-meta":{"desktop":{"background-color":"var(--ast-global-color-5)","background-image":"","background-repeat":"repeat","background-position":"center center","background-size":"auto","background-attachment":"scroll","background-type":"","background-media":"","overlay-type":"","overlay-color":"","overlay-opacity":"","overlay-gradient":""},"tablet":{"background-color":"var(--ast-global-color-5)","background-image":"","background-repeat":"repeat","background-position":"center center","background-size":"auto","background-attachment":"scroll","background-type":"","background-media":"","overlay-type":"","overlay-color":"","overlay-opacity":"","overlay-gradient":""},"mobile":{"background-color":"var(--ast-global-color-5)","background-image":"","background-repeat":"repeat","background-position":"center center","background-size":"auto","background-attachment":"scroll","background-type":"","background-media":"","overlay-type":"","overlay-color":"","overlay-opacity":"","overlay-gradient":""}},"footnotes":""},"class_list":["post-12037","page","type-page","status-publish","hentry"],"post_mailing_queue_ids":[],"_links":{"self":[{"href":"https:\/\/serveiseducatius.xtec.cat\/montsia\/wp-json\/wp\/v2\/pages\/12037","targetHints":{"allow":["GET"]}}],"collection":[{"href":"https:\/\/serveiseducatius.xtec.cat\/montsia\/wp-json\/wp\/v2\/pages"}],"about":[{"href":"https:\/\/serveiseducatius.xtec.cat\/montsia\/wp-json\/wp\/v2\/types\/page"}],"author":[{"embeddable":true,"href":"https:\/\/serveiseducatius.xtec.cat\/montsia\/wp-json\/wp\/v2\/users\/1"}],"replies":[{"embeddable":true,"href":"https:\/\/serveiseducatius.xtec.cat\/montsia\/wp-json\/wp\/v2\/comments?post=12037"}],"version-history":[{"count":2,"href":"https:\/\/serveiseducatius.xtec.cat\/montsia\/wp-json\/wp\/v2\/pages\/12037\/revisions"}],"predecessor-version":[{"id":12168,"href":"https:\/\/serveiseducatius.xtec.cat\/montsia\/wp-json\/wp\/v2\/pages\/12037\/revisions\/12168"}],"up":[{"embeddable":true,"href":"https:\/\/serveiseducatius.xtec.cat\/montsia\/wp-json\/wp\/v2\/pages\/12016"}],"wp:attachment":[{"href":"https:\/\/serveiseducatius.xtec.cat\/montsia\/wp-json\/wp\/v2\/media?parent=12037"}],"curies":[{"name":"wp","href":"https:\/\/api.w.org\/{rel}","templated":true}]}}