{"id":8244,"date":"2021-07-08T12:55:33","date_gmt":"2021-07-08T10:55:33","guid":{"rendered":"https:\/\/serveiseducatius.xtec.cat\/lleida\/?page_id=8244"},"modified":"2021-07-08T13:12:59","modified_gmt":"2021-07-08T11:12:59","slug":"internacionalitzacio","status":"publish","type":"page","link":"https:\/\/serveiseducatius.xtec.cat\/lleida\/llengues-estrangeres\/internacionalitzacio\/","title":{"rendered":"Internacionalitzaci\u00f3"},"content":{"rendered":"<p>Es gestionen els projectes d\u2019abast internacional dins del Servei de Lleng\u00fces estrangeres i d\u2019origen (SLEO) de la Sub-direcci\u00f3 General de Pluriling\u00fcisme. El seu objectiu \u00e9s facilitar la internacionalitzaci\u00f3 dels centres per aconseguir millores educatives, incrementar la seva participaci\u00f3 en programes de cooperaci\u00f3 internacional i promoure la mobilitat formativa dels docents, en el marc de la <a href=\"http:\/\/dogc.gencat.cat\/ca\/pdogc_canals_interns\/pdogc_resultats_fitxa\/?action=fitxa&amp;mode=single&amp;documentId=828707&amp;language=ca_ES\" target=\"_blank\" rel=\"noopener noreferrer\"><em>Resoluci\u00f3 ENS\/2336\/2018<\/em><\/a><em>, de 4 d\u2019octubre, per la qual es crea el Programa d\u2019impuls a la internacionalitzaci\u00f3 de l\u2019educaci\u00f3 \u201cAprendre i interactuar en un context global\u201d.<\/em><\/p>\n<p><img loading=\"lazy\" decoding=\"async\" class=\"wp-image-8256 alignleft\" src=\"https:\/\/serveiseducatius.xtec.cat\/lleida\/wp-content\/uploads\/usu2525\/2021\/07\/internacionalizaci\u00f3-300x156.png\" alt=\"\" width=\"515\" height=\"268\" srcset=\"https:\/\/serveiseducatius.xtec.cat\/lleida\/wp-content\/uploads\/usu2525\/2021\/07\/internacionalizaci\u00f3-300x156.png 300w, https:\/\/serveiseducatius.xtec.cat\/lleida\/wp-content\/uploads\/usu2525\/2021\/07\/internacionalizaci\u00f3-768x400.png 768w, https:\/\/serveiseducatius.xtec.cat\/lleida\/wp-content\/uploads\/usu2525\/2021\/07\/internacionalizaci\u00f3.png 812w\" sizes=\"auto, (max-width: 515px) 100vw, 515px\" \/><\/p>\n<p>Per tal d\u2019aconseguir-ho, s\u2019organitzen formacions per facilitar la participaci\u00f3 als programes i s\u2019assessoren els centres docents per tal que puguin sol\u00b7licitar i implementar els seus projectes internacionals. A trav\u00e9s d\u2019aquests programes, els centres tenen la possibilitat de participar en accions d\u2019innovaci\u00f3 de qualitat, d\u2019intercanviar bones pr\u00e0ctiques i de disposar de recursos econ\u00f2mics addicionals. Poden realitzar activitats d\u2019intercanvi d\u2019alumnat i professorat tant presencials com virtuals a trav\u00e9s de diferents plataformes.<\/p>\n<p>&nbsp;<\/p>\n","protected":false},"excerpt":{"rendered":"<p>Es gestionen els projectes d\u2019abast internacional dins del Servei de Lleng\u00fces estrangeres i d\u2019origen (SLEO) de la Sub-direcci\u00f3 General de Pluriling\u00fcisme. El seu objectiu \u00e9s facilitar la internacionalitzaci\u00f3 dels centres per aconseguir millores educatives, incrementar la seva participaci\u00f3 en programes de cooperaci\u00f3 internacional i promoure&hellip;  <a href=\"https:\/\/serveiseducatius.xtec.cat\/lleida\/llengues-estrangeres\/internacionalitzacio\/\" title=\"Read Internacionalitzaci\u00f3\">Llegeix m\u00e9s\u00bb<\/a><\/p>\n","protected":false},"author":6,"featured_media":0,"parent":8230,"menu_order":0,"comment_status":"closed","ping_status":"closed","template":"","meta":{"_bbp_topic_count":0,"_bbp_reply_count":0,"_bbp_total_topic_count":0,"_bbp_total_reply_count":0,"_bbp_voice_count":0,"_bbp_anonymous_reply_count":0,"_bbp_topic_count_hidden":0,"_bbp_reply_count_hidden":0,"_bbp_forum_subforum_count":0,"footnotes":""},"class_list":["post-8244","page","type-page","status-publish","hentry"],"post_mailing_queue_ids":[],"_links":{"self":[{"href":"https:\/\/serveiseducatius.xtec.cat\/lleida\/wp-json\/wp\/v2\/pages\/8244","targetHints":{"allow":["GET"]}}],"collection":[{"href":"https:\/\/serveiseducatius.xtec.cat\/lleida\/wp-json\/wp\/v2\/pages"}],"about":[{"href":"https:\/\/serveiseducatius.xtec.cat\/lleida\/wp-json\/wp\/v2\/types\/page"}],"author":[{"embeddable":true,"href":"https:\/\/serveiseducatius.xtec.cat\/lleida\/wp-json\/wp\/v2\/users\/6"}],"replies":[{"embeddable":true,"href":"https:\/\/serveiseducatius.xtec.cat\/lleida\/wp-json\/wp\/v2\/comments?post=8244"}],"version-history":[{"count":3,"href":"https:\/\/serveiseducatius.xtec.cat\/lleida\/wp-json\/wp\/v2\/pages\/8244\/revisions"}],"predecessor-version":[{"id":8258,"href":"https:\/\/serveiseducatius.xtec.cat\/lleida\/wp-json\/wp\/v2\/pages\/8244\/revisions\/8258"}],"up":[{"embeddable":true,"href":"https:\/\/serveiseducatius.xtec.cat\/lleida\/wp-json\/wp\/v2\/pages\/8230"}],"wp:attachment":[{"href":"https:\/\/serveiseducatius.xtec.cat\/lleida\/wp-json\/wp\/v2\/media?parent=8244"}],"curies":[{"name":"wp","href":"https:\/\/api.w.org\/{rel}","templated":true}]}}