{"id":306,"date":"2015-11-24T18:02:44","date_gmt":"2015-11-24T17:02:44","guid":{"rendered":"http:\/\/serveiseducatius.xtec.cat\/lleida\/?page_id=306"},"modified":"2026-03-11T11:37:13","modified_gmt":"2026-03-11T10:37:13","slug":"equip","status":"publish","type":"page","link":"https:\/\/serveiseducatius.xtec.cat\/lleida\/el-projecte\/equip\/","title":{"rendered":"Equip"},"content":{"rendered":"<p>&nbsp;<\/p>\n<table style=\"border-collapse: collapse; width: 100.485%; height: 1811px;\">\n<tbody>\n<tr style=\"height: 96px;\">\n<td style=\"width: 29.2645%; height: 96px;\"><span class=\"s1\">COORDINADOR<\/span><\/p>\n<h4 class=\"p1\"><span class=\"s1\">Carles Vernet<\/span><\/h4>\n<\/td>\n<td style=\"width: 10.8325%; height: 96px;\"><a href=\"ssefp.stlleida@xtec.cat\">ssefp.stlleida@xtec.cat<\/a><\/p>\n<p>973 27 99 99, <strong>ext. 5930<\/strong><\/td>\n<td style=\"width: 82.6484%; height: 96px;\">\n<ul>\n<li class=\"p1\">Coordinar i gestionar els serveis educatius en els Serveis Territorials: Serveis Educatius de Zona (CRP, EAPS i direccio LIC), espec\u00edfics (CREDA, CRETDIC i CREDV), els de suport curricular com son els CdA, aix\u00ed com la resta d&#8217;equips i professionals: ICE, DEI, AED, Aules Hospital\u00e0ries i coordinadores de plans i projectes orientats amb les directrius del Departament d&#8217;Educaci\u00f3 i Formaci\u00f3 Professional.<\/li>\n<\/ul>\n<\/td>\n<\/tr>\n<tr style=\"height: 124px;\">\n<td style=\"width: 29.2645%; height: 124px;\">ASSESSORA T\u00c8CNICA DOCENT DE LLENG\u00dcES ESTRANGERES<\/p>\n<h4>Anna Teixid\u00f3<\/h4>\n<\/td>\n<td style=\"width: 10.8325%; height: 124px;\"><a href=\"mailto:ateixid8@xtec.cat\">ateixid8@xtec.cat<\/a><\/p>\n<p>973 27 99 99, <strong>ext. 5812<\/strong><\/td>\n<td style=\"width: 82.6484%; height: 124px;\">\n<ul style=\"list-style-type: disc;\">\n<li>GEP &#8211; GEneraci\u00f3 Pluriling\u00fce.<\/li>\n<li>Xarxa d&#8217;Equips GEP.<\/li>\n<li>Programa Auxiliars Conversa.<\/li>\n<li>Global Scholars.<\/li>\n<li>Estades Ling\u00fc\u00edstiques.<\/li>\n<li>Erasmus+.<\/li>\n<li>eTwinning.<\/li>\n<li>Batxibac.<\/li>\n<li>Programa Shine.<\/li>\n<\/ul>\n<\/td>\n<\/tr>\n<tr style=\"height: 32px;\">\n<td style=\"width: 29.2645%; height: 32px;\">ASSESSORA T\u00c8CNICA DOCENT DE PROGRAMES DE COHESI\u00d3 SOCIAL<\/p>\n<h4>Maribel Vila<\/h4>\n<\/td>\n<td style=\"width: 10.8325%; height: 32px;\"><a href=\"mailto:mvila236@xtec.cat\">mvila236@xtec.cat<\/a><\/p>\n<p>973 27 99 99, <strong>ext. 5895<\/strong><\/td>\n<td style=\"width: 82.6484%; height: 32px;\">\n<ul>\n<li>Laboratori de Transformaci\u00f3 Educativa.<\/li>\n<li>Pr\u00e0ctiques educatives de refer\u00e8ncia.<\/li>\n<li>#Aquiproubullying.<\/li>\n<li>Coeducaci\u00f3.<\/li>\n<li>COCOBE.<\/li>\n<li>Programes de promoci\u00f3 de la salut.<\/li>\n<li>Jocs Florals.<\/li>\n<\/ul>\n<\/td>\n<\/tr>\n<tr style=\"height: 258px;\">\n<td style=\"width: 29.2645%; height: 258px;\">ASSESSORA T\u00c8CNICA DOCENT D&#8217;INCLUSI\u00d3<\/p>\n<h4>Gessamina Vall\u00e9s<\/h4>\n<\/td>\n<td style=\"width: 10.8325%; height: 258px;\"><a href=\"mailto:mvila236@xtec.cat\">gvalles4@xtec.cat<\/a><\/p>\n<p>973 27 99 99, <strong>ext. 5816<\/strong><\/td>\n<td style=\"width: 82.6484%; height: 258px;\">\n<ul style=\"list-style-type: disc;\">\n<li>Formacions per al suport a la Inclusi\u00f3.<\/li>\n<li>Referent SIEI i SIEI+ (Suport Intensiu d\u2019Educaci\u00f3 Inclusiva).<\/li>\n<li>Referent DEI (Dinamitzadores Escola Inclusiva).<\/li>\n<li>Programes d&#8217;Innovaci\u00f3 educativa: Centres referents en educaci\u00f3 inclusiva. i de CEE a CEEPSIR.<\/li>\n<li>Programa Centres en Dansa per la inclusi\u00f3.<\/li>\n<li>Subcomissions ordenaci\u00f3 educativa.<\/li>\n<li>Comissions CEEPSIR.<\/li>\n<li>Coordinacions EAP.<\/li>\n<li>Coordinacions CRETDIC.<\/li>\n<li>Coordinacions CREDA.<\/li>\n<li>Coordinacions CREDV.<\/li>\n<li>Programes Salut i Escola.<\/li>\n<\/ul>\n<\/td>\n<\/tr>\n<tr style=\"height: 190px;\">\n<td style=\"width: 29.2645%; height: 190px;\">ASSESSORA T\u00c8CNICA DOCENT REFERENT DE SERVEIS EDUCATIUS<\/p>\n<h4>Olga Fuertes<\/h4>\n<\/td>\n<td style=\"width: 10.8325%; height: 190px;\"><a href=\"mailto:mvila236@xtec.cat\">ofuertes@xtec.cat<\/a><\/p>\n<p>973 27 99 99, <strong>ext. 5808<\/strong><\/td>\n<td style=\"width: 82.6484%; height: 190px;\">\n<ul>\n<li>Referent de Serveis educatius: CRP i CdA<\/li>\n<li><span style=\"font-family: inherit; font-size: 1em;\">Referent dels Projectes d\u2019innovaci\u00f3, Pr\u00e0ctiques educatives de refer\u00e8ncia i iniciatives d\u2019innovaci\u00f3 educativa.<\/span><\/li>\n<li><span style=\"font-family: inherit; font-size: 1em;\">Referent dels programes de matem\u00e0tiques: SIM, Florence i mentoria matem\u00e0tica.<\/span><\/li>\n<li><span style=\"font-family: inherit; font-size: 1em;\">Referent del programa d\u2019innovaci\u00f3 STEAMcat.<\/span><\/li>\n<li><span style=\"font-family: inherit; font-size: 1em;\">Referent del programa d\u2019innovaci\u00f3 FAIG.<\/span><\/li>\n<li><span style=\"font-family: inherit; font-size: 1em;\">Referent dels programes de Ci\u00e8ncies: Xarxa d\u2019escoles verdes, Espai Ci\u00e8ncia 0-6.<\/span><\/li>\n<li><span style=\"font-family: inherit; font-size: 1em;\">Referent del Servei Comunitari.<\/span><\/li>\n<li><span style=\"font-family: inherit; font-size: 1em;\">Referent de Biblioteca Escolar dels Serveis Educatius dels ST. a Lleida.<\/span><\/li>\n<\/ul>\n<\/td>\n<\/tr>\n<tr style=\"height: 146px;\">\n<td style=\"width: 29.2645%; height: 146px;\">ASSESSORA T\u00c8CNICA DOCENT REFERENT DE FORMACI\u00d3 I PR\u00c0CTIQUES<\/p>\n<h4>Maria Jes\u00fas May\u00f3s<\/h4>\n<\/td>\n<td style=\"width: 10.8325%; height: 146px;\"><a href=\"mailto:mvila236@xtec.cat\">mmayos@xtec.cat<\/a><\/p>\n<p>973 27 99 99, <strong>ext. 5809<\/strong><\/td>\n<td style=\"width: 82.6484%; height: 146px;\">\n<ul style=\"list-style-type: disc;\">\n<li>Formaci\u00f3 permanent del professorat.<br \/>\nAssessorament als centres en relaci\u00f3 amb el Pr\u00e0cticum.<\/li>\n<li>Col\u00b7laboraci\u00f3 amb la FEPTS en els actes i activitats que es generin.<\/li>\n<li>Participaci\u00f3 en la comissi\u00f3 de valoraci\u00f3 Premis Lleida Talent Emprenedor 2023.<\/li>\n<li>Gestionar els expedients econ\u00f2mics de les formacions.<\/li>\n<\/ul>\n<\/td>\n<\/tr>\n<tr style=\"height: 144px;\">\n<td style=\"width: 29.2645%; height: 144px;\">ASSESSORA T\u00c8CNICA<br \/>\nDOCENT REFERENT D&#8217;ATENCI\u00d3 EDUCATIVA DOMICILI\u00c0RIA<\/p>\n<h4>A\u00efda Ribes<\/h4>\n<\/td>\n<td style=\"width: 10.8325%; height: 144px;\"><a href=\"mailto:mvila236@xtec.cat\">aed.lleida.educacio<span class=\"\">@gencat<\/span>.cat<\/a><\/p>\n<p>973 27 99 99, <strong>ext. 5992<\/strong><\/td>\n<td style=\"width: 82.6484%; height: 144px;\">\n<ul style=\"list-style-type: disc;\">\n<li class=\"m_7620545325551648297MsoListParagraph\">Acompanyar, fer el seguiment i coordinar els docents d\u2019AED del territori de Lleida i de l\u2019Alt Pirineu i Aran.<u><\/u><u><\/u><\/li>\n<li class=\"m_7620545325551648297MsoListParagraph\">Nexe amb el centre educatiu i la fam\u00edlia amb accions de coordinaci\u00f3.<u><\/u><u><\/u><\/li>\n<li class=\"m_7620545325551648297MsoListParagraph\">Coordinaci\u00f3 amb els equips estables d\u2019AED de la resta de ST de Catalunya.<\/li>\n<\/ul>\n<\/td>\n<\/tr>\n<tr style=\"height: 144px;\">\n<td style=\"width: 29.2645%; height: 144px;\">ASSESSORA T\u00c8CNICA<br \/>\nDOCENT REFERENT DEL PROGRAMA DE RESID\u00c8NCIA INICIAL DOCENT SENSEI<\/p>\n<h4>Elena Costa<\/h4>\n<\/td>\n<td style=\"width: 10.8325%; height: 144px;\"><a href=\"mailto:mvila236@xtec.cat\">ecosta6@xtec.cat<\/a><\/p>\n<p>973 27 99 99, <strong>ext. 5153<\/strong><\/td>\n<td style=\"width: 82.6484%; height: 144px;\">\n<ul style=\"list-style-type: disc;\">\n<li dir=\"ltr\" role=\"presentation\">\n<div>Referent territorial del Programa de Resid\u00e8ncia Inicial Docent Sensei.<\/div>\n<\/li>\n<li dir=\"ltr\" role=\"presentation\">\n<div>Acompanyament a centres, docents mentors i docents novells.<\/div>\n<\/li>\n<\/ul>\n<\/td>\n<\/tr>\n<tr style=\"height: 144px;\">\n<td style=\"width: 29.2645%; height: 144px;\">ASSESSORA T\u00c8CNICA DOCENT REFERENT DEL PROGRAMA DE XARXA XTTE I DE LA XARXA DE COMPET\u00c8NCIES CRP<\/p>\n<h4>Judith Re\u00f1\u00e9<\/h4>\n<\/td>\n<td style=\"width: 10.8325%; height: 144px;\"><a href=\"mailto:jrene5@xtec.cat\">jrene5@xtec.cat<\/a><\/p>\n<p>973 27 99 99<\/td>\n<td style=\"width: 82.6484%; height: 144px;\">\n<ul style=\"list-style-type: disc;\">\n<li>Funcions espec\u00edfiques de la dinamitzadora de xarxa.<\/li>\n<li>Coordinaci\u00f3 amb les referents de la xarxa XTTE Lleida i APA.<\/li>\n<li>Dinamitzadora de la Xarxa de Compet\u00e8ncies CRP (marc pla de zona).<\/li>\n<li>Coordinaci\u00f3 amb el Centre de recursos pedag\u00f2gics.<\/li>\n<\/ul>\n<\/td>\n<\/tr>\n<tr style=\"height: 190px;\">\n<td style=\"width: 29.2645%; height: 190px;\">TREBALLADORA SOCIAL \/ REFERENT TERRITORIAL DE VIOL\u00c8NCIES<\/p>\n<h4>Mariona Franco<\/h4>\n<\/td>\n<td style=\"width: 10.8325%; height: 190px;\"><a href=\"mailto:mvila236@xtec.cat\">marionafrancoa@gencat.cat<\/a><\/p>\n<p>973 27 99 99, <strong>ex<\/strong><strong>t. 5907<\/strong><\/td>\n<td style=\"width: 82.6484%; height: 190px;\">\n<ul style=\"list-style-type: disc;\">\n<li>Referent d\u2019educaci\u00f3 dels casos de viol\u00e8ncia sexual del territori a l&#8217;Estrat\u00e8gia Barnahus.<\/li>\n<li>Fer el seguiment de les actuacions dutes a terme en l\u2019\u00e0mbit educatiu vinculades amb Barnahus.<\/li>\n<li>Impulsar el Pla de Les Escoles Lliures de Viol\u00e8ncies al territori: forma part de la comissi\u00f3 territorial del Pla LELV.<\/li>\n<li>Coordinacions amb la USAV per planificar, fer el seguiment i valorar les actuacions dutes a terme.<\/li>\n<li>Coordinacions amb els agents del territori quan escaigui amb les situacions de viol\u00e8ncia que ho requereixin.<\/li>\n<li>Detectar les necessitats formatives dels centres educatius vinculades a les situacions de viol\u00e8ncia sexual.<\/li>\n<li>Dona suport en l\u2019assessorament i formacions a centres educatius en relaci\u00f3 a situacions de viol\u00e8ncia sexual.<\/li>\n<\/ul>\n<\/td>\n<\/tr>\n<tr style=\"height: 96px;\">\n<td style=\"width: 29.2645%; height: 96px;\">T\u00c8CNICA CULTURA EN L&#8217;EDUCACI\u00d3<\/p>\n<h4>Carla Roca<\/h4>\n<\/td>\n<td style=\"width: 10.8325%; height: 96px;\"><a href=\"mailto:carlarocam@gencat.cat\" target=\"_blank\" rel=\"noopener\"><span class=\"il\">carlarocam@gencat.cat<\/span><\/a><\/p>\n<p>973 27 99 99, <strong>ex<\/strong><strong>t. 5932<\/strong><\/td>\n<td style=\"width: 82.6484%; height: 96px;\">\n<ul style=\"list-style-type: disc;\">\n<li>Referent territorial del Programa per a la millora de la pres\u00e8ncia de les arts i la cultura en l&#8217;educaci\u00f3.<\/li>\n<\/ul>\n<\/td>\n<\/tr>\n<tr style=\"height: 101px;\">\n<td style=\"width: 29.2645%; height: 101px;\">ADMINISTRATIVA<\/p>\n<h4><\/h4>\n<\/td>\n<td style=\"width: 10.8325%; height: 101px;\">&nbsp;<\/p>\n<p>973 27 99 99<\/td>\n<td style=\"width: 82.6484%; height: 101px;\">\n<ul style=\"list-style-type: disc;\">\n<li>Coordinaci\u00f3 de l&#8217;administraci\u00f3 electr\u00f2nica de la secci\u00f3.<\/li>\n<li>Tr\u00e0mits administratius interseccions.<\/li>\n<li>Suport a la gesti\u00f3 econ\u00f2mica dels Serveis Educatius.<\/li>\n<li>Atenci\u00f3 telef\u00f2nica de l&#8217;\u00e0rea<\/li>\n<li>Suport a diferents tasques de la secci\u00f3.<\/li>\n<\/ul>\n<\/td>\n<\/tr>\n<tr style=\"height: 146px;\">\n<td style=\"width: 29.2645%; height: 146px;\">COORDINADORA DE MENTORIES DIGITALS 4.0 \/ REFERENT PROGRAMA PCMAT<\/p>\n<h4>M\u00aaCarmen Dad\u00f3n<\/h4>\n<\/td>\n<td style=\"width: 10.8325%; height: 146px;\"><a href=\"mailto:mdadon@xtec.cat\">mdadon@xtec.cat<\/a><\/p>\n<p><span class=\"\">973 27 99 99, <strong>ext. 5937<\/strong><\/span><\/td>\n<td style=\"width: 82.6484%; height: 146px;\">\n<ul style=\"list-style-type: disc;\">\n<li>Coordinaci\u00f3, assessorament i suport als mentors digitals 4.0 per implementar els objectius i tasques del programa de mentoria digital 4.0.<\/li>\n<li>Coordinaci\u00f3 amb la xarxa d\u2019agents territorials i centrals del Departament d\u2019Educaci\u00f3 en el marc del Pla d\u2019educaci\u00f3 digital de Catalunya.<\/li>\n<li>Suport al programa PCMAT coordinat des de serveis centrals.<\/li>\n<\/ul>\n<\/td>\n<\/tr>\n<tr style=\"height: 101px;\">\n<td style=\"width: 29.2645%; height: 101px;\">REFERENT D&#8217;ACOMPANYAMENT A L&#8217;ALUMNAT<\/p>\n<h4>Mireia \u00c1lvarez<\/h4>\n<\/td>\n<td style=\"width: 10.8325%; height: 101px;\"><a href=\"mailto:malva120@xtec.cat\">malva120@xtec.cat<\/a><\/p>\n<p>973 27 99 99<\/td>\n<td style=\"width: 82.6484%; height: 101px;\">\n<ul style=\"list-style-type: disc;\">\n<li>Coordinar el projecte Reconnect-ES, les accions d&#8217;orientaci\u00f3 educativa i les accions de prevenci\u00f3 i d&#8217;intervenci\u00f3 de l&#8217;absentisme i de l&#8217;abandonament escolar prematur en el territori.<\/li>\n<li>Referent dels\/les Educadors\/es Socials vinculats al projecte.<\/li>\n<li>Coordinar les accions de promoci\u00f3 de la salut i el benestar de l&#8217;alumnat al territori.<\/li>\n<li>BxB i Programa Salut i Escola.<\/li>\n<li>Impulsar, coordinar i promoure les actuacions COCOBE.<\/li>\n<\/ul>\n<\/td>\n<\/tr>\n<tr style=\"height: 101px;\">\n<td style=\"width: 29.2645%; height: 101px;\">DEI (DINAMITZADOES D&#8217;EDUCACI\u00d3 INCLUSIVA)<\/p>\n<h4>Patr\u00edcia Elvira Ter\u00e9s<\/h4>\n<h4>Miriam Hidalgo Calatayud<\/h4>\n<h4>M\u00f2nica Figueras Jov\u00e9<\/h4>\n<\/td>\n<td style=\"width: 10.8325%; height: 101px;\"><a href=\"mailto:dei_lleida.educacio@gencat.cat\">dei_lleida.educacio@gencat.cat<\/a><\/p>\n<p>973 27 99 99<\/p>\n<p>Miriam Hidalgo Calatayud, <strong>ext. 5820<\/strong><\/p>\n<p>M\u00f2nica Figueras Jov\u00e9, <strong>ext. 5824<\/strong><\/td>\n<td style=\"width: 82.6484%; height: 101px;\">Acompanyament, assessorament i formacions en educaci\u00f3 inclusiva:<\/p>\n<ul>\n<li>C\u00e0psula de sensibilitzaci\u00f3 d\u2019Educaci\u00f3 Inclusiva.<\/li>\n<li>Taller MISU (Mesures i Suports Universals) per a una escola inclusiva.<\/li>\n<li>C\u00e0psula d\u2019aprofundiment de Mesures i Suports Universals<\/li>\n<li>Taller d\u2019aprofundiment en Mesures i Suports Universals<\/li>\n<li>Projecte \u201cCentres en dansa per la inclusi\u00f3\u201d.<\/li>\n<li>Detecci\u00f3 de Barreres.<\/li>\n<li>Aprofundiment en Detecci\u00f3 de Barreres<\/li>\n<li>Programa d\u2019innovaci\u00f3 Centres Referents en Educaci\u00f3 Inclusiva.<\/li>\n<li>Acompanyament a centre en: \u201cIntensitat de mesures i suports i Disseny Universal per a l\u2019Aprenentatge (DUA)\u201d<br \/>\nFormat: Autoformaci\u00f3 Odissea.<\/li>\n<li>Altres acompanyaments, segons demanda.<\/li>\n<li>Jornades d\u2019Aprofundiment en Inclusi\u00f3 Educativa.<\/li>\n<li>Disseny i elaboraci\u00f3 de documents, materials i difusi\u00f3 de recursos inclusius d\u2019acord amb les directrius del Servei de suports i mesures per a la inclusi\u00f3 de la Direcci\u00f3 general d\u2019Educaci\u00f3 Inclusiva.<\/li>\n<\/ul>\n<\/td>\n<\/tr>\n<tr style=\"height: 101px;\">\n<td style=\"width: 29.2645%; height: 101px;\">Pla de millora d&#8217;oportunitats educatives (PMOE &#8211; PROA+)<\/p>\n<h4>Laura Calaf<\/h4>\n<h4>Amanda Torrente<\/h4>\n<\/td>\n<td style=\"width: 10.8325%; height: 101px;\"><a href=\"mailto:pmoeproa.lleida.educacio@gencat.cat\">pmoeproa.lleida.educacio@gencat.cat<\/a><\/p>\n<p>973 27 99 99<\/p>\n<p>Ext. Amanda <strong>5935<\/strong> \/ Laura <strong>5939<\/strong><\/td>\n<td style=\"width: 82.6484%; height: 101px;\">\n<ul>\n<li>Formar part del grup de gesti\u00f3 del programa PROA+ del ST.<\/li>\n<li>Coordinar-se amb la Inspecci\u00f3 d\u2019educaci\u00f3 en la implementaci\u00f3 del programa PROA+ al territori.<\/li>\n<li>Participar en la formaci\u00f3 d\u2019equips directius i referents de centre per a l\u2019elaboraci\u00f3 del Pla estrat\u00e8gic de millora de centre.<\/li>\n<li>Participar, d\u2019acord amb la Inspecci\u00f3 d\u2019educaci\u00f3, en l\u2019elaboraci\u00f3 de Pla estrat\u00e8gic de millora de centre.<\/li>\n<li>Donar suport als centres en el desenvolupament del programa PROA+.<\/li>\n<li>Vetllar pel desenvolupament del programa PROA+ en el marc institucional i donar suport als centres educatius.<\/li>\n<li>Dinamitzar les xarxes territorials de centres PROA+.<\/li>\n<li>Assessorar els centres en l\u2019elaboraci\u00f3 de les justificacions econ\u00f2miques.<\/li>\n<li>Participar en els retiments de comptes anuals dels centres.<\/li>\n<\/ul>\n<\/td>\n<\/tr>\n<tr style=\"height: 101px;\">\n<td style=\"width: 29.2645%; height: 101px;\">XARXA DE CENTRES DE CAPACITACI\u00d3 DIGITAL<\/p>\n<h4>M\u00edriam Claramunt<\/h4>\n<h4>Guillem Ortega<\/h4>\n<\/td>\n<td style=\"width: 10.8325%; height: 101px;\"><a href=\"mailto:capacitacio_digital_llei.educacio@gencat.cat\">capacitacio_digital_llei.educacio@gencat.cat<\/a><\/p>\n<p>973 27 99 99<\/p>\n<p>Ext. M\u00edriam 5976 \/ Ext. Guillem 5954<\/td>\n<td style=\"width: 82.6484%; height: 101px;\">\n<ul>\n<li>Formaci\u00f3 en compet\u00e8ncies digitals per a joves majors de 16 anys i adults.<\/li>\n<li>Coordinaci\u00f3 amb l\u2019equip del projecte i els centres educatius (Instituts i CFA).<\/li>\n<li>Campanyes de difusi\u00f3 i informaci\u00f3 del projecte al territori (associacions, ajuntaments,<br \/>\ndepartaments de la Generalitat i fires sectorials).<\/li>\n<li>Preparaci\u00f3 i gesti\u00f3 de la documentaci\u00f3 justificativa. Seguiment i execuci\u00f3 de les<br \/>\ndiferents l\u00ednies d\u2019actuacions.<\/li>\n<\/ul>\n<\/td>\n<\/tr>\n<\/tbody>\n<\/table>\n<p>&nbsp;<\/p>\n","protected":false},"excerpt":{"rendered":"<p>&nbsp;<\/p>\n<p>COORDINADOR<br \/>\nCarles Vernet<\/p>\n<p><a href=\"ssefp.stlleida@xtec.cat\">ssefp.stlleida@xtec.cat<\/a><br \/>\n973 27 99 99, ext. 5930<\/p>\n<ul>\n<li class=\"p1\">Coordinar i gestionar els serveis educatius en els Serveis Territorials: Serveis Educatius de Zona (CRP, EAPS i direccio LIC), espec\u00edfics (CREDA, CRETDIC i CREDV), els de suport curricular com son els CdA, aix\u00ed com la resta d&#8217;equips&hellip;  <a href=\"https:\/\/serveiseducatius.xtec.cat\/lleida\/el-projecte\/equip\/\" title=\"Read Equip\">Llegeix m\u00e9s\u00bb<\/a><br \/>\n","protected":false},"author":1,"featured_media":0,"parent":806,"menu_order":20,"comment_status":"closed","ping_status":"closed","template":"page-templates\/side-menu.php","meta":{"_bbp_topic_count":0,"_bbp_reply_count":0,"_bbp_total_topic_count":0,"_bbp_total_reply_count":0,"_bbp_voice_count":0,"_bbp_anonymous_reply_count":0,"_bbp_topic_count_hidden":0,"_bbp_reply_count_hidden":0,"_bbp_forum_subforum_count":0,"footnotes":""},"class_list":["post-306","page","type-page","status-publish","hentry"],"post_mailing_queue_ids":[],"_links":{"self":[{"href":"https:\/\/serveiseducatius.xtec.cat\/lleida\/wp-json\/wp\/v2\/pages\/306","targetHints":{"allow":["GET"]}}],"collection":[{"href":"https:\/\/serveiseducatius.xtec.cat\/lleida\/wp-json\/wp\/v2\/pages"}],"about":[{"href":"https:\/\/serveiseducatius.xtec.cat\/lleida\/wp-json\/wp\/v2\/types\/page"}],"author":[{"embeddable":true,"href":"https:\/\/serveiseducatius.xtec.cat\/lleida\/wp-json\/wp\/v2\/users\/1"}],"replies":[{"embeddable":true,"href":"https:\/\/serveiseducatius.xtec.cat\/lleida\/wp-json\/wp\/v2\/comments?post=306"}],"version-history":[{"count":7,"href":"https:\/\/serveiseducatius.xtec.cat\/lleida\/wp-json\/wp\/v2\/pages\/306\/revisions"}],"predecessor-version":[{"id":9990,"href":"https:\/\/serveiseducatius.xtec.cat\/lleida\/wp-json\/wp\/v2\/pages\/306\/revisions\/9990"}],"up":[{"embeddable":true,"href":"https:\/\/serveiseducatius.xtec.cat\/lleida\/wp-json\/wp\/v2\/pages\/806"}],"wp:attachment":[{"href":"https:\/\/serveiseducatius.xtec.cat\/lleida\/wp-json\/wp\/v2\/media?parent=306"}],"curies":[{"name":"wp","href":"https:\/\/api.w.org\/{rel}","templated":true}]}}