{"id":8202,"date":"2016-09-26T10:05:44","date_gmt":"2016-09-26T09:05:44","guid":{"rendered":"http:\/\/serveiseducatius.xtec.cat\/lescorts\/?page_id=8202"},"modified":"2025-09-12T09:07:52","modified_gmt":"2025-09-12T07:07:52","slug":"cromatic","status":"publish","type":"page","link":"https:\/\/serveiseducatius.xtec.cat\/lescorts\/activitats-de-dinamitzacio\/cromatic\/","title":{"rendered":"KAIXES 2025"},"content":{"rendered":"<p><strong>Referent de l\u2019activitat:\u00a0<\/strong>Marta Ponti<\/p>\n<h4><a href=\"https:\/\/forms.gle\/VtbaWSwzivaT9Jux7\" target=\"_blank\" rel=\"noopener\"><strong>FORMULARI D\u2019INSCRIPCI\u00d3<\/strong><\/a><\/h4>\n<p>(FINS EL 12 DE SETEMBRE DE 2025)<\/p>\n<pre>\n<span style=\"color: #ff0000;\"><strong>Dates 2026: 9, 11 i 13 de mar\u00e7 al Centre C\u00edvic Tomasa Cuevas\n\n\n<\/strong><\/span><\/pre>\n<p>Kaixes \u00e9s un espectacle musical basat en la can\u00e7\u00f3 popular catalana que es proposa despertar les sensibilitats de petits i grans.<\/p>\n<p>Es tracta d\u2019un espectacle de 50 minuts de durada, sense text i amb caracteritzaci\u00f3 per part dels m\u00fasics\/actors pel que fa al vestuari i maquillatge.<\/p>\n<p>Es tracta d\u2019un espectacle amb una posada en escena on primen les textures org\u00e0niques a nivell visual. Textures org\u00e0niques que ens evoquen colors propers al color natural del cartr\u00f3 de les caixes. El nom de l\u2019espectacle doncs ve d\u2019aqu\u00ed, de la idea de les caixes com a element imaginari del m\u00f3n infantil i del joc simb\u00f2lic alhora que un espai meravell\u00f3s on poder amagar objectes i utilitzar l\u2019element sorpresa.<\/p>\n<p>El joc de llums, els objectes i les harmonitzacions de les can\u00e7ons tenyeixen l\u2019ambient d\u2019aquest espectacle. Els arranjaments de les can\u00e7ons, tant conegudes pels infants, s\u00f3n properes i alhora permeten que es produeixi una escolta activa, en tant que permet que els espectadors participin bo i cantant, picant de mans&#8230;etc.<\/p>\n<p>A Kaixes trobarem dos personatges que aniran descobrint secrets amagats a dins de cada caixa disposades a l\u2019escenari. Aquest joc permetr\u00e0 trobar objectes diversos a dins de cada caixa i algun instrument fins i tot.<\/p>\n<p>Aquest \u00e9s un espectacle perfectament adequat per a <strong>infants de primer (I2) i segon cicle d\u2019Educaci\u00f3 Infantil (I3)<\/strong><\/p>\n<p>En aquesta <strong>guia<\/strong> us presentem informaci\u00f3 sobre l\u2019espectacle, i una s\u00e8rie d\u2019activitats did\u00e0ctiques obertes a les vostres iniciatives, canvis, ampliacions i variacions segons les caracter\u00edstiques dels vostres centres i dels vostres alumnes.<\/p>\n<h4 style=\"text-align: center;\"><\/h4>\n<h4 style=\"text-align: center;\"><a href=\"https:\/\/serveiseducatius.xtec.cat\/lescorts\/wp-content\/uploads\/usu1169\/2023\/07\/Guia-Didactica-KAIXES.pdf\">Guia Did\u00e0ctica Kaixes<\/a><\/h4>\n<h2 style=\"text-align: center;\"><\/h2>\n<p><!--a=1--><\/p>\n<p><!--a=1--><\/p>\n","protected":false},"excerpt":{"rendered":"<p>Referent de l\u2019activitat:\u00a0Marta Ponti FORMULARI D\u2019INSCRIPCI\u00d3 (FINS EL 12 DE SETEMBRE DE 2025) Dates 2026: 9, 11 i 13 de mar\u00e7 al Centre C\u00edvic Tomasa Cuevas Kaixes \u00e9s un espectacle musical basat en la can\u00e7\u00f3 popular catalana que es proposa despertar les sensibilitats de petits i grans. Es tracta d\u2019un espectacle de 50 minuts de [&hellip;]<\/p>\n","protected":false},"author":1,"featured_media":0,"parent":8142,"menu_order":4,"comment_status":"closed","ping_status":"closed","template":"","meta":{"_bbp_topic_count":0,"_bbp_reply_count":0,"_bbp_total_topic_count":0,"_bbp_total_reply_count":0,"_bbp_voice_count":0,"_bbp_anonymous_reply_count":0,"_bbp_topic_count_hidden":0,"_bbp_reply_count_hidden":0,"_bbp_forum_subforum_count":0,"site-sidebar-layout":"default","site-content-layout":"","ast-site-content-layout":"default","site-content-style":"default","site-sidebar-style":"default","ast-global-header-display":"","ast-banner-title-visibility":"","ast-main-header-display":"","ast-hfb-above-header-display":"","ast-hfb-below-header-display":"","ast-hfb-mobile-header-display":"","site-post-title":"","ast-breadcrumbs-content":"","ast-featured-img":"","footer-sml-layout":"","theme-transparent-header-meta":"default","adv-header-id-meta":"","stick-header-meta":"","header-above-stick-meta":"","header-main-stick-meta":"","header-below-stick-meta":"","astra-migrate-meta-layouts":"set","ast-page-background-enabled":"default","ast-page-background-meta":{"desktop":{"background-color":"var(--ast-global-color-4)","background-image":"","background-repeat":"repeat","background-position":"center center","background-size":"auto","background-attachment":"scroll","background-type":"","background-media":"","overlay-type":"","overlay-color":"","overlay-opacity":"","overlay-gradient":""},"tablet":{"background-color":"","background-image":"","background-repeat":"repeat","background-position":"center center","background-size":"auto","background-attachment":"scroll","background-type":"","background-media":"","overlay-type":"","overlay-color":"","overlay-opacity":"","overlay-gradient":""},"mobile":{"background-color":"","background-image":"","background-repeat":"repeat","background-position":"center center","background-size":"auto","background-attachment":"scroll","background-type":"","background-media":"","overlay-type":"","overlay-color":"","overlay-opacity":"","overlay-gradient":""}},"ast-content-background-meta":{"desktop":{"background-color":"var(--ast-global-color-5)","background-image":"","background-repeat":"repeat","background-position":"center center","background-size":"auto","background-attachment":"scroll","background-type":"","background-media":"","overlay-type":"","overlay-color":"","overlay-opacity":"","overlay-gradient":""},"tablet":{"background-color":"var(--ast-global-color-5)","background-image":"","background-repeat":"repeat","background-position":"center center","background-size":"auto","background-attachment":"scroll","background-type":"","background-media":"","overlay-type":"","overlay-color":"","overlay-opacity":"","overlay-gradient":""},"mobile":{"background-color":"var(--ast-global-color-5)","background-image":"","background-repeat":"repeat","background-position":"center center","background-size":"auto","background-attachment":"scroll","background-type":"","background-media":"","overlay-type":"","overlay-color":"","overlay-opacity":"","overlay-gradient":""}},"footnotes":""},"class_list":["post-8202","page","type-page","status-publish","hentry"],"post_mailing_queue_ids":[],"_links":{"self":[{"href":"https:\/\/serveiseducatius.xtec.cat\/lescorts\/wp-json\/wp\/v2\/pages\/8202","targetHints":{"allow":["GET"]}}],"collection":[{"href":"https:\/\/serveiseducatius.xtec.cat\/lescorts\/wp-json\/wp\/v2\/pages"}],"about":[{"href":"https:\/\/serveiseducatius.xtec.cat\/lescorts\/wp-json\/wp\/v2\/types\/page"}],"author":[{"embeddable":true,"href":"https:\/\/serveiseducatius.xtec.cat\/lescorts\/wp-json\/wp\/v2\/users\/1"}],"replies":[{"embeddable":true,"href":"https:\/\/serveiseducatius.xtec.cat\/lescorts\/wp-json\/wp\/v2\/comments?post=8202"}],"version-history":[{"count":5,"href":"https:\/\/serveiseducatius.xtec.cat\/lescorts\/wp-json\/wp\/v2\/pages\/8202\/revisions"}],"predecessor-version":[{"id":17410,"href":"https:\/\/serveiseducatius.xtec.cat\/lescorts\/wp-json\/wp\/v2\/pages\/8202\/revisions\/17410"}],"up":[{"embeddable":true,"href":"https:\/\/serveiseducatius.xtec.cat\/lescorts\/wp-json\/wp\/v2\/pages\/8142"}],"wp:attachment":[{"href":"https:\/\/serveiseducatius.xtec.cat\/lescorts\/wp-json\/wp\/v2\/media?parent=8202"}],"curies":[{"name":"wp","href":"https:\/\/api.w.org\/{rel}","templated":true}]}}