{"id":15008,"date":"2022-09-22T12:56:16","date_gmt":"2022-09-22T10:56:16","guid":{"rendered":"https:\/\/serveiseducatius.xtec.cat\/lescorts\/?page_id=15008"},"modified":"2025-09-09T15:59:59","modified_gmt":"2025-09-09T13:59:59","slug":"referents-de-centres","status":"publish","type":"page","link":"https:\/\/serveiseducatius.xtec.cat\/lescorts\/el-servei-educatiu\/equip\/referents-de-centres\/","title":{"rendered":"Referents de centres"},"content":{"rendered":"<table style=\"height: 1128px; width: 99.9079%; background-color: #ffffff;\" width=\"99.9079%\">\n<tbody>\n<tr style=\"height: 24px;\">\n<td style=\"width: 26.6667%; height: 48px;\" rowspan=\"2\" width=\"157\"><strong><em>\u00a0<\/em><\/strong><\/td>\n<td style=\"width: 28.2456%; height: 48px;\" rowspan=\"2\" width=\"171\"><strong>Nom dels centres atesos regularment pel SE<\/strong><\/td>\n<td style=\"width: 122.613%; height: 48px;\" rowspan=\"2\" width=\"247\"><strong>Professionals del SE<\/strong><\/td>\n<td style=\"width: 112.627%; height: 24px;\" width=\"0\">\u00a0<\/td>\n<\/tr>\n<tr style=\"height: 24px;\">\n<td style=\"width: 112.627%; height: 24px;\" width=\"0\">\u00a0<\/td>\n<\/tr>\n<tr style=\"height: 72px;\">\n<td style=\"width: 26.6667%; height: 396px;\" rowspan=\"6\" width=\"157\"><strong>Centres p\u00fablics d\u2019Educaci\u00f3 Infantil i Prim\u00e0ria<\/strong> <strong>\u00a0<\/strong> <strong>\u00a0<\/strong> <strong>\u00a0<\/strong> <strong>\u00a0<\/strong> <strong>\u00a0<\/strong> <strong>\u00a0<\/strong> <strong>\u00a0<\/strong> <strong>\u00a0<\/strong><\/td>\n<td style=\"width: 28.2456%; height: 72px;\" width=\"171\"><strong>Escola Anglesola<\/strong> <strong>\u00a0<\/strong> <strong>\u00a0<\/strong><\/td>\n<td style=\"width: 122.613%; height: 72px;\" width=\"247\">CRP: Joan Davia EAP:Isaura Gim\u00e9nez (PSI) Olga Peret (TS) Aina Berm\u00fadez (FIS) ELIC: Dani Espresate<\/td>\n<td style=\"width: 112.627%; height: 72px;\" width=\"0\">\u00a0<\/td>\n<\/tr>\n<tr style=\"height: 72px;\">\n<td style=\"width: 28.2456%; height: 72px;\" width=\"171\"><strong>Escola Barcelona<\/strong><\/td>\n<td style=\"width: 122.613%; height: 72px;\" width=\"247\">CRP: Gemma Martret EAP: Roc\u00edo V\u00edlchez (PSI) Olga Peret (TS) Aina Berm\u00fadez (FIS) ELIC: Dani Espresate<\/td>\n<td style=\"width: 112.627%; height: 72px;\" width=\"0\">\u00a0<\/td>\n<\/tr>\n<tr style=\"height: 54px;\">\n<td style=\"width: 28.2456%; height: 54px;\" width=\"171\"><strong>Escola Duran i Bas<\/strong><\/td>\n<td style=\"width: 122.613%; height: 54px;\" width=\"247\">CRP: Marta Ponti EAP: Mar Castells (PSI) Olga Peret (TS)Laia Rodr\u00edguez (FIS) ELIC: Dani Espresate<\/td>\n<td style=\"width: 112.627%; height: 54px;\" width=\"0\">\u00a0<\/td>\n<\/tr>\n<tr style=\"height: 72px;\">\n<td style=\"width: 28.2456%; height: 72px;\" width=\"171\"><strong>Escola \u00cdtaca<\/strong><\/td>\n<td style=\"width: 122.613%; height: 72px;\" width=\"247\">CRP: Joan Davia EAP: \u00c0ngels Pastor (PSI) Olga Peret (TS) Aina Berm\u00fadez (FIS) ELIC: Dani Espresate<\/td>\n<td style=\"width: 112.627%; height: 72px;\" width=\"0\">\u00a0<\/td>\n<\/tr>\n<tr style=\"height: 54px;\">\n<td style=\"width: 28.2456%; height: 54px;\" width=\"171\"><strong>Escola Lav\u00ednia<\/strong><\/td>\n<td style=\"width: 122.613%; height: 54px;\" width=\"247\">CRP: Gemma Martret EAP: Isaura Gim\u00e9nez (PSI) Olga Peret (TS)Laia Rodr\u00edguez (FIS) ELIC: Dani Espresate<\/td>\n<td style=\"width: 112.627%; height: 54px;\" width=\"0\">\u00a0<\/td>\n<\/tr>\n<tr style=\"height: 72px;\">\n<td style=\"width: 28.2456%; height: 72px;\" width=\"171\"><strong>Escola Pau Romeva<\/strong><\/td>\n<td style=\"width: 122.613%; height: 72px;\" width=\"247\">CRP: Joan Davia EAP: Mar Castells (PSI) Olga Peret (TS) Laia Rodr\u00edguez (FIS) ELIC: Dani Espresate<\/td>\n<td style=\"width: 112.627%; height: 72px;\" width=\"0\">\u00a0<\/td>\n<\/tr>\n<tr style=\"height: 54px;\">\n<td style=\"width: 26.6667%; height: 54px;\" width=\"157\"><strong>Institut Escola<\/strong><\/td>\n<td style=\"width: 28.2456%; height: 54px;\" width=\"171\"><strong>Tres Fonts de Les Corts<\/strong><\/td>\n<td style=\"width: 122.613%; height: 54px;\" width=\"247\">CRP: Gemma Martret EAP: Eliana Anguera (PSI) Olga Peret (TS)Aina Berm\u00fadez(FIS) LIC: Dani Espresate<\/td>\n<td style=\"width: 112.627%; height: 54px;\" width=\"0\">\u00a0<\/td>\n<\/tr>\n<tr style=\"height: 72px;\">\n<td style=\"width: 26.6667%; height: 126px;\" rowspan=\"2\" width=\"157\"><strong>Centres p\u00fablics d\u2019Ensenyament Secundari<\/strong><\/td>\n<td style=\"width: 28.2456%; height: 72px;\" width=\"171\"><strong>Institut Pedralbes<\/strong><\/td>\n<td style=\"width: 122.613%; height: 72px;\" width=\"247\">CRP: Marta Ponti EAP: \u00c0ngels Pastor (PSI) Olga Peret (TS) Aina Berm\u00fadez (FIS) ELIC: Dani Espresate<\/td>\n<td style=\"width: 112.627%; height: 72px;\" width=\"0\">\u00a0<\/td>\n<\/tr>\n<tr style=\"height: 54px;\">\n<td style=\"width: 28.2456%; height: 54px;\" width=\"171\"><strong>Institut Les Corts<\/strong> <strong>\u00a0<\/strong> <strong>\u00a0<\/strong><\/td>\n<td style=\"width: 122.613%; height: 54px;\" width=\"247\">CRP: Marta Ponti EAP: Cristina Pernaute (PSI) Olga Peret (TS)Aina Berm\u00fadez(FIS) ELIC: Dani Espresate<\/td>\n<td style=\"width: 112.627%; height: 54px;\" width=\"0\">\u00a0<\/td>\n<\/tr>\n<tr style=\"height: 54px;\">\n<td style=\"width: 26.6667%; height: 396px;\" rowspan=\"10\" width=\"157\"><strong>Titularitat privada \/ concertada<\/strong> <strong>\u00a0<\/strong> <strong>\u00a0<\/strong><\/td>\n<td style=\"width: 28.2456%; height: 54px;\" width=\"171\"><strong>FEP Ramon Nonat <\/strong><strong>\u00a0<\/strong> <strong>\u00a0<\/strong><\/td>\n<td style=\"width: 122.613%; height: 54px;\" width=\"247\">CRP: Joan Davia EAP: Roc\u00edo V\u00edlchez (PSI) Aina Berm\u00fadez (FIS)ELIC: Dani Espresate<\/td>\n<td style=\"width: 112.627%; height: 54px;\" width=\"0\">\u00a0<\/td>\n<\/tr>\n<tr style=\"height: 36px;\">\n<td style=\"width: 28.2456%; height: 36px;\" width=\"171\"><strong>Sant Ramon Sagrat Cor<\/strong> <strong>\u00a0<\/strong> <strong>\u00a0<\/strong><\/td>\n<td style=\"width: 122.613%; height: 36px;\" width=\"247\">CRP: Gemma Martret EAP: Cristina Pernaute (PSI)\u00a0 Laia Rodr\u00edguez (FIS)ELIC: Dani Espresate<\/td>\n<td style=\"width: 112.627%; height: 36px;\" width=\"0\">\u00a0<\/td>\n<\/tr>\n<tr style=\"height: 36px;\">\n<td style=\"width: 28.2456%; height: 36px;\" width=\"171\"><strong>Santa Teresa de Lisieux<\/strong> <strong>\u00a0<\/strong> <strong>\u00a0<\/strong><\/td>\n<td style=\"width: 122.613%; height: 36px;\" width=\"247\">CRP: Marta Ponti EAP: Roc\u00edo V\u00edlchez (PSI) Laia Rodr\u00edguez (FIS) ELIC: Dani Espresate<\/td>\n<td style=\"width: 112.627%; height: 36px;\" width=\"0\">\u00a0<\/td>\n<\/tr>\n<tr style=\"height: 54px;\">\n<td style=\"width: 28.2456%; height: 54px;\" width=\"171\"><b>Sant\u00edssima Trinitat<\/b><\/td>\n<td style=\"width: 122.613%; height: 54px;\" width=\"247\">CRP: Marta Ponti EAP: \u00c0ngels Pastor (PSI) Aina Berm\u00fadez (FIS)ELIC: Dani Espresate<\/td>\n<td style=\"width: 112.627%; height: 54px;\" width=\"0\">\u00a0<\/td>\n<\/tr>\n<tr style=\"height: 36px;\">\n<td style=\"width: 28.2456%; height: 36px;\" width=\"171\"><strong>Loreto Abat Oliba<\/strong> <strong>\u00a0<\/strong> <strong>\u00a0<\/strong><\/td>\n<td style=\"width: 122.613%; height: 36px;\" width=\"247\">CRP: Gemma Martret EAP: \u00c0ngels Pastor (PSI) Laia Rodr\u00edguez (FIS)ELIC: Dani Espresate<\/td>\n<td style=\"width: 112.627%; height: 36px;\" width=\"0\">\u00a0<\/td>\n<\/tr>\n<tr style=\"height: 36px;\">\n<td style=\"width: 28.2456%; height: 36px;\" width=\"171\"><strong>Maristes<\/strong> <strong>\u00a0<\/strong> <strong>\u00a0<\/strong><\/td>\n<td style=\"width: 122.613%; height: 36px;\" width=\"247\">CRP. Joan Davia EAP: Isaura Gim\u00e9nez (PSI) Laia Rodr\u00edguez (FIS)ELIC: Dani Espresate<\/td>\n<td style=\"width: 112.627%; height: 36px;\" width=\"0\">\u00a0<\/td>\n<\/tr>\n<tr style=\"height: 36px;\">\n<td style=\"width: 28.2456%; height: 36px;\" width=\"171\"><strong>Pare Manyanet<\/strong> <strong>\u00a0<\/strong> <strong>\u00a0<\/strong><\/td>\n<td style=\"width: 122.613%; height: 36px;\" width=\"247\">CRP: Joan Davia EAP: Cristina Pernaute (PSI) Laia Rodr\u00edguez (FIS)ELIC: Dani Espresate<\/td>\n<td style=\"width: 112.627%; height: 36px;\" width=\"0\">\u00a0<\/td>\n<\/tr>\n<tr style=\"height: 36px;\">\n<td style=\"width: 28.2456%; height: 36px;\" width=\"171\"><strong>Thau<\/strong> <strong>\u00a0<\/strong> <strong>\u00a0<\/strong><\/td>\n<td style=\"width: 122.613%; height: 36px;\" width=\"247\">CRP: Marta Ponti EAP: Cristina Pernaute (PSI) Laia Rodr\u00edguez (FIS) ELIC: Dani Espresate<\/td>\n<td style=\"width: 112.627%; height: 36px;\" width=\"0\">\u00a0<\/td>\n<\/tr>\n<tr style=\"height: 36px;\">\n<td style=\"width: 28.2456%; height: 36px;\" width=\"171\"><strong>Sant Paul\u2019s<\/strong> <strong>\u00a0<\/strong> <strong>\u00a0<\/strong><\/td>\n<td style=\"width: 122.613%; height: 36px;\" width=\"247\">CRP: Joan Davia EAP: Mar Castells (PSI) Laia Rodr\u00edguez (FIS)ELIC: Dani Espresate<\/td>\n<td style=\"width: 112.627%; height: 36px;\" width=\"0\">\u00a0<\/td>\n<\/tr>\n<tr style=\"height: 36px;\">\n<td style=\"width: 28.2456%; height: 36px;\" width=\"171\"><strong>Solc<\/strong> <strong>\u00a0<\/strong> <strong>\u00a0<\/strong><\/td>\n<td style=\"width: 122.613%; height: 36px;\" width=\"247\">CRP: Marta Ponti EAP: Isaura Gim\u00e9nez (PSI) Laia Rodr\u00edguez (FIS)ELIC: Dani Espresate<\/td>\n<td style=\"width: 112.627%; height: 36px;\" width=\"0\">\u00a0<\/td>\n<\/tr>\n<tr style=\"height: 36px;\">\n<td style=\"width: 26.6667%; height: 108px;\" rowspan=\"3\" width=\"157\"><strong>Educaci\u00f3 Especial<\/strong><\/td>\n<td style=\"width: 28.2456%; height: 36px;\" width=\"171\"><strong>Jeroni de Moragas<\/strong> <strong>\u00a0<\/strong> <strong>\u00a0<\/strong><\/td>\n<td style=\"width: 122.613%; height: 36px;\" width=\"247\">CRP: Gemma Martret EAP: Roc\u00edo V\u00edlchez (PSI) ELIC: Dani Espresate<\/td>\n<td style=\"width: 112.627%; height: 36px;\" width=\"0\">\u00a0<\/td>\n<\/tr>\n<tr style=\"height: 36px;\">\n<td style=\"width: 28.2456%; height: 36px;\" width=\"171\"><strong>Paideia<\/strong> <strong>\u00a0<\/strong> <strong>\u00a0<\/strong><\/td>\n<td style=\"width: 122.613%; height: 36px;\" width=\"247\">CRP: Gemma Martret EAP: Mar Castells (PSI) ELIC: Dani Espresate<\/td>\n<td style=\"width: 112.627%; height: 36px;\" width=\"0\">\u00a0<\/td>\n<\/tr>\n<tr style=\"height: 36px;\">\n<td style=\"width: 28.2456%; height: 36px;\" width=\"171\"><strong>Esclat<\/strong> <strong>\u00a0<\/strong> <strong>\u00a0<\/strong><\/td>\n<td style=\"width: 122.613%; height: 36px;\" width=\"247\">CRP: Gemma Martret EAP: Eliana Anguera (PSI) LIC: Dani Espresate<\/td>\n<td style=\"width: 112.627%; height: 36px;\" width=\"0\">\u00a0<\/td>\n<\/tr>\n<\/tbody>\n<\/table>\n<p><!--a=1--><\/p>\n<p><!--a=1--><\/p>\n<p><!--a=1--><\/p>\n\n\n<p><\/p>\n","protected":false},"excerpt":{"rendered":"<p>\u00a0 Nom dels centres atesos regularment pel SE Professionals del SE \u00a0 \u00a0 Centres p\u00fablics d\u2019Educaci\u00f3 Infantil i Prim\u00e0ria \u00a0 \u00a0 \u00a0 \u00a0 \u00a0 \u00a0 \u00a0 \u00a0 Escola Anglesola \u00a0 \u00a0 CRP: Joan Davia EAP:Isaura Gim\u00e9nez (PSI) Olga Peret (TS) Aina Berm\u00fadez (FIS) ELIC: Dani Espresate \u00a0 Escola Barcelona CRP: Gemma Martret EAP: Roc\u00edo V\u00edlchez [&hellip;]<\/p>\n","protected":false},"author":1,"featured_media":0,"parent":306,"menu_order":0,"comment_status":"closed","ping_status":"closed","template":"","meta":{"_bbp_topic_count":0,"_bbp_reply_count":0,"_bbp_total_topic_count":0,"_bbp_total_reply_count":0,"_bbp_voice_count":0,"_bbp_anonymous_reply_count":0,"_bbp_topic_count_hidden":0,"_bbp_reply_count_hidden":0,"_bbp_forum_subforum_count":0,"site-sidebar-layout":"default","site-content-layout":"","ast-site-content-layout":"default","site-content-style":"default","site-sidebar-style":"default","ast-global-header-display":"","ast-banner-title-visibility":"","ast-main-header-display":"","ast-hfb-above-header-display":"","ast-hfb-below-header-display":"","ast-hfb-mobile-header-display":"","site-post-title":"","ast-breadcrumbs-content":"","ast-featured-img":"","footer-sml-layout":"","theme-transparent-header-meta":"default","adv-header-id-meta":"","stick-header-meta":"","header-above-stick-meta":"","header-main-stick-meta":"","header-below-stick-meta":"","astra-migrate-meta-layouts":"set","ast-page-background-enabled":"default","ast-page-background-meta":{"desktop":{"background-color":"var(--ast-global-color-4)","background-image":"","background-repeat":"repeat","background-position":"center center","background-size":"auto","background-attachment":"scroll","background-type":"","background-media":"","overlay-type":"","overlay-color":"","overlay-opacity":"","overlay-gradient":""},"tablet":{"background-color":"","background-image":"","background-repeat":"repeat","background-position":"center center","background-size":"auto","background-attachment":"scroll","background-type":"","background-media":"","overlay-type":"","overlay-color":"","overlay-opacity":"","overlay-gradient":""},"mobile":{"background-color":"","background-image":"","background-repeat":"repeat","background-position":"center center","background-size":"auto","background-attachment":"scroll","background-type":"","background-media":"","overlay-type":"","overlay-color":"","overlay-opacity":"","overlay-gradient":""}},"ast-content-background-meta":{"desktop":{"background-color":"var(--ast-global-color-5)","background-image":"","background-repeat":"repeat","background-position":"center center","background-size":"auto","background-attachment":"scroll","background-type":"","background-media":"","overlay-type":"","overlay-color":"","overlay-opacity":"","overlay-gradient":""},"tablet":{"background-color":"var(--ast-global-color-5)","background-image":"","background-repeat":"repeat","background-position":"center center","background-size":"auto","background-attachment":"scroll","background-type":"","background-media":"","overlay-type":"","overlay-color":"","overlay-opacity":"","overlay-gradient":""},"mobile":{"background-color":"var(--ast-global-color-5)","background-image":"","background-repeat":"repeat","background-position":"center center","background-size":"auto","background-attachment":"scroll","background-type":"","background-media":"","overlay-type":"","overlay-color":"","overlay-opacity":"","overlay-gradient":""}},"footnotes":""},"class_list":["post-15008","page","type-page","status-publish","hentry"],"post_mailing_queue_ids":[],"_links":{"self":[{"href":"https:\/\/serveiseducatius.xtec.cat\/lescorts\/wp-json\/wp\/v2\/pages\/15008","targetHints":{"allow":["GET"]}}],"collection":[{"href":"https:\/\/serveiseducatius.xtec.cat\/lescorts\/wp-json\/wp\/v2\/pages"}],"about":[{"href":"https:\/\/serveiseducatius.xtec.cat\/lescorts\/wp-json\/wp\/v2\/types\/page"}],"author":[{"embeddable":true,"href":"https:\/\/serveiseducatius.xtec.cat\/lescorts\/wp-json\/wp\/v2\/users\/1"}],"replies":[{"embeddable":true,"href":"https:\/\/serveiseducatius.xtec.cat\/lescorts\/wp-json\/wp\/v2\/comments?post=15008"}],"version-history":[{"count":5,"href":"https:\/\/serveiseducatius.xtec.cat\/lescorts\/wp-json\/wp\/v2\/pages\/15008\/revisions"}],"predecessor-version":[{"id":17407,"href":"https:\/\/serveiseducatius.xtec.cat\/lescorts\/wp-json\/wp\/v2\/pages\/15008\/revisions\/17407"}],"up":[{"embeddable":true,"href":"https:\/\/serveiseducatius.xtec.cat\/lescorts\/wp-json\/wp\/v2\/pages\/306"}],"wp:attachment":[{"href":"https:\/\/serveiseducatius.xtec.cat\/lescorts\/wp-json\/wp\/v2\/media?parent=15008"}],"curies":[{"name":"wp","href":"https:\/\/api.w.org\/{rel}","templated":true}]}}