{"id":13988,"date":"2021-09-10T08:39:15","date_gmt":"2021-09-10T06:39:15","guid":{"rendered":"https:\/\/serveiseducatius.xtec.cat\/lescorts\/?page_id=13988"},"modified":"2021-09-10T08:39:15","modified_gmt":"2021-09-10T06:39:15","slug":"cesire-aprenentatge-amb-sentit","status":"publish","type":"page","link":"https:\/\/serveiseducatius.xtec.cat\/lescorts\/cesire-aprenentatge-amb-sentit\/","title":{"rendered":"CESIRE: Aprenentatge amb sentit"},"content":{"rendered":"<p><a href=\"https:\/\/serveiseducatius.xtec.cat\/cesire\/\" target=\"_blank\" rel=\"noopener\"><img loading=\"lazy\" decoding=\"async\" class=\" wp-image-13990 alignright\" src=\"https:\/\/serveiseducatius.xtec.cat\/lescorts\/wp-content\/uploads\/usu1169\/2021\/09\/Cesire.png\" alt=\"\" width=\"468\" height=\"293\" srcset=\"https:\/\/serveiseducatius.xtec.cat\/lescorts\/wp-content\/uploads\/usu1169\/2021\/09\/Cesire.png 1200w, https:\/\/serveiseducatius.xtec.cat\/lescorts\/wp-content\/uploads\/usu1169\/2021\/09\/Cesire-300x188.png 300w, https:\/\/serveiseducatius.xtec.cat\/lescorts\/wp-content\/uploads\/usu1169\/2021\/09\/Cesire-1024x642.png 1024w, https:\/\/serveiseducatius.xtec.cat\/lescorts\/wp-content\/uploads\/usu1169\/2021\/09\/Cesire-768x481.png 768w\" sizes=\"auto, (max-width: 468px) 100vw, 468px\" \/><\/a>El <a href=\"https:\/\/serveiseducatius.xtec.cat\/cesire\/\" target=\"_blank\" rel=\"noopener\"><strong>Centre de Recursos Espec\u00edfics de Suport a la Innovaci\u00f3 i a la Recerca Educativa (CESIRE)<\/strong><\/a> inicia una nova etapa, amb el prop\u00f2sit d\u2019acompanyar la comunitat docent i els centres educatius en la recerca de l\u2019aprenentatge amb sentit.<\/p>\n<p>\u00c9s per aix\u00f2 que <strong>estrenen un nou web que posa a la vostra disposici\u00f3 un ampli ventall d\u2019experi\u00e8ncies formatives i recursos pedag\u00f2gics.<\/strong> Esperem que pugui ser \u00fatil a tota la comunitat educativa per avan\u00e7ar en la transformaci\u00f3 del model educatiu i us convidem a participar-ne activament.<\/p>\n<p>Si hi voleu accedir nom\u00e9s cal que feu un clic damunt la imatge.<\/p>\n","protected":false},"excerpt":{"rendered":"<p>El Centre de Recursos Espec\u00edfics de Suport a la Innovaci\u00f3 i a la Recerca Educativa (CESIRE) inicia una nova etapa, amb el prop\u00f2sit d\u2019acompanyar la comunitat docent i els centres educatius en la recerca de l\u2019aprenentatge amb sentit. \u00c9s per aix\u00f2 que estrenen un nou web que posa a la vostra disposici\u00f3 un ampli ventall [&hellip;]<\/p>\n","protected":false},"author":1,"featured_media":0,"parent":0,"menu_order":0,"comment_status":"closed","ping_status":"closed","template":"","meta":{"_bbp_topic_count":0,"_bbp_reply_count":0,"_bbp_total_topic_count":0,"_bbp_total_reply_count":0,"_bbp_voice_count":0,"_bbp_anonymous_reply_count":0,"_bbp_topic_count_hidden":0,"_bbp_reply_count_hidden":0,"_bbp_forum_subforum_count":0,"site-sidebar-layout":"default","site-content-layout":"","ast-site-content-layout":"","site-content-style":"default","site-sidebar-style":"default","ast-global-header-display":"","ast-banner-title-visibility":"","ast-main-header-display":"","ast-hfb-above-header-display":"","ast-hfb-below-header-display":"","ast-hfb-mobile-header-display":"","site-post-title":"","ast-breadcrumbs-content":"","ast-featured-img":"","footer-sml-layout":"","theme-transparent-header-meta":"","adv-header-id-meta":"","stick-header-meta":"","header-above-stick-meta":"","header-main-stick-meta":"","header-below-stick-meta":"","astra-migrate-meta-layouts":"default","ast-page-background-enabled":"default","ast-page-background-meta":{"desktop":{"background-color":"var(--ast-global-color-4)","background-image":"","background-repeat":"repeat","background-position":"center center","background-size":"auto","background-attachment":"scroll","background-type":"","background-media":"","overlay-type":"","overlay-color":"","overlay-opacity":"","overlay-gradient":""},"tablet":{"background-color":"","background-image":"","background-repeat":"repeat","background-position":"center center","background-size":"auto","background-attachment":"scroll","background-type":"","background-media":"","overlay-type":"","overlay-color":"","overlay-opacity":"","overlay-gradient":""},"mobile":{"background-color":"","background-image":"","background-repeat":"repeat","background-position":"center center","background-size":"auto","background-attachment":"scroll","background-type":"","background-media":"","overlay-type":"","overlay-color":"","overlay-opacity":"","overlay-gradient":""}},"ast-content-background-meta":{"desktop":{"background-color":"var(--ast-global-color-5)","background-image":"","background-repeat":"repeat","background-position":"center center","background-size":"auto","background-attachment":"scroll","background-type":"","background-media":"","overlay-type":"","overlay-color":"","overlay-opacity":"","overlay-gradient":""},"tablet":{"background-color":"var(--ast-global-color-5)","background-image":"","background-repeat":"repeat","background-position":"center center","background-size":"auto","background-attachment":"scroll","background-type":"","background-media":"","overlay-type":"","overlay-color":"","overlay-opacity":"","overlay-gradient":""},"mobile":{"background-color":"var(--ast-global-color-5)","background-image":"","background-repeat":"repeat","background-position":"center center","background-size":"auto","background-attachment":"scroll","background-type":"","background-media":"","overlay-type":"","overlay-color":"","overlay-opacity":"","overlay-gradient":""}},"footnotes":""},"class_list":["post-13988","page","type-page","status-publish","hentry"],"post_mailing_queue_ids":[],"_links":{"self":[{"href":"https:\/\/serveiseducatius.xtec.cat\/lescorts\/wp-json\/wp\/v2\/pages\/13988","targetHints":{"allow":["GET"]}}],"collection":[{"href":"https:\/\/serveiseducatius.xtec.cat\/lescorts\/wp-json\/wp\/v2\/pages"}],"about":[{"href":"https:\/\/serveiseducatius.xtec.cat\/lescorts\/wp-json\/wp\/v2\/types\/page"}],"author":[{"embeddable":true,"href":"https:\/\/serveiseducatius.xtec.cat\/lescorts\/wp-json\/wp\/v2\/users\/1"}],"replies":[{"embeddable":true,"href":"https:\/\/serveiseducatius.xtec.cat\/lescorts\/wp-json\/wp\/v2\/comments?post=13988"}],"version-history":[{"count":2,"href":"https:\/\/serveiseducatius.xtec.cat\/lescorts\/wp-json\/wp\/v2\/pages\/13988\/revisions"}],"predecessor-version":[{"id":13991,"href":"https:\/\/serveiseducatius.xtec.cat\/lescorts\/wp-json\/wp\/v2\/pages\/13988\/revisions\/13991"}],"wp:attachment":[{"href":"https:\/\/serveiseducatius.xtec.cat\/lescorts\/wp-json\/wp\/v2\/media?parent=13988"}],"curies":[{"name":"wp","href":"https:\/\/api.w.org\/{rel}","templated":true}]}}