{"id":13551,"date":"2021-03-03T17:36:43","date_gmt":"2021-03-03T16:36:43","guid":{"rendered":"http:\/\/serveiseducatius.xtec.cat\/lescorts\/?page_id=13551"},"modified":"2021-03-10T18:53:00","modified_gmt":"2021-03-10T17:53:00","slug":"que-som","status":"publish","type":"page","link":"https:\/\/serveiseducatius.xtec.cat\/lescorts\/que-som\/","title":{"rendered":"QU\u00c8 SOM?"},"content":{"rendered":"<h1 style=\"text-align: center;\"><b>CIVA<\/b><\/h1>\n<h3><b>Missi\u00f3<\/b><\/h3>\n<p style=\"text-align: justify;\"><span style=\"font-weight: 400;\">Compartim el principi de la Ciutat Educadora d\u2019una formaci\u00f3 integral, en un sistema complex i, alhora, un agent educatiu permanent, plural i poli\u00e8dric, capa\u00e7 de contrarestar els factors deseducatius<\/span><span style=\"font-weight: 400;\">. E<\/span><span style=\"font-weight: 400;\">l nostre objectiu constant ser\u00e0 aprendre, intercanviar, compartir i, per tant, enriquir la vida dels seus habitants.<\/span><\/p>\n<p style=\"text-align: justify;\"><span style=\"font-weight: 400;\">Els CRP especialitzats promouen la participaci\u00f3 activa en l&#8217;impuls d&#8217;iniciatives transformadores orientades a la construcci\u00f3 d&#8217;una societat m\u00e9s justa i equitativa mitjan\u00e7ant l&#8217;adquisici\u00f3 d&#8217;una actitud cr\u00edtica, responsable, solid\u00e0ria i activa en la defensa dels drets humans i de la participaci\u00f3 democr\u00e0tica, incorporant la mirada de les arts.<\/span><\/p>\n<p style=\"text-align: justify;\"><span style=\"font-weight: 400;\">Les persones t\u00e8cniques dels CRP especialitzats treballen estretament amb els altres professionals del servei educatiu aix\u00ed com altres t\u00e8cnics de l\u2019\u00c0rea d\u2019Innovaci\u00f3, Programes i Formaci\u00f3 del Consorci d\u2019Educaci\u00f3 de Barcelona,\u00a0 altres professionals de l\u2019Ajuntament de Barcelona, del Departament d\u2019Educaci\u00f3 i d\u2019altres entitats.\u00a0<\/span><\/p>\n<h3><b>Dimensions<\/b><\/h3>\n<p style=\"text-align: justify;\"><b>Disseny, documentaci\u00f3 i recerca<\/b><\/p>\n<ul style=\"text-align: justify;\">\n<li style=\"font-weight: 400;\" aria-level=\"1\"><span style=\"font-weight: 400;\">Creaci\u00f3 d\u2019un centre de documentaci\u00f3 d\u2019experi\u00e8ncies i propostes did\u00e0ctiques que aplegui tota mena de recursos existents per construir un recull de la ciutat i del treball pedag\u00f2gic dels centres educatius.<\/span><\/li>\n<li style=\"font-weight: 400;\" aria-level=\"1\"><span style=\"font-weight: 400;\">Investigaci\u00f3 de noves formes de pedagogia.<\/span><\/li>\n<li style=\"font-weight: 400;\" aria-level=\"1\"><span style=\"font-weight: 400;\">Disseny de materials i propostes a partir de seminaris, grups de treball i projectes pilot.<\/span><\/li>\n<li style=\"font-weight: 400;\" aria-level=\"1\"><span style=\"font-weight: 400;\">Promoci\u00f3 de l\u2019oferta de programes de qualitat a la Convocat\u00f2ria Unificada de Programes que s\u2019aglutina des del Consorci d\u2019Educaci\u00f3 de Barcelona, basada en una avaluaci\u00f3 profunda dels programes existents.<\/span><\/li>\n<li style=\"font-weight: 400;\" aria-level=\"1\"><span style=\"font-weight: 400;\">Creaci\u00f3 d\u2019un discurs s\u00f2lid que doti de coher\u00e8ncia els programes que es despleguin.\u00a0<\/span><\/li>\n<li style=\"font-weight: 400;\" aria-level=\"1\"><span style=\"font-weight: 400;\">Assessorament a entitats per a la creaci\u00f3 de projectes i recursos.<\/span><\/li>\n<\/ul>\n<p style=\"text-align: justify;\"><b>Formaci\u00f3 i acompanyament<\/b><\/p>\n<ul style=\"text-align: justify;\">\n<li style=\"font-weight: 400;\" aria-level=\"1\"><span style=\"font-weight: 400;\">Formaci\u00f3 del professorat a partir de cursos, tallers, jornades i seminaris.<\/span><\/li>\n<li style=\"font-weight: 400;\" aria-level=\"1\"><span style=\"font-weight: 400;\">Assessorament en el disseny de propostes formatives d\u2019entitats, p\u00fabliques o privades.<\/span><\/li>\n<li style=\"font-weight: 400;\" aria-level=\"1\"><span style=\"font-weight: 400;\">Gesti\u00f3 anual d\u2019un Pla de Formaci\u00f3 pel professorat, que s\u2019inclou en el GTAF,\u00a0 i pels professionals de les entitats.<\/span><\/li>\n<li style=\"font-weight: 400;\" aria-level=\"1\"><span style=\"font-weight: 400;\">Assessorament en l\u2019oferta de formacions associades als programes de la Convocat\u00f2ria Unificada de Programes per tal que esdevinguin propostes transformadores (disseny inicial o revisi\u00f3 de la proposta de l\u2019entitat).\u00a0<\/span><\/li>\n<li style=\"font-weight: 400;\" aria-level=\"1\"><span style=\"font-weight: 400;\">Seguiment,\u00a0 avaluaci\u00f3 i tancament de les formacions ofertades per les entitats i als centres educatius.\u00a0<\/span><\/li>\n<\/ul>\n<p style=\"text-align: justify;\"><b>Divulgaci\u00f3<\/b><\/p>\n<ul style=\"text-align: justify;\">\n<li style=\"font-weight: 400;\" aria-level=\"1\"><span style=\"font-weight: 400;\">Divulgaci\u00f3 de les propostes educatives que sorgeixen del CIVA o del CRAB.<\/span><\/li>\n<li style=\"font-weight: 400;\" aria-level=\"1\"><span style=\"font-weight: 400;\">Divulgaci\u00f3 i promoci\u00f3 d\u2019activitats, recursos i manifestacions culturals de la ciutat (p\u00fablics i privats): tant els puntuals com aquells tenen m\u00e9s continu\u00eftat.\u00a0<\/span><\/li>\n<li style=\"font-weight: 400;\" aria-level=\"1\"><span style=\"font-weight: 400;\">Divulgaci\u00f3 del treball dels infants i joves de totes les edats.<\/span><\/li>\n<\/ul>\n<p style=\"text-align: justify;\"><b>Prospectiva d\u2019oportunitats de col\u00b7laboraci\u00f3 i d\u2019aliances<\/b><\/p>\n<ul>\n<li style=\"font-weight: 400; text-align: justify;\" aria-level=\"1\"><span style=\"font-weight: 400;\">Suport a institucions i entitats en la formulaci\u00f3 de programes i propostes per tal que s\u2019ajustin al calendari i a les l\u00ednies estrat\u00e8giques del sistema educatiu, assessorant en el disseny, la producci\u00f3 i la gesti\u00f3 (la CUP com una plataforma per teixir aliances amb entitats).<\/span><\/li>\n<li style=\"font-weight: 400; text-align: justify;\" aria-level=\"1\"><span style=\"font-weight: 400;\">Assessorament en la coher\u00e8ncia entre el Projecte Educatiu de Centre i el programa, vetllant per la inclusivitat i equitat.<\/span><\/li>\n<li style=\"font-weight: 400; text-align: justify;\" aria-level=\"1\"><span style=\"font-weight: 400;\">Creaci\u00f3 d\u2019aliances amb els \u00e0mbits d\u2019educaci\u00f3 formal i no formal, tant les etapes d\u2019escolaritzaci\u00f3 obligat\u00f2ria com postobligat\u00f2ria.\u00a0<\/span><\/li>\n<\/ul>\n<p>&nbsp;<\/p>\n<p><a href=\"https:\/\/drive.google.com\/file\/d\/177-kq41P--I6AIQBcU9Z-9R4u1jqNKV2\/view?usp=sharing\" target=\"_blank\" rel=\"noopener noreferrer\">MEM\u00d2RIA 2019-2020<\/a><\/p>\n","protected":false},"excerpt":{"rendered":"<p>CIVA Missi\u00f3 Compartim el principi de la Ciutat Educadora d\u2019una formaci\u00f3 integral, en un sistema complex i, alhora, un agent educatiu permanent, plural i poli\u00e8dric, capa\u00e7 de contrarestar els factors deseducatius. El nostre objectiu constant ser\u00e0 aprendre, intercanviar, compartir i, per tant, enriquir la vida dels seus habitants. Els CRP especialitzats promouen la participaci\u00f3 activa [&hellip;]<\/p>\n","protected":false},"author":1,"featured_media":0,"parent":0,"menu_order":0,"comment_status":"closed","ping_status":"closed","template":"","meta":{"_bbp_topic_count":0,"_bbp_reply_count":0,"_bbp_total_topic_count":0,"_bbp_total_reply_count":0,"_bbp_voice_count":0,"_bbp_anonymous_reply_count":0,"_bbp_topic_count_hidden":0,"_bbp_reply_count_hidden":0,"_bbp_forum_subforum_count":0,"site-sidebar-layout":"default","site-content-layout":"","ast-site-content-layout":"","site-content-style":"default","site-sidebar-style":"default","ast-global-header-display":"","ast-banner-title-visibility":"","ast-main-header-display":"","ast-hfb-above-header-display":"","ast-hfb-below-header-display":"","ast-hfb-mobile-header-display":"","site-post-title":"","ast-breadcrumbs-content":"","ast-featured-img":"","footer-sml-layout":"","theme-transparent-header-meta":"","adv-header-id-meta":"","stick-header-meta":"","header-above-stick-meta":"","header-main-stick-meta":"","header-below-stick-meta":"","astra-migrate-meta-layouts":"default","ast-page-background-enabled":"default","ast-page-background-meta":{"desktop":{"background-color":"var(--ast-global-color-4)","background-image":"","background-repeat":"repeat","background-position":"center center","background-size":"auto","background-attachment":"scroll","background-type":"","background-media":"","overlay-type":"","overlay-color":"","overlay-opacity":"","overlay-gradient":""},"tablet":{"background-color":"","background-image":"","background-repeat":"repeat","background-position":"center center","background-size":"auto","background-attachment":"scroll","background-type":"","background-media":"","overlay-type":"","overlay-color":"","overlay-opacity":"","overlay-gradient":""},"mobile":{"background-color":"","background-image":"","background-repeat":"repeat","background-position":"center center","background-size":"auto","background-attachment":"scroll","background-type":"","background-media":"","overlay-type":"","overlay-color":"","overlay-opacity":"","overlay-gradient":""}},"ast-content-background-meta":{"desktop":{"background-color":"var(--ast-global-color-5)","background-image":"","background-repeat":"repeat","background-position":"center center","background-size":"auto","background-attachment":"scroll","background-type":"","background-media":"","overlay-type":"","overlay-color":"","overlay-opacity":"","overlay-gradient":""},"tablet":{"background-color":"var(--ast-global-color-5)","background-image":"","background-repeat":"repeat","background-position":"center center","background-size":"auto","background-attachment":"scroll","background-type":"","background-media":"","overlay-type":"","overlay-color":"","overlay-opacity":"","overlay-gradient":""},"mobile":{"background-color":"var(--ast-global-color-5)","background-image":"","background-repeat":"repeat","background-position":"center center","background-size":"auto","background-attachment":"scroll","background-type":"","background-media":"","overlay-type":"","overlay-color":"","overlay-opacity":"","overlay-gradient":""}},"footnotes":""},"class_list":["post-13551","page","type-page","status-publish","hentry"],"post_mailing_queue_ids":[],"_links":{"self":[{"href":"https:\/\/serveiseducatius.xtec.cat\/lescorts\/wp-json\/wp\/v2\/pages\/13551","targetHints":{"allow":["GET"]}}],"collection":[{"href":"https:\/\/serveiseducatius.xtec.cat\/lescorts\/wp-json\/wp\/v2\/pages"}],"about":[{"href":"https:\/\/serveiseducatius.xtec.cat\/lescorts\/wp-json\/wp\/v2\/types\/page"}],"author":[{"embeddable":true,"href":"https:\/\/serveiseducatius.xtec.cat\/lescorts\/wp-json\/wp\/v2\/users\/1"}],"replies":[{"embeddable":true,"href":"https:\/\/serveiseducatius.xtec.cat\/lescorts\/wp-json\/wp\/v2\/comments?post=13551"}],"version-history":[{"count":3,"href":"https:\/\/serveiseducatius.xtec.cat\/lescorts\/wp-json\/wp\/v2\/pages\/13551\/revisions"}],"predecessor-version":[{"id":13593,"href":"https:\/\/serveiseducatius.xtec.cat\/lescorts\/wp-json\/wp\/v2\/pages\/13551\/revisions\/13593"}],"wp:attachment":[{"href":"https:\/\/serveiseducatius.xtec.cat\/lescorts\/wp-json\/wp\/v2\/media?parent=13551"}],"curies":[{"name":"wp","href":"https:\/\/api.w.org\/{rel}","templated":true}]}}