{"id":12679,"date":"2020-04-17T11:02:57","date_gmt":"2020-04-17T09:02:57","guid":{"rendered":"http:\/\/serveiseducatius.xtec.cat\/lescorts\/?page_id=12679"},"modified":"2020-05-05T09:16:23","modified_gmt":"2020-05-05T07:16:23","slug":"bones-practiques-de-centre-districte-les-corts-cicle-superior","status":"publish","type":"page","link":"https:\/\/serveiseducatius.xtec.cat\/lescorts\/bones-practiques-de-centre-districte-les-corts-cicle-superior\/","title":{"rendered":"Bones Pr\u00e0ctiques de Centre Districte Les Corts Cicle Superior"},"content":{"rendered":"<h3 style=\"text-align: center;\">CICLE SUPERIOR EDUCACI\u00d3 PRIM\u00c0RIA<\/h3>\n<p><strong>AQUEST SANT JORDI CONFINAT FELICITEM ALS AVIS (Escola Barcelona)<\/strong><\/p>\n<p style=\"text-align: justify;\">Ja fa molts anys que, especialment per l\u2019\u00e8poca de Nadal, realitzem activitats d\u2019aprenentatge-servei relacionades amb la gent gran. D\u2019una banda col\u00b7laborem amb l\u2019associaci\u00f3 d\u2019Avism\u00f3n amb els nens de 5\u00e8. Aquest curs promou una recollida d\u2019aliments en la qual participa tota l\u2019escola . D\u2019altra banda amb els nens de 6\u00e8 anem a visitar una residencia d\u2019avis per felicitar-los-hi el Nadal. Doncs b\u00e9, durant el confinament vam poder observar com el col\u00b7lectiu de la gent gran es feia especialment vulnerable, el virus els atacava de manera indiscriminada i a m\u00e9s molts d\u2019ells s\u2019havien de quedar confinats a casa seva sols , \u00e9s el cas d\u2019 Avism\u00f3n, o b\u00e9, en alguns casos, en una habitaci\u00f3 d\u2019una residencia.<\/p>\n<p style=\"text-align: justify;\">Va ser aqu\u00ed on vam pensar que per Sant Jordi pod\u00edem tenir una continu\u00eftat amb les activitats del Nadal i fer passar als avis una diada de Sant Jordi,<br \/>\nencara que confinats, una mica m\u00e9s especial. Tothom va rebre l\u2019activitat molt b\u00e9, des d\u2019Avism\u00f3n i la Resid\u00e8ncia Centre-parc fins l\u2019escola i les fam\u00edlies. A m\u00e9s, tant la Resid\u00e8ncia com Avism\u00f3n van fer, el seu recull a les seves xarxes socials on es va poder apreciar que l\u2019activitat havia estat tot un \u00e8xit.<\/p>\n<p style=\"text-align: justify;\"><strong>ROSES AMB COR (Escola Solc)<\/strong><\/p>\n<p style=\"text-align: justify;\">L&#8217;alumnat de 6\u00e8 de Prim\u00e0ria de l&#8217;Escola Solc ha fett unes roses per celebrar Sant Jordi. Podeu veure el v\u00eddeo que ha creat la Joana per a presentar la tasca. <a href=\"https:\/\/drive.google.com\/file\/d\/1WiT0ofb5yarSJ-yAv7J-JUGXXrN3jhHC\/view?usp=sharing\" target=\"_blank\" rel=\"noopener noreferrer\">Descarrega v\u00eddeo<\/a>.<\/p>\n<p style=\"text-align: justify;\"><strong>CARTES AMB COR (Escola Solc)<\/strong><\/p>\n<p style=\"text-align: justify;\">L&#8217;alumnat de 6\u00e8 de Prim\u00e0ria de l&#8217;Escola Solc ha escrit unes cartes molt especials per al personal sanitari que est\u00e0 treballant tant per fer front a l&#8217;actual crisi sanit\u00e0ria. Us en mostrem un exemple d&#8217;una alumna.<\/p>\n<p style=\"text-align: left;\"><em>Hola, s\u00f3c la Clara,<\/em><br \/>\n<em>Us vull donar les gr\u00e0cies per tot el que esteu fent. Sense vosaltres estar\u00edem perduts.<\/em><br \/>\n<em>????????????????????<\/em><br \/>\n<em>Cada dia surto al balc\u00f3, a les 8:00, per aplaudir-vos per tot el que esteu fent.<\/em><br \/>\n<em>Moltes gr\u00e0cies per ser all\u00e0 quan us necessitem, sabem que podem contar amb vosaltres.<\/em><br \/>\n<em>????????????????????<\/em><br \/>\n<em>Moltes gr\u00e0cies per dedicar tot el vostre dia per ajudar-nos.<\/em><br \/>\n<em>Moltes gr\u00e0cies per fer que aquest problema tingui soluci\u00f3.<\/em><br \/>\n<em>????????????????????<\/em><\/p>\n<p><em>Molt\u00edssimes gr\u00e0cies per tot.<\/em><br \/>\n<em>Espero que jo de gran tamb\u00e9 sigui tan solid\u00e0ria.<\/em><br \/>\n<em>????????????????????????<\/em><\/p>\n","protected":false},"excerpt":{"rendered":"<p>CICLE SUPERIOR EDUCACI\u00d3 PRIM\u00c0RIA AQUEST SANT JORDI CONFINAT FELICITEM ALS AVIS (Escola Barcelona) Ja fa molts anys que, especialment per l\u2019\u00e8poca de Nadal, realitzem activitats d\u2019aprenentatge-servei relacionades amb la gent gran. D\u2019una banda col\u00b7laborem amb l\u2019associaci\u00f3 d\u2019Avism\u00f3n amb els nens de 5\u00e8. Aquest curs promou una recollida d\u2019aliments en la qual participa tota l\u2019escola . [&hellip;]<\/p>\n","protected":false},"author":1,"featured_media":0,"parent":0,"menu_order":0,"comment_status":"closed","ping_status":"closed","template":"","meta":{"_bbp_topic_count":0,"_bbp_reply_count":0,"_bbp_total_topic_count":0,"_bbp_total_reply_count":0,"_bbp_voice_count":0,"_bbp_anonymous_reply_count":0,"_bbp_topic_count_hidden":0,"_bbp_reply_count_hidden":0,"_bbp_forum_subforum_count":0,"site-sidebar-layout":"default","site-content-layout":"","ast-site-content-layout":"","site-content-style":"default","site-sidebar-style":"default","ast-global-header-display":"","ast-banner-title-visibility":"","ast-main-header-display":"","ast-hfb-above-header-display":"","ast-hfb-below-header-display":"","ast-hfb-mobile-header-display":"","site-post-title":"","ast-breadcrumbs-content":"","ast-featured-img":"","footer-sml-layout":"","theme-transparent-header-meta":"","adv-header-id-meta":"","stick-header-meta":"","header-above-stick-meta":"","header-main-stick-meta":"","header-below-stick-meta":"","astra-migrate-meta-layouts":"default","ast-page-background-enabled":"default","ast-page-background-meta":{"desktop":{"background-color":"var(--ast-global-color-4)","background-image":"","background-repeat":"repeat","background-position":"center center","background-size":"auto","background-attachment":"scroll","background-type":"","background-media":"","overlay-type":"","overlay-color":"","overlay-opacity":"","overlay-gradient":""},"tablet":{"background-color":"","background-image":"","background-repeat":"repeat","background-position":"center center","background-size":"auto","background-attachment":"scroll","background-type":"","background-media":"","overlay-type":"","overlay-color":"","overlay-opacity":"","overlay-gradient":""},"mobile":{"background-color":"","background-image":"","background-repeat":"repeat","background-position":"center center","background-size":"auto","background-attachment":"scroll","background-type":"","background-media":"","overlay-type":"","overlay-color":"","overlay-opacity":"","overlay-gradient":""}},"ast-content-background-meta":{"desktop":{"background-color":"var(--ast-global-color-5)","background-image":"","background-repeat":"repeat","background-position":"center center","background-size":"auto","background-attachment":"scroll","background-type":"","background-media":"","overlay-type":"","overlay-color":"","overlay-opacity":"","overlay-gradient":""},"tablet":{"background-color":"var(--ast-global-color-5)","background-image":"","background-repeat":"repeat","background-position":"center center","background-size":"auto","background-attachment":"scroll","background-type":"","background-media":"","overlay-type":"","overlay-color":"","overlay-opacity":"","overlay-gradient":""},"mobile":{"background-color":"var(--ast-global-color-5)","background-image":"","background-repeat":"repeat","background-position":"center center","background-size":"auto","background-attachment":"scroll","background-type":"","background-media":"","overlay-type":"","overlay-color":"","overlay-opacity":"","overlay-gradient":""}},"footnotes":""},"class_list":["post-12679","page","type-page","status-publish","hentry"],"post_mailing_queue_ids":[],"_links":{"self":[{"href":"https:\/\/serveiseducatius.xtec.cat\/lescorts\/wp-json\/wp\/v2\/pages\/12679","targetHints":{"allow":["GET"]}}],"collection":[{"href":"https:\/\/serveiseducatius.xtec.cat\/lescorts\/wp-json\/wp\/v2\/pages"}],"about":[{"href":"https:\/\/serveiseducatius.xtec.cat\/lescorts\/wp-json\/wp\/v2\/types\/page"}],"author":[{"embeddable":true,"href":"https:\/\/serveiseducatius.xtec.cat\/lescorts\/wp-json\/wp\/v2\/users\/1"}],"replies":[{"embeddable":true,"href":"https:\/\/serveiseducatius.xtec.cat\/lescorts\/wp-json\/wp\/v2\/comments?post=12679"}],"version-history":[{"count":3,"href":"https:\/\/serveiseducatius.xtec.cat\/lescorts\/wp-json\/wp\/v2\/pages\/12679\/revisions"}],"predecessor-version":[{"id":12777,"href":"https:\/\/serveiseducatius.xtec.cat\/lescorts\/wp-json\/wp\/v2\/pages\/12679\/revisions\/12777"}],"wp:attachment":[{"href":"https:\/\/serveiseducatius.xtec.cat\/lescorts\/wp-json\/wp\/v2\/media?parent=12679"}],"curies":[{"name":"wp","href":"https:\/\/api.w.org\/{rel}","templated":true}]}}

Bones Pràctiques de Centre Districte Les Corts Cicle Superior

<h3 style="text-align: center;">CICLE SUPERIOR EDUCACIÓ PRIMÀRIA</h3>
<p><strong>AQUEST SANT JORDI CONFINAT FELICITEM ALS AVIS (Escola Barcelona)</strong></p>
<p style="text-align: justify;">Ja fa molts anys que, especialment per l’època de Nadal, realitzem activitats d’aprenentatge-servei relacionades amb la gent gran. D’una banda col·laborem amb l’associació d’Avismón amb els nens de 5è. Aquest curs promou una recollida d’aliments en la qual participa tota l’escola . D’altra banda amb els nens de 6è anem a visitar una residencia d’avis per felicitar-los-hi el Nadal. Doncs bé, durant el confinament vam poder observar com el col·lectiu de la gent gran es feia especialment vulnerable, el virus els atacava de manera indiscriminada i a més molts d’ells s’havien de quedar confinats a casa seva sols , és el cas d’ Avismón, o bé, en alguns casos, en una habitació d’una residencia.</p>
<p style="text-align: justify;">Va ser aquí on vam pensar que per Sant Jordi podíem tenir una continuïtat amb les activitats del Nadal i fer passar als avis una diada de Sant Jordi,<br />
encara que confinats, una mica més especial. Tothom va rebre l’activitat molt bé, des d’Avismón i la Residència Centre-parc fins l’escola i les famílies. A més, tant la Residència com Avismón van fer, el seu recull a les seves xarxes socials on es va poder apreciar que l’activitat havia estat tot un èxit.</p>
<p style="text-align: justify;"><strong>ROSES AMB COR (Escola Solc)</strong></p>
<p style="text-align: justify;">L&#8217;alumnat de 6è de Primària de l&#8217;Escola Solc ha fett unes roses per celebrar Sant Jordi. Podeu veure el vídeo que ha creat la Joana per a presentar la tasca. <a href="https://drive.google.com/file/d/1WiT0ofb5yarSJ-yAv7J-JUGXXrN3jhHC/view?usp=sharing" target="_blank" rel="noopener noreferrer">Descarrega vídeo</a>.</p>
<p style="text-align: justify;"><strong>CARTES AMB COR (Escola Solc)</strong></p>
<p style="text-align: justify;">L&#8217;alumnat de 6è de Primària de l&#8217;Escola Solc ha escrit unes cartes molt especials per al personal sanitari que està treballant tant per fer front a l&#8217;actual crisi sanitària. Us en mostrem un exemple d&#8217;una alumna.</p>
<p style="text-align: left;"><em>Hola, sóc la Clara,</em><br />
<em>Us vull donar les gràcies per tot el que esteu fent. Sense vosaltres estaríem perduts.</em><br />
<em>????????????????????</em><br />
<em>Cada dia surto al balcó, a les 8:00, per aplaudir-vos per tot el que esteu fent.</em><br />
<em>Moltes gràcies per ser allà quan us necessitem, sabem que podem contar amb vosaltres.</em><br />
<em>????????????????????</em><br />
<em>Moltes gràcies per dedicar tot el vostre dia per ajudar-nos.</em><br />
<em>Moltes gràcies per fer que aquest problema tingui solució.</em><br />
<em>????????????????????</em></p>
<p><em>Moltíssimes gràcies per tot.</em><br />
<em>Espero que jo de gran també sigui tan solidària.</em><br />
<em>????????????????????????</em></p>

<p>CICLE SUPERIOR EDUCACIÓ PRIMÀRIA AQUEST SANT JORDI CONFINAT FELICITEM ALS AVIS (Escola Barcelona) Ja fa molts anys que, especialment per l’època de Nadal, realitzem activitats d’aprenentatge-servei relacionades amb la gent gran. D’una banda col·laborem amb l’associació d’Avismón amb els nens de 5è. Aquest curs promou una recollida d’aliments en la qual participa tota l’escola . [&hellip;]</p>
