{"id":12605,"date":"2020-03-24T10:08:59","date_gmt":"2020-03-24T09:08:59","guid":{"rendered":"http:\/\/serveiseducatius.xtec.cat\/lescorts\/?page_id=12605"},"modified":"2025-09-02T10:31:25","modified_gmt":"2025-09-02T08:31:25","slug":"comviure","status":"publish","type":"page","link":"https:\/\/serveiseducatius.xtec.cat\/lescorts\/comviure\/","title":{"rendered":"COMviure"},"content":{"rendered":"\n<h4 class=\"wp-block-heading\"><b>Aprendre a viure i conviure<\/b><\/h4>\n\n\n\n<p><span style=\"font-family: inherit; font-size: 1em;\">Aquesta p\u00e0gina web t\u00e9 per objectiu aportar reflexi\u00f3 i eines als equips docents i educatius per a l\u2019elaboraci\u00f3 del marc de conviv\u00e8ncia del centre, on es reflecteixen les accions, circuits i estructures que el centre educatiu desenvolupa per capacitar tot l&#8217;alumnat i la resta de la comunitat educativa per a la conviv\u00e8ncia i la gesti\u00f3 positiva dels conflictes, afavorint l\u2019aprenentatge de tots i totes.<\/span><\/p>\n\n\n\n<p><span style=\"font-family: inherit; font-size: 1em;\">Aquestes accions poden anar adre\u00e7ades a la millora de la conviv\u00e8ncia a l&#8217;aula, al centre o a l&#8217;entorn, en el benent\u00e8s que la permeabilitat entre aquests tres \u00e0mbits d&#8217;intervenci\u00f3 afavoreix la transfer\u00e8ncia d&#8217;aprenentatges, valors, creences, actituds i h\u00e0bits relacionals.<\/span><\/p>\n\n\n\n<p><span style=\"font-family: inherit; font-size: 1em;\">Metodol\u00f2gicament, tots els continguts que es posen a l\u2019abast en aquesta p\u00e0gina web poden aportar orientacions i recursos per a algun dels set eixos que es presenten: Benestar emocional, Drets humans i ciutadania global, Cultura de pau: mediaci\u00f3 i pr\u00e0ctiques restauratives, Interculturalitat, Democr\u00e0cia i participaci\u00f3, Perspectiva de g\u00e8nere, Acollida, i Orientaci\u00f3 i tutoria.<\/span><\/p>\n\n\n\n<p><span style=\"font-family: inherit; font-size: 1em;\">L\u2019espai web, per\u00f2, vol promoure una perspectiva interseccional, on tots els \u00e0mbits estan interconnectats i es complementen, per aix\u00f2 cada un dels eixos incorpora una mirada transversal i interrelacionada amb el conjunt. <\/span><a style=\"font-family: inherit; font-size: 1em;\" href=\"https:\/\/drive.google.com\/file\/d\/1t6LOJAvrEI8Xr5T8IHxm-78wJbmXO996\/view?usp=sharing\" target=\"_blank\" rel=\"noopener noreferrer\">(Llegir m\u00e9s)<\/a><\/p>\n\n\n\n<p>&nbsp;<\/p>\n\n\n\n<p><strong><a href=\"https:\/\/serveiseducatius.xtec.cat\/lescorts\/referencies-normatives\/\" target=\"_blank\" rel=\"noopener noreferrer\">REFER\u00c8NCIES NORMATIVES<\/a><\/strong><\/p>\n\n\n\n<p><strong><a href=\"https:\/\/serveiseducatius.xtec.cat\/lescorts\/referencies-pedagogiques\/\" target=\"_blank\" rel=\"noopener noreferrer\">REFER\u00c8NCIES PEDAG\u00d2GIQUES<\/a><\/strong><\/p>\n\n\n\n<figure class=\"wp-block-table\"><table class=\"has-fixed-layout\"><tbody><tr><td><figure><a href=\"https:\/\/serveiseducatius.xtec.cat\/lescorts\/projecte-de-convivencia-acompanyament-socioemocional\/\" target=\"_blank\" rel=\"noopener noreferrer\"><img loading=\"lazy\" decoding=\"async\" class=\"aligncenter wp-image-15118 size-full\" src=\"https:\/\/serveiseducatius.xtec.cat\/lescorts\/wp-content\/uploads\/usu1169\/2022\/11\/portada-tall1-1.jpg\" alt=\"\" width=\"515\" height=\"144\" srcset=\"https:\/\/serveiseducatius.xtec.cat\/lescorts\/wp-content\/uploads\/usu1169\/2022\/11\/portada-tall1-1.jpg 515w, https:\/\/serveiseducatius.xtec.cat\/lescorts\/wp-content\/uploads\/usu1169\/2022\/11\/portada-tall1-1-300x84.jpg 300w\" sizes=\"auto, (max-width: 515px) 100vw, 515px\" \/><\/a><\/figure><\/td><td><figure><a href=\"https:\/\/serveiseducatius.xtec.cat\/lescorts\/projecte-de-convivencia-drets-humans-i-ciutadania-global\/\" target=\"_blank\" rel=\"noopener noreferrer\"><img loading=\"lazy\" decoding=\"async\" class=\"aligncenter size-full wp-image-12885\" src=\"https:\/\/serveiseducatius.xtec.cat\/lescorts\/wp-content\/uploads\/usu1169\/2020\/06\/portada-tall5.jpg\" alt=\"\" width=\"485\" height=\"144\" srcset=\"https:\/\/serveiseducatius.xtec.cat\/lescorts\/wp-content\/uploads\/usu1169\/2020\/06\/portada-tall5.jpg 485w, https:\/\/serveiseducatius.xtec.cat\/lescorts\/wp-content\/uploads\/usu1169\/2020\/06\/portada-tall5-300x89.jpg 300w\" sizes=\"auto, (max-width: 485px) 100vw, 485px\" \/><\/a><\/figure><\/td><\/tr><tr><td><figure><a href=\"https:\/\/serveiseducatius.xtec.cat\/lescorts\/projecte-de-convivencia-cultura-de-pau-i-mediacio\/\" target=\"_blank\" rel=\"noopener noreferrer\"><img loading=\"lazy\" decoding=\"async\" class=\"aligncenter size-full wp-image-12882\" src=\"https:\/\/serveiseducatius.xtec.cat\/lescorts\/wp-content\/uploads\/usu1169\/2020\/06\/portada-tall2.jpg\" alt=\"\" width=\"515\" height=\"121\" srcset=\"https:\/\/serveiseducatius.xtec.cat\/lescorts\/wp-content\/uploads\/usu1169\/2020\/06\/portada-tall2.jpg 515w, https:\/\/serveiseducatius.xtec.cat\/lescorts\/wp-content\/uploads\/usu1169\/2020\/06\/portada-tall2-300x70.jpg 300w\" sizes=\"auto, (max-width: 515px) 100vw, 515px\" \/><\/a><\/figure><\/td><td><figure><a href=\"https:\/\/serveiseducatius.xtec.cat\/lescorts\/projecte-de-convivencia-interculturalitat\/\" target=\"_blank\" rel=\"noopener noreferrer\"><img loading=\"lazy\" decoding=\"async\" class=\"aligncenter size-full wp-image-12886\" src=\"https:\/\/serveiseducatius.xtec.cat\/lescorts\/wp-content\/uploads\/usu1169\/2020\/06\/portada-tall6.jpg\" alt=\"\" width=\"485\" height=\"121\" srcset=\"https:\/\/serveiseducatius.xtec.cat\/lescorts\/wp-content\/uploads\/usu1169\/2020\/06\/portada-tall6.jpg 485w, https:\/\/serveiseducatius.xtec.cat\/lescorts\/wp-content\/uploads\/usu1169\/2020\/06\/portada-tall6-300x75.jpg 300w\" sizes=\"auto, (max-width: 485px) 100vw, 485px\" \/><\/a><\/figure><\/td><\/tr><tr><td><figure><a href=\"https:\/\/serveiseducatius.xtec.cat\/lescorts\/projecte-de-convivencia-democracia-i-participacio\/\" target=\"_blank\" rel=\"noopener noreferrer\"><img loading=\"lazy\" decoding=\"async\" class=\"aligncenter size-full wp-image-12883\" src=\"https:\/\/serveiseducatius.xtec.cat\/lescorts\/wp-content\/uploads\/usu1169\/2020\/06\/portada-tall3.jpg\" alt=\"\" width=\"515\" height=\"110\" srcset=\"https:\/\/serveiseducatius.xtec.cat\/lescorts\/wp-content\/uploads\/usu1169\/2020\/06\/portada-tall3.jpg 515w, https:\/\/serveiseducatius.xtec.cat\/lescorts\/wp-content\/uploads\/usu1169\/2020\/06\/portada-tall3-300x64.jpg 300w\" sizes=\"auto, (max-width: 515px) 100vw, 515px\" \/><\/a><\/figure><\/td><td><figure><a href=\"https:\/\/serveiseducatius.xtec.cat\/lescorts\/perspectiva-de-genere\/\" target=\"_blank\" rel=\"noopener noreferrer\"><img loading=\"lazy\" decoding=\"async\" class=\"aligncenter size-full wp-image-12887\" src=\"https:\/\/serveiseducatius.xtec.cat\/lescorts\/wp-content\/uploads\/usu1169\/2020\/06\/portada-tall7.jpg\" alt=\"\" width=\"485\" height=\"110\" srcset=\"https:\/\/serveiseducatius.xtec.cat\/lescorts\/wp-content\/uploads\/usu1169\/2020\/06\/portada-tall7.jpg 485w, https:\/\/serveiseducatius.xtec.cat\/lescorts\/wp-content\/uploads\/usu1169\/2020\/06\/portada-tall7-300x68.jpg 300w\" sizes=\"auto, (max-width: 485px) 100vw, 485px\" \/><\/a><\/figure><\/td><\/tr><tr><td><figure><a href=\"https:\/\/serveiseducatius.xtec.cat\/lescorts\/acollida\/\" target=\"_blank\" rel=\"noopener noreferrer\"><img loading=\"lazy\" decoding=\"async\" class=\"aligncenter size-full wp-image-12884\" src=\"https:\/\/serveiseducatius.xtec.cat\/lescorts\/wp-content\/uploads\/usu1169\/2020\/06\/portada-tall4.jpg\" alt=\"\" width=\"515\" height=\"155\" srcset=\"https:\/\/serveiseducatius.xtec.cat\/lescorts\/wp-content\/uploads\/usu1169\/2020\/06\/portada-tall4.jpg 515w, https:\/\/serveiseducatius.xtec.cat\/lescorts\/wp-content\/uploads\/usu1169\/2020\/06\/portada-tall4-300x90.jpg 300w\" sizes=\"auto, (max-width: 515px) 100vw, 515px\" \/><\/a><\/figure><\/td><td><figure><a href=\"https:\/\/serveiseducatius.xtec.cat\/lescorts\/orientacio-i-tutoria\/\" target=\"_blank\" rel=\"noopener noreferrer\"><img loading=\"lazy\" decoding=\"async\" class=\"aligncenter size-full wp-image-12888\" src=\"https:\/\/serveiseducatius.xtec.cat\/lescorts\/wp-content\/uploads\/usu1169\/2020\/06\/portada-tall8.jpg\" alt=\"\" width=\"485\" height=\"155\" srcset=\"https:\/\/serveiseducatius.xtec.cat\/lescorts\/wp-content\/uploads\/usu1169\/2020\/06\/portada-tall8.jpg 485w, https:\/\/serveiseducatius.xtec.cat\/lescorts\/wp-content\/uploads\/usu1169\/2020\/06\/portada-tall8-300x96.jpg 300w\" sizes=\"auto, (max-width: 485px) 100vw, 485px\" \/><\/a><\/figure><\/td><\/tr><\/tbody><\/table><\/figure>\n\n\n\n<p><strong><a href=\"https:\/\/www.edubcn.cat\/ca\/suport_educatiu_recursos\/convocatoria_programes\" data-saferedirecturl=\"https:\/\/www.google.com\/url?q=https:\/\/www.edubcn.cat\/ca\/suport_educatiu_recursos\/convocatoria_programes&amp;source=gmail&amp;ust=1592386915409000&amp;usg=AFQjCNH09Nm6zYmLeNt8gdCFg117LIlG2A\">Convocat\u00f2ria unificada de programes<\/a><\/strong>:<\/p>\n\n\n\n<ul class=\"wp-block-list\">\n<li>\u00c0mbit Valors i ciutadania<\/li>\n\n\n\n<li>\u00c0mbit Igualtat d\u2019oportunitats<\/li>\n<\/ul>\n\n\n\n<p><strong>Aprenentatge i servei<\/strong><\/p>\n\n\n\n<figure class=\"wp-block-image\"><img loading=\"lazy\" decoding=\"async\" width=\"500\" height=\"212\" src=\"https:\/\/serveiseducatius.xtec.cat\/lescorts\/wp-content\/uploads\/usu1169\/2020\/07\/logo_asc.png\" alt=\"\" class=\"wp-image-12986\" srcset=\"https:\/\/serveiseducatius.xtec.cat\/lescorts\/wp-content\/uploads\/usu1169\/2020\/07\/logo_asc.png 500w, https:\/\/serveiseducatius.xtec.cat\/lescorts\/wp-content\/uploads\/usu1169\/2020\/07\/logo_asc-300x127.png 300w\" sizes=\"auto, (max-width: 500px) 100vw, 500px\" \/><\/figure>\n\n\n\n<p><\/p>\n\n\n\n<ul class=\"wp-block-list\">\n<li><a href=\"https:\/\/www.edubcn.cat\/asc\/\" target=\"_blank\" rel=\"noopener noreferrer\"><span style=\"font-weight: 400;\">Consorci d\u2019Educaci\u00f3 de Barcelona<\/span><\/a><\/li>\n\n\n\n<li><a href=\"http:\/\/xtec.gencat.cat\/ca\/comunitat\/serveicomunitari\/\" target=\"_blank\" rel=\"noopener noreferrer\"><span style=\"font-weight: 400;\">Departament d\u2019Educaci\u00f3<\/span><\/a><\/li>\n<\/ul>\n\n\n\n<p><a href=\"https:\/\/www.edubcn.cat\/ca\/centres_serveis_educatius\" target=\"_blank\" rel=\"noopener noreferrer\"><b>Protocols d\u2019actuaci\u00f3. Consorci d\u2019Educaci\u00f3 de Barcelona<\/b><span style=\"font-weight: 400;\">:<\/span><\/a><\/p>\n\n\n\n<ul class=\"wp-block-list\">\n<li><span style=\"font-weight: 400;\">Protecci\u00f3 a la inf\u00e0ncia i a l\u2019adolesc\u00e8ncia<\/span><\/li>\n\n\n\n<li><span style=\"font-weight: 400;\">Absentisme escolar i abandonament prematur<\/span><\/li>\n\n\n\n<li><span style=\"font-weight: 400;\">Atenci\u00f3 a la comunitat<\/span><\/li>\n<\/ul>\n","protected":false},"excerpt":{"rendered":"<p>Aprendre a viure i conviure Aquesta p\u00e0gina web t\u00e9 per objectiu aportar reflexi\u00f3 i eines als equips docents i educatius per a l\u2019elaboraci\u00f3 del marc de conviv\u00e8ncia del centre, on es reflecteixen les accions, circuits i estructures que el centre educatiu desenvolupa per capacitar tot l&#8217;alumnat i la resta de la comunitat educativa per a [&hellip;]<\/p>\n","protected":false},"author":1,"featured_media":0,"parent":0,"menu_order":0,"comment_status":"closed","ping_status":"closed","template":"","meta":{"_bbp_topic_count":0,"_bbp_reply_count":0,"_bbp_total_topic_count":0,"_bbp_total_reply_count":0,"_bbp_voice_count":0,"_bbp_anonymous_reply_count":0,"_bbp_topic_count_hidden":0,"_bbp_reply_count_hidden":0,"_bbp_forum_subforum_count":0,"site-sidebar-layout":"default","site-content-layout":"","ast-site-content-layout":"normal-width-container","site-content-style":"default","site-sidebar-style":"default","ast-global-header-display":"","ast-banner-title-visibility":"","ast-main-header-display":"","ast-hfb-above-header-display":"","ast-hfb-below-header-display":"","ast-hfb-mobile-header-display":"","site-post-title":"","ast-breadcrumbs-content":"","ast-featured-img":"","footer-sml-layout":"","theme-transparent-header-meta":"","adv-header-id-meta":"","stick-header-meta":"","header-above-stick-meta":"","header-main-stick-meta":"","header-below-stick-meta":"","astra-migrate-meta-layouts":"set","ast-page-background-enabled":"default","ast-page-background-meta":{"desktop":{"background-color":"var(--ast-global-color-4)","background-image":"","background-repeat":"repeat","background-position":"center center","background-size":"auto","background-attachment":"scroll","background-type":"","background-media":"","overlay-type":"","overlay-color":"","overlay-opacity":"","overlay-gradient":""},"tablet":{"background-color":"","background-image":"","background-repeat":"repeat","background-position":"center center","background-size":"auto","background-attachment":"scroll","background-type":"","background-media":"","overlay-type":"","overlay-color":"","overlay-opacity":"","overlay-gradient":""},"mobile":{"background-color":"","background-image":"","background-repeat":"repeat","background-position":"center center","background-size":"auto","background-attachment":"scroll","background-type":"","background-media":"","overlay-type":"","overlay-color":"","overlay-opacity":"","overlay-gradient":""}},"ast-content-background-meta":{"desktop":{"background-color":"var(--ast-global-color-5)","background-image":"","background-repeat":"repeat","background-position":"center center","background-size":"auto","background-attachment":"scroll","background-type":"","background-media":"","overlay-type":"","overlay-color":"","overlay-opacity":"","overlay-gradient":""},"tablet":{"background-color":"var(--ast-global-color-5)","background-image":"","background-repeat":"repeat","background-position":"center center","background-size":"auto","background-attachment":"scroll","background-type":"","background-media":"","overlay-type":"","overlay-color":"","overlay-opacity":"","overlay-gradient":""},"mobile":{"background-color":"var(--ast-global-color-5)","background-image":"","background-repeat":"repeat","background-position":"center center","background-size":"auto","background-attachment":"scroll","background-type":"","background-media":"","overlay-type":"","overlay-color":"","overlay-opacity":"","overlay-gradient":""}},"footnotes":""},"class_list":["post-12605","page","type-page","status-publish","hentry"],"post_mailing_queue_ids":[],"_links":{"self":[{"href":"https:\/\/serveiseducatius.xtec.cat\/lescorts\/wp-json\/wp\/v2\/pages\/12605","targetHints":{"allow":["GET"]}}],"collection":[{"href":"https:\/\/serveiseducatius.xtec.cat\/lescorts\/wp-json\/wp\/v2\/pages"}],"about":[{"href":"https:\/\/serveiseducatius.xtec.cat\/lescorts\/wp-json\/wp\/v2\/types\/page"}],"author":[{"embeddable":true,"href":"https:\/\/serveiseducatius.xtec.cat\/lescorts\/wp-json\/wp\/v2\/users\/1"}],"replies":[{"embeddable":true,"href":"https:\/\/serveiseducatius.xtec.cat\/lescorts\/wp-json\/wp\/v2\/comments?post=12605"}],"version-history":[{"count":5,"href":"https:\/\/serveiseducatius.xtec.cat\/lescorts\/wp-json\/wp\/v2\/pages\/12605\/revisions"}],"predecessor-version":[{"id":17363,"href":"https:\/\/serveiseducatius.xtec.cat\/lescorts\/wp-json\/wp\/v2\/pages\/12605\/revisions\/17363"}],"wp:attachment":[{"href":"https:\/\/serveiseducatius.xtec.cat\/lescorts\/wp-json\/wp\/v2\/media?parent=12605"}],"curies":[{"name":"wp","href":"https:\/\/api.w.org\/{rel}","templated":true}]}}