{"id":11771,"date":"2019-06-18T12:25:58","date_gmt":"2019-06-18T10:25:58","guid":{"rendered":"http:\/\/serveiseducatius.xtec.cat\/lescorts\/?page_id=11771"},"modified":"2019-10-15T10:07:26","modified_gmt":"2019-10-15T08:07:26","slug":"jornada-deducacio-inclusiva","status":"publish","type":"page","link":"https:\/\/serveiseducatius.xtec.cat\/lescorts\/jornada-deducacio-inclusiva\/","title":{"rendered":"Jornada d&#8217;Educaci\u00f3 Inclusiva"},"content":{"rendered":"<p><strong><span style=\"text-decoration: underline;\">Referent de l&#8217;activitat:<\/span> Mart\u00ed Boneta\u00a0<\/strong><\/p>\n<p>Jornada de reflexi\u00f3 i exposici\u00f3 de bones pr\u00e0ctiques d\u2019escola inclusiva a la ciutat de Barcelona.<\/p>\n<div>\n<div class=\"nH\">\n<div class=\"nH\">\n<div class=\"nH bkL\">\n<div class=\"no\">\n<div class=\"nH bkK nn\">\n<div class=\"nH\">\n<div class=\"nH\">\n<div class=\"nH ar4 z\">\n<div class=\"aeI\">\n<div class=\"AO\">\n<div id=\":3\" class=\"Tm aeJ\">\n<div id=\":1\" class=\"aeF\">\n<div class=\"nH\">\n<div class=\"nH\" role=\"main\">\n<div class=\"nH g\">\n<table class=\"Bs nH iY bAt\" role=\"presentation\" cellpadding=\"0\">\n<tbody>\n<tr>\n<td class=\"Bu bAn\">\n<div class=\"nH if\">\n<div class=\"nH aHU\">\n<div class=\"nH hx\">\n<div class=\"nH\" role=\"list\">\n<div class=\"h7 \" tabindex=\"-1\" role=\"listitem\">\n<div class=\"Bk\">\n<div class=\"G3 G2\">\n<div>\n<div id=\":rq\">\n<div class=\"adn ads\" data-legacy-message-id=\"16cfc3f206d5a828\" data-message-id=\"#msg-f:1643747833277687848\">\n<div class=\"gs\">\n<div>\n<div id=\":rm\" class=\"ii gt\">\n<div id=\":pt\" class=\"a3s aXjCH msg-8726664997794832710\">\n<div dir=\"ltr\">\n<h5>6\u00e8 Seminari d&#8217;Educaci\u00f3 Inclusiva: Fent escola inclusiva a Barcelona. Trobada de bones experi\u00e8ncies.<\/h5>\n<h5>DATA: 25 d&#8217;octubre de 2019<\/h5>\n<h5>HORARI: 9 a 14 hores<\/h5>\n<h5>LLOC: Centre C\u00edvic Pere Quart-Joan Oliver (carrer del Comandant Ben\u00edtez, 6, Barcelona).<\/h5>\n<h5>Aquest seminari est\u00e0 organitzat pels districtes de Sants-Montju\u00efc, Les Corts i Sarri\u00e0-Sant Gervasi, amb la col\u00b7laboraci\u00f3 del Consorci d&#8217;Educaci\u00f3 de Barcelona i l&#8217;Institut Municipal de Persones amb Discapacitat.<\/h5>\n<h5>Preprograma de la Jornada<\/h5>\n<h5>09.00 h\u00a0\u00a0\u00a0\u00a0Recollida de documentaci\u00f3<\/h5>\n<h5>09.30 h\u00a0\u00a0\u00a0\u00a0Benvinguda institucional<\/h5>\n<h5>09.45 h\u00a0\u00a0\u00a0\u00a0Confer\u00e8ncia inaugural a c\u00e0rrec de Jes\u00fas Soldevila P\u00e9rez,\u00a0\u00a0Doctor en Pedagogia amb menci\u00f3 internacional, docent i membre del Grup de Recerca sobre Atenci\u00f3 a la Diversitat de la Universitat per la Universitat de Vic-Universitat Central de Catalunya<\/h5>\n<h5>11.00 h\u00a0\u00a0\u00a0\u00a0Pausa-caf\u00e8<\/h5>\n<h5>11.30 h\u00a0\u00a0\u00a0\u00a0Bones experi\u00e8ncies d&#8217;inclusi\u00f3\u00a0a l&#8217;escola<\/h5>\n<h5>13.15 h\u00a0\u00a0\u00a0\u00a0Col\u00b7loqui<\/h5>\n<h5>13.45 h\u00a0\u00a0\u00a0\u00a0Cloenda<\/h5>\n<\/div>\n<\/div>\n<\/div>\n<\/div>\n<\/div>\n<\/div>\n<\/div>\n<\/div>\n<\/div>\n<\/div>\n<\/div>\n<\/div>\n<\/div>\n<\/div>\n<\/div>\n<\/td>\n<\/tr>\n<\/tbody>\n<\/table>\n<p><strong>Centres participants<\/strong>: Lav\u00ednia i Jeroni de Moragas.<\/p>\n<\/div>\n<\/div>\n<\/div>\n<\/div>\n<\/div>\n<\/div>\n<\/div>\n<\/div>\n<\/div>\n<\/div>\n<\/div>\n<\/div>\n<\/div>\n<\/div>\n<\/div>\n<\/div>\n","protected":false},"excerpt":{"rendered":"<p>Referent de l&#8217;activitat: Mart\u00ed Boneta\u00a0 Jornada de reflexi\u00f3 i exposici\u00f3 de bones pr\u00e0ctiques d\u2019escola inclusiva a la ciutat de Barcelona. 6\u00e8 Seminari d&#8217;Educaci\u00f3 Inclusiva: Fent escola inclusiva a Barcelona. Trobada de bones experi\u00e8ncies. DATA: 25 d&#8217;octubre de 2019 HORARI: 9 a 14 hores LLOC: Centre C\u00edvic Pere Quart-Joan Oliver (carrer del Comandant Ben\u00edtez, 6, Barcelona). [&hellip;]<\/p>\n","protected":false},"author":1,"featured_media":0,"parent":0,"menu_order":0,"comment_status":"closed","ping_status":"closed","template":"","meta":{"_bbp_topic_count":0,"_bbp_reply_count":0,"_bbp_total_topic_count":0,"_bbp_total_reply_count":0,"_bbp_voice_count":0,"_bbp_anonymous_reply_count":0,"_bbp_topic_count_hidden":0,"_bbp_reply_count_hidden":0,"_bbp_forum_subforum_count":0,"site-sidebar-layout":"default","site-content-layout":"","ast-site-content-layout":"","site-content-style":"default","site-sidebar-style":"default","ast-global-header-display":"","ast-banner-title-visibility":"","ast-main-header-display":"","ast-hfb-above-header-display":"","ast-hfb-below-header-display":"","ast-hfb-mobile-header-display":"","site-post-title":"","ast-breadcrumbs-content":"","ast-featured-img":"","footer-sml-layout":"","theme-transparent-header-meta":"","adv-header-id-meta":"","stick-header-meta":"","header-above-stick-meta":"","header-main-stick-meta":"","header-below-stick-meta":"","astra-migrate-meta-layouts":"default","ast-page-background-enabled":"default","ast-page-background-meta":{"desktop":{"background-color":"var(--ast-global-color-4)","background-image":"","background-repeat":"repeat","background-position":"center center","background-size":"auto","background-attachment":"scroll","background-type":"","background-media":"","overlay-type":"","overlay-color":"","overlay-opacity":"","overlay-gradient":""},"tablet":{"background-color":"","background-image":"","background-repeat":"repeat","background-position":"center center","background-size":"auto","background-attachment":"scroll","background-type":"","background-media":"","overlay-type":"","overlay-color":"","overlay-opacity":"","overlay-gradient":""},"mobile":{"background-color":"","background-image":"","background-repeat":"repeat","background-position":"center center","background-size":"auto","background-attachment":"scroll","background-type":"","background-media":"","overlay-type":"","overlay-color":"","overlay-opacity":"","overlay-gradient":""}},"ast-content-background-meta":{"desktop":{"background-color":"var(--ast-global-color-5)","background-image":"","background-repeat":"repeat","background-position":"center center","background-size":"auto","background-attachment":"scroll","background-type":"","background-media":"","overlay-type":"","overlay-color":"","overlay-opacity":"","overlay-gradient":""},"tablet":{"background-color":"var(--ast-global-color-5)","background-image":"","background-repeat":"repeat","background-position":"center center","background-size":"auto","background-attachment":"scroll","background-type":"","background-media":"","overlay-type":"","overlay-color":"","overlay-opacity":"","overlay-gradient":""},"mobile":{"background-color":"var(--ast-global-color-5)","background-image":"","background-repeat":"repeat","background-position":"center center","background-size":"auto","background-attachment":"scroll","background-type":"","background-media":"","overlay-type":"","overlay-color":"","overlay-opacity":"","overlay-gradient":""}},"footnotes":""},"class_list":["post-11771","page","type-page","status-publish","hentry"],"post_mailing_queue_ids":[],"_links":{"self":[{"href":"https:\/\/serveiseducatius.xtec.cat\/lescorts\/wp-json\/wp\/v2\/pages\/11771","targetHints":{"allow":["GET"]}}],"collection":[{"href":"https:\/\/serveiseducatius.xtec.cat\/lescorts\/wp-json\/wp\/v2\/pages"}],"about":[{"href":"https:\/\/serveiseducatius.xtec.cat\/lescorts\/wp-json\/wp\/v2\/types\/page"}],"author":[{"embeddable":true,"href":"https:\/\/serveiseducatius.xtec.cat\/lescorts\/wp-json\/wp\/v2\/users\/1"}],"replies":[{"embeddable":true,"href":"https:\/\/serveiseducatius.xtec.cat\/lescorts\/wp-json\/wp\/v2\/comments?post=11771"}],"version-history":[{"count":3,"href":"https:\/\/serveiseducatius.xtec.cat\/lescorts\/wp-json\/wp\/v2\/pages\/11771\/revisions"}],"predecessor-version":[{"id":12225,"href":"https:\/\/serveiseducatius.xtec.cat\/lescorts\/wp-json\/wp\/v2\/pages\/11771\/revisions\/12225"}],"wp:attachment":[{"href":"https:\/\/serveiseducatius.xtec.cat\/lescorts\/wp-json\/wp\/v2\/media?parent=11771"}],"curies":[{"name":"wp","href":"https:\/\/api.w.org\/{rel}","templated":true}]}}