{"id":11355,"date":"2019-01-10T13:57:02","date_gmt":"2019-01-10T12:57:02","guid":{"rendered":"http:\/\/serveiseducatius.xtec.cat\/lescorts\/?page_id=11355"},"modified":"2025-08-04T17:22:01","modified_gmt":"2025-08-04T15:22:01","slug":"eines-de-participacio-els-drets-dels-infants","status":"publish","type":"page","link":"https:\/\/serveiseducatius.xtec.cat\/lescorts\/eines-de-participacio-els-drets-dels-infants\/","title":{"rendered":"Eines de participaci\u00f3: Els drets dels infants"},"content":{"rendered":"\n<figure class=\"wp-block-image alignleft\"><img decoding=\"async\" src=\"https:\/\/st.depositphotos.com\/1003492\/4164\/v\/950\/depositphotos_41644735-stock-illustration-radio-symbol.jpg\" alt=\"Resultat d'imatges de dibujo locutor radio\"\/><\/figure>\n\n\n\n<p><\/p>\n\n\n\n<p>&nbsp;<\/p>\n\n\n\n<p><strong>Els alumnes de 6\u00e8&nbsp;<span style=\"font-family: inherit; font-size: 1em;\">de&nbsp;<\/span><a style=\"font-family: inherit; font-size: 1em;\" href=\"https:\/\/agora.xtec.cat\/ceipitaca\/\">l\u2019Escola \u00cdtaca<\/a><\/strong><span style=\"font-family: inherit; font-size: 1em;\">&nbsp;han participat en el <strong>\u201cProjecte R\u00e0dio: Eina de participaci\u00f3\u201d<\/strong> organitzat per la <strong>Xarxa dels Drets dels Infants (XDI).<\/strong> Han expressat les seves necessitats&nbsp;<\/span>i experi\u00e8ncies quotidianes en relaci\u00f3 als Drets dels Infants i la seva vulneraci\u00f3 en tres \u00e0mbits: escola, barri i ciutat. Han realitzat aportacions en cadasc\u00fan d\u2019aquests \u00e0mbits i han tingut la possibilitat de participar act\u00edvament per donar resposta a les seves idees i inquietuds.<\/p>\n\n\n\n<p>&nbsp;<\/p>\n\n\n\n<p>L&#8217;organitzaci\u00f3 d&#8217;aquest projecte s&#8217;ha dut a terme en <strong>7 sessions<\/strong> amb la finalitat d&#8217;acabar preparant una <strong>c\u00e0psula de r\u00e0dio<\/strong> per fer difusi\u00f3 del treball realitzat per a cada grup d&#8217;alumnes. Primerament es va treballar amb l&#8217;alumnat quins coneixements pr\u00e8vis tenien sobre els drets dels infants. Posteriorment, cada grup es va especialitzar en un Dret que ells mateixos van seleccionar. Van buscar informaci\u00f3, van realitzar entrevistes, escenificacions teatrals, hist\u00f2ries&#8230; per tal con\u00e8ixer en profunditat en quins casos considerem que s&#8217;ha vulnerat un dret concret. Finalment, els alumnes es van despla\u00e7ar al&nbsp;<strong>CRP Les Corts<\/strong> per tal de gravar una c\u00e0psula de r\u00e0dio de 2 minuts per grup on expos\u00e9ssin els aprenentatges i les viv\u00e8ncies m\u00e9s rellevants d&#8217;aquest proc\u00e9s.<\/p>\n\n\n\n<p>Us deixem a continuaci\u00f3 les c\u00e0psules elaborades i editades pels alumnes. El text \u00e9s propi de l&#8217;alumnat i in\u00e8dit, aix\u00ed com la m\u00fasica que l&#8217;acompanya:<\/p>\n\n\n\n<figure class=\"wp-block-table\"><table class=\"has-fixed-layout\"><tbody><tr><td><strong>Grup 6\u00e8 A \u00cdtaca<\/strong><\/td><td><strong>Grup 6\u00e8 B \u00cdtaca<\/strong><\/td><\/tr><tr><td><a href=\"https:\/\/www.ivoox.com\/30900806\">Grup del Dret a la Protecci\u00f3<\/a><\/td><td><a href=\"https:\/\/www.ivoox.com\/30900767\">Grup del Dret a l&#8217;Educaci\u00f3 Especial<\/a><\/td><\/tr><tr><td><a href=\"https:\/\/www.ivoox.com\/30900729\">Grup del Dret a l&#8217;Amor<\/a><\/td><td><a href=\"https:\/\/www.ivoox.com\/30900712\">Grup del Dret a tenir una Identitat<\/a><\/td><\/tr><tr><td><a href=\"https:\/\/www.ivoox.com\/30900696\">Grup del Dret de l&#8217;alimentaci\u00f3<\/a><\/td><td><a href=\"https:\/\/www.ivoox.com\/30900666\">Grup del Dret de la Igualtat<\/a><\/td><\/tr><tr><td><a href=\"https:\/\/www.ivoox.com\/30900632\">Grup del Dret a l&#8217;Educaci\u00f3 i el Joc<\/a><\/td><td><a href=\"https:\/\/www.ivoox.com\/30900613\">Grup del Dret a la Expressi\u00f3<\/a><\/td><\/tr><tr><td><a href=\"https:\/\/www.ivoox.com\/30900563\">Grup del Dret de la Igualtat<\/a><\/td><td><a href=\"https:\/\/www.ivoox.com\/30900503\">Grup del Dret de l&#8217;Amor<\/a><\/td><\/tr><tr><td><a href=\"https:\/\/www.ivoox.com\/30900485\">Grup del Dret del Medi Ambient<\/a><\/td><td><a href=\"https:\/\/www.ivoox.com\/30900433\">Grup del Dret a la Protecci\u00f3<\/a><\/td><\/tr><\/tbody><\/table><\/figure>\n","protected":false},"excerpt":{"rendered":"<p>&nbsp; Els alumnes de 6\u00e8&nbsp;de&nbsp;l\u2019Escola \u00cdtaca&nbsp;han participat en el \u201cProjecte R\u00e0dio: Eina de participaci\u00f3\u201d organitzat per la Xarxa dels Drets dels Infants (XDI). Han expressat les seves necessitats&nbsp;i experi\u00e8ncies quotidianes en relaci\u00f3 als Drets dels Infants i la seva vulneraci\u00f3 en tres \u00e0mbits: escola, barri i ciutat. Han realitzat aportacions en cadasc\u00fan d\u2019aquests \u00e0mbits i [&hellip;]<\/p>\n","protected":false},"author":1,"featured_media":0,"parent":0,"menu_order":0,"comment_status":"closed","ping_status":"closed","template":"","meta":{"_bbp_topic_count":0,"_bbp_reply_count":0,"_bbp_total_topic_count":0,"_bbp_total_reply_count":0,"_bbp_voice_count":0,"_bbp_anonymous_reply_count":0,"_bbp_topic_count_hidden":0,"_bbp_reply_count_hidden":0,"_bbp_forum_subforum_count":0,"site-sidebar-layout":"default","site-content-layout":"","ast-site-content-layout":"normal-width-container","site-content-style":"default","site-sidebar-style":"default","ast-global-header-display":"","ast-banner-title-visibility":"","ast-main-header-display":"","ast-hfb-above-header-display":"","ast-hfb-below-header-display":"","ast-hfb-mobile-header-display":"","site-post-title":"","ast-breadcrumbs-content":"","ast-featured-img":"","footer-sml-layout":"","theme-transparent-header-meta":"","adv-header-id-meta":"","stick-header-meta":"","header-above-stick-meta":"","header-main-stick-meta":"","header-below-stick-meta":"","astra-migrate-meta-layouts":"set","ast-page-background-enabled":"default","ast-page-background-meta":{"desktop":{"background-color":"var(--ast-global-color-4)","background-image":"","background-repeat":"repeat","background-position":"center center","background-size":"auto","background-attachment":"scroll","background-type":"","background-media":"","overlay-type":"","overlay-color":"","overlay-opacity":"","overlay-gradient":""},"tablet":{"background-color":"","background-image":"","background-repeat":"repeat","background-position":"center center","background-size":"auto","background-attachment":"scroll","background-type":"","background-media":"","overlay-type":"","overlay-color":"","overlay-opacity":"","overlay-gradient":""},"mobile":{"background-color":"","background-image":"","background-repeat":"repeat","background-position":"center center","background-size":"auto","background-attachment":"scroll","background-type":"","background-media":"","overlay-type":"","overlay-color":"","overlay-opacity":"","overlay-gradient":""}},"ast-content-background-meta":{"desktop":{"background-color":"var(--ast-global-color-5)","background-image":"","background-repeat":"repeat","background-position":"center center","background-size":"auto","background-attachment":"scroll","background-type":"","background-media":"","overlay-type":"","overlay-color":"","overlay-opacity":"","overlay-gradient":""},"tablet":{"background-color":"var(--ast-global-color-5)","background-image":"","background-repeat":"repeat","background-position":"center center","background-size":"auto","background-attachment":"scroll","background-type":"","background-media":"","overlay-type":"","overlay-color":"","overlay-opacity":"","overlay-gradient":""},"mobile":{"background-color":"var(--ast-global-color-5)","background-image":"","background-repeat":"repeat","background-position":"center center","background-size":"auto","background-attachment":"scroll","background-type":"","background-media":"","overlay-type":"","overlay-color":"","overlay-opacity":"","overlay-gradient":""}},"footnotes":""},"class_list":["post-11355","page","type-page","status-publish","hentry"],"post_mailing_queue_ids":[],"_links":{"self":[{"href":"https:\/\/serveiseducatius.xtec.cat\/lescorts\/wp-json\/wp\/v2\/pages\/11355","targetHints":{"allow":["GET"]}}],"collection":[{"href":"https:\/\/serveiseducatius.xtec.cat\/lescorts\/wp-json\/wp\/v2\/pages"}],"about":[{"href":"https:\/\/serveiseducatius.xtec.cat\/lescorts\/wp-json\/wp\/v2\/types\/page"}],"author":[{"embeddable":true,"href":"https:\/\/serveiseducatius.xtec.cat\/lescorts\/wp-json\/wp\/v2\/users\/1"}],"replies":[{"embeddable":true,"href":"https:\/\/serveiseducatius.xtec.cat\/lescorts\/wp-json\/wp\/v2\/comments?post=11355"}],"version-history":[{"count":3,"href":"https:\/\/serveiseducatius.xtec.cat\/lescorts\/wp-json\/wp\/v2\/pages\/11355\/revisions"}],"predecessor-version":[{"id":17359,"href":"https:\/\/serveiseducatius.xtec.cat\/lescorts\/wp-json\/wp\/v2\/pages\/11355\/revisions\/17359"}],"wp:attachment":[{"href":"https:\/\/serveiseducatius.xtec.cat\/lescorts\/wp-json\/wp\/v2\/media?parent=11355"}],"curies":[{"name":"wp","href":"https:\/\/api.w.org\/{rel}","templated":true}]}}