{"id":9668,"date":"2017-09-17T11:17:22","date_gmt":"2017-09-17T09:17:22","guid":{"rendered":"http:\/\/serveiseducatius.xtec.cat\/hospitalet\/?page_id=9668"},"modified":"2017-10-10T15:52:23","modified_gmt":"2017-10-10T13:52:23","slug":"gloria-fuertes-centenari-del-seu-naixement","status":"publish","type":"page","link":"https:\/\/serveiseducatius.xtec.cat\/hospitalet\/gloria-fuertes-centenari-del-seu-naixement\/","title":{"rendered":"Gloria Fuertes. Centenari del seu naixement"},"content":{"rendered":"<h5><a href=\"http:\/\/serveiseducatius.xtec.cat\/hospitalet\/wp-content\/uploads\/usu542\/2017\/01\/gloria_fuertes.jpg\"><img loading=\"lazy\" decoding=\"async\" class=\"size-full wp-image-9669 alignleft\" src=\"http:\/\/serveiseducatius.xtec.cat\/hospitalet\/wp-content\/uploads\/usu542\/2017\/01\/gloria_fuertes.jpg\" alt=\"gloria_fuertes\" width=\"220\" height=\"311\" srcset=\"https:\/\/serveiseducatius.xtec.cat\/hospitalet\/wp-content\/uploads\/usu542\/2017\/01\/gloria_fuertes.jpg 220w, https:\/\/serveiseducatius.xtec.cat\/hospitalet\/wp-content\/uploads\/usu542\/2017\/01\/gloria_fuertes-212x300.jpg 212w\" sizes=\"auto, (max-width: 220px) 100vw, 220px\" \/><\/a><span style=\"color: #0000ff;\"><strong>Aquest any 2017, es celebra el centenari del naixement de l&#8217;escriptora Gloria Fuertes.<\/strong><\/span><\/h5>\n<p>El seus contes, poemes infantils, embarbussaments i endevinalles, escrits amb senzillesa i tendresa ens parlen de la realitat quotidiana, s\u00f3n imaginatius, divertits, inversos, tranquils i pac\u00edfics.<\/p>\n<p>Des del grup de treball de les biblioteques escolars de l&#8217;Hospitalet i en coordinaci\u00f3 amb les biblioteques p\u00fabliques, proposem celebrar-ho amb una activitat conjunta.<\/p>\n<p>Convidem a tots els centres de l&#8217;Hospitalet que vulguin participar.<\/p>\n<p>Durant aquest primer trimestre (\u00faltim de l&#8217;any del seu Centenari), els centres, cicles, grups que decideixin\u00a0fer activitats i vulguin documentar-les ens poden fer arribar al CRP els enlla\u00e7os, imatges, v\u00eddeos,&#8230; I farem una web on recopilarem i mostrarem els resultats i productes que ens envieu.<\/p>\n<p>&nbsp;<\/p>\n<p><span style=\"color: #0000ff;\"><strong>Les biblioteques p\u00fabliques fan una oferta engrescadora<\/strong><\/span><a href=\"https:\/\/drive.google.com\/file\/d\/0B6uB_dRJwyNbM0ZnX1VlSFhBVlUzdjRwc2xOLVJVZTZ5NTZF\/view\" target=\"_blank\" rel=\"noopener noreferrer\"><img loading=\"lazy\" decoding=\"async\" class=\"alignleft wp-image-10600\" src=\"http:\/\/serveiseducatius.xtec.cat\/hospitalet\/wp-content\/uploads\/usu542\/2017\/09\/Gloria-Fuertes-BP.png\" alt=\"\" width=\"164\" height=\"220\" srcset=\"https:\/\/serveiseducatius.xtec.cat\/hospitalet\/wp-content\/uploads\/usu542\/2017\/09\/Gloria-Fuertes-BP.png 399w, https:\/\/serveiseducatius.xtec.cat\/hospitalet\/wp-content\/uploads\/usu542\/2017\/09\/Gloria-Fuertes-BP-224x300.png 224w\" sizes=\"auto, (max-width: 164px) 100vw, 164px\" \/><\/a><\/p>\n<p>&nbsp;<\/p>\n<p>A totes les biblioteques p\u00fabliques de la ciutat, poden participar infants i fam\u00edlies en un munt d&#8217;activitats i jocs sobre l&#8217;escriptora.<\/p>\n<p>Clicant la imatge veureu el <a href=\"https:\/\/drive.google.com\/file\/d\/0B6uB_dRJwyNbM0ZnX1VlSFhBVlUzdjRwc2xOLVJVZTZ5NTZF\/view\" target=\"_blank\" rel=\"noopener noreferrer\">programa d&#8217;activitats<\/a>.<\/p>\n<p>&nbsp;<\/p>\n<p>&nbsp;<\/p>\n<p><strong><span style=\"color: #0000ff;\">Proposta d&#8217;activitats per a treballar a l&#8217;aula sobre l&#8217;escriptora Gloria Fuertes i els seus escrits<\/span><\/strong><\/p>\n<p>Con\u00e8ixer i treballar alguns dels seus poemes. Triar-ne, aprendre&#8217;ls, dibuixar-los, recitar-los.<\/p>\n<p>Escoltar i veure a la Gloria recitar alguns dels seus poemes i endevinalles.<\/p>\n<p>Llegir i il\u00b7lustrar alguns dels seus contes.<\/p>\n<p>Jugar a endevinar i inventar noves endevinalles.<\/p>\n<p>Con\u00e8ixer la seva vida<\/p>\n<p>I \u00a0llegir, llegir, llegir&#8230;<\/p>\n<p>Perqu\u00e8 com diu la Gloria<em>\u00a0 <strong><span style=\"color: #ff0000;\">&#8220;&#8230;Un ni\u00f1o con un libro de poes\u00eda en las manos nunca tendr\u00e1 de mayor un arma entre ellas\u2026\u201d<\/span><\/strong><\/em><\/p>\n<p>En aquesta p\u00e0gina hem enlla\u00e7at algunes\u00a0<strong><span style=\"color: #0000ff;\">p\u00e0gines i recursos per poder treballar la seva obra a l&#8217;aula<\/span><\/strong>.<\/p>\n<table>\n<tbody>\n<tr style=\"height: 82px;\">\n<td style=\"height: 82px;\"><a href=\"http:\/\/www.gloriafuertes.org\/index.php\/actividades-centenario\" target=\"_blank\" rel=\"noopener noreferrer\"><img loading=\"lazy\" decoding=\"async\" class=\"aligncenter wp-image-10601\" src=\"http:\/\/serveiseducatius.xtec.cat\/hospitalet\/wp-content\/uploads\/usu542\/2017\/09\/fundaci\u00f3n.png\" alt=\"\" width=\"379\" height=\"82\" srcset=\"https:\/\/serveiseducatius.xtec.cat\/hospitalet\/wp-content\/uploads\/usu542\/2017\/09\/fundaci\u00f3n.png 854w, https:\/\/serveiseducatius.xtec.cat\/hospitalet\/wp-content\/uploads\/usu542\/2017\/09\/fundaci\u00f3n-300x65.png 300w, https:\/\/serveiseducatius.xtec.cat\/hospitalet\/wp-content\/uploads\/usu542\/2017\/09\/fundaci\u00f3n-768x166.png 768w\" sizes=\"auto, (max-width: 379px) 100vw, 379px\" \/><\/a>P\u00e0gina de la Fundaci\u00f3n Gloria Fuertes<\/td>\n<td style=\"height: 82px;\"><a href=\"http:\/\/www.gloriafuertes.org\/index.php\/biografia\" target=\"_blank\" rel=\"noopener noreferrer\"><img loading=\"lazy\" decoding=\"async\" class=\"aligncenter wp-image-10602\" src=\"http:\/\/serveiseducatius.xtec.cat\/hospitalet\/wp-content\/uploads\/usu542\/2017\/09\/Gloria.png\" alt=\"\" width=\"105\" height=\"142\" \/><\/a>La seva biografia<\/td>\n<td style=\"height: 82px;\"><a href=\"https:\/\/es.pinterest.com\/search\/pins\/?q=gloria%20fuertes&amp;rs=typed&amp;term_meta%5b%5d=gloria%7Ctyped&amp;term_meta%5b%5d=fuertes%7Ctyped\" target=\"_blank\" rel=\"noopener noreferrer\"><img loading=\"lazy\" decoding=\"async\" class=\"aligncenter wp-image-10603 \" src=\"http:\/\/serveiseducatius.xtec.cat\/hospitalet\/wp-content\/uploads\/usu542\/2017\/09\/pinterest-pinboard-600-150x150.jpg\" alt=\"\" width=\"118\" height=\"118\" \/><\/a>Pinterest de la Gloria Fuertes<\/td>\n<\/tr>\n<tr style=\"height: 31px;\">\n<td style=\"height: 31px;\"><a href=\"http:\/\/aladi.diba.cat\/search~S23*cat\/?searchtype=X&amp;searcharg=gloria+fuertes&amp;searchscope=23&amp;sortdropdown=-&amp;SORT=DZ&amp;extended=0&amp;SUBMIT=Cerca&amp;searchlimits=&amp;searchorigarg=Xgloria+fuertes\" target=\"_blank\" rel=\"noopener noreferrer\"><img loading=\"lazy\" decoding=\"async\" class=\"aligncenter wp-image-10604\" src=\"http:\/\/serveiseducatius.xtec.cat\/hospitalet\/wp-content\/uploads\/usu542\/2017\/09\/cat\u00e0leg-biblio.png\" alt=\"\" width=\"259\" height=\"63\" srcset=\"https:\/\/serveiseducatius.xtec.cat\/hospitalet\/wp-content\/uploads\/usu542\/2017\/09\/cat\u00e0leg-biblio.png 312w, https:\/\/serveiseducatius.xtec.cat\/hospitalet\/wp-content\/uploads\/usu542\/2017\/09\/cat\u00e0leg-biblio-300x73.png 300w\" sizes=\"auto, (max-width: 259px) 100vw, 259px\" \/><\/a>L&#8217;H Acc\u00e9s cat\u00e0leg (llibres de la Gloria Fuertes)<\/td>\n<td style=\"height: 31px;\"><a href=\"http:\/\/www.biblioteca.org.ar\/libros\/134809.pdf\" target=\"_blank\" rel=\"noopener noreferrer\"><img loading=\"lazy\" decoding=\"async\" class=\"aligncenter wp-image-10605\" src=\"http:\/\/serveiseducatius.xtec.cat\/hospitalet\/wp-content\/uploads\/usu542\/2017\/09\/oca-loca.png\" alt=\"\" width=\"138\" height=\"203\" srcset=\"https:\/\/serveiseducatius.xtec.cat\/hospitalet\/wp-content\/uploads\/usu542\/2017\/09\/oca-loca.png 208w, https:\/\/serveiseducatius.xtec.cat\/hospitalet\/wp-content\/uploads\/usu542\/2017\/09\/oca-loca-204x300.png 204w\" sizes=\"auto, (max-width: 138px) 100vw, 138px\" \/><\/a>Poema de la Oca loca<\/td>\n<td style=\"height: 31px;\">\u00a0<a href=\"https:\/\/drive.google.com\/file\/d\/0ByAUDy5g5huEY2RwdG1Pd0xfYTg\/view\" target=\"_blank\" rel=\"noopener noreferrer\"><img loading=\"lazy\" decoding=\"async\" class=\"aligncenter wp-image-10606 size-thumbnail\" src=\"http:\/\/serveiseducatius.xtec.cat\/hospitalet\/wp-content\/uploads\/usu542\/2017\/09\/cangura_para_todo-150x150.jpg\" alt=\"\" width=\"150\" height=\"150\" srcset=\"https:\/\/serveiseducatius.xtec.cat\/hospitalet\/wp-content\/uploads\/usu542\/2017\/09\/cangura_para_todo-150x150.jpg 150w, https:\/\/serveiseducatius.xtec.cat\/hospitalet\/wp-content\/uploads\/usu542\/2017\/09\/cangura_para_todo-300x298.jpg 300w, https:\/\/serveiseducatius.xtec.cat\/hospitalet\/wp-content\/uploads\/usu542\/2017\/09\/cangura_para_todo.jpg 500w\" sizes=\"auto, (max-width: 150px) 100vw, 150px\" \/><\/a><\/p>\n<p style=\"text-align: center;\">Conte<\/p>\n<\/td>\n<\/tr>\n<\/tbody>\n<\/table>\n<p><a href=\"https:\/\/docs.google.com\/document\/d\/1cKKJZLuCGs6U8YzgORjwgNiREG8a9dw83ZgeV1HzxGU\/edit\" target=\"_blank\" rel=\"noopener noreferrer\"><strong><span style=\"color: #0000ff;\">Llibres de la Gloria Fuertes en pr\u00e9stec al CRP<\/span><\/strong><\/a><\/p>\n","protected":false},"excerpt":{"rendered":"<p>Aquest any 2017, es celebra el centenari del naixement de l&#8217;escriptora Gloria Fuertes. El seus contes, poemes infantils, embarbussaments i endevinalles, escrits amb senzillesa i tendresa ens parlen de la realitat quotidiana, s\u00f3n imaginatius, divertits, inversos, tranquils i pac\u00edfics. Des del grup de treball de les biblioteques escolars de l&#8217;Hospitalet i en coordinaci\u00f3 amb les [&hellip;]<\/p>\n","protected":false},"author":1,"featured_media":0,"parent":0,"menu_order":0,"comment_status":"closed","ping_status":"closed","template":"","meta":{"_bbp_topic_count":0,"_bbp_reply_count":0,"_bbp_total_topic_count":0,"_bbp_total_reply_count":0,"_bbp_voice_count":0,"_bbp_anonymous_reply_count":0,"_bbp_topic_count_hidden":0,"_bbp_reply_count_hidden":0,"_bbp_forum_subforum_count":0,"site-sidebar-layout":"default","site-content-layout":"","ast-site-content-layout":"","site-content-style":"default","site-sidebar-style":"default","ast-global-header-display":"","ast-banner-title-visibility":"","ast-main-header-display":"","ast-hfb-above-header-display":"","ast-hfb-below-header-display":"","ast-hfb-mobile-header-display":"","site-post-title":"","ast-breadcrumbs-content":"","ast-featured-img":"","footer-sml-layout":"","theme-transparent-header-meta":"","adv-header-id-meta":"","stick-header-meta":"","header-above-stick-meta":"","header-main-stick-meta":"","header-below-stick-meta":"","astra-migrate-meta-layouts":"default","ast-page-background-enabled":"default","ast-page-background-meta":{"desktop":{"background-color":"var(--ast-global-color-4)","background-image":"","background-repeat":"repeat","background-position":"center center","background-size":"auto","background-attachment":"scroll","background-type":"","background-media":"","overlay-type":"","overlay-color":"","overlay-opacity":"","overlay-gradient":""},"tablet":{"background-color":"","background-image":"","background-repeat":"repeat","background-position":"center center","background-size":"auto","background-attachment":"scroll","background-type":"","background-media":"","overlay-type":"","overlay-color":"","overlay-opacity":"","overlay-gradient":""},"mobile":{"background-color":"","background-image":"","background-repeat":"repeat","background-position":"center center","background-size":"auto","background-attachment":"scroll","background-type":"","background-media":"","overlay-type":"","overlay-color":"","overlay-opacity":"","overlay-gradient":""}},"ast-content-background-meta":{"desktop":{"background-color":"var(--ast-global-color-5)","background-image":"","background-repeat":"repeat","background-position":"center center","background-size":"auto","background-attachment":"scroll","background-type":"","background-media":"","overlay-type":"","overlay-color":"","overlay-opacity":"","overlay-gradient":""},"tablet":{"background-color":"var(--ast-global-color-5)","background-image":"","background-repeat":"repeat","background-position":"center center","background-size":"auto","background-attachment":"scroll","background-type":"","background-media":"","overlay-type":"","overlay-color":"","overlay-opacity":"","overlay-gradient":""},"mobile":{"background-color":"var(--ast-global-color-5)","background-image":"","background-repeat":"repeat","background-position":"center center","background-size":"auto","background-attachment":"scroll","background-type":"","background-media":"","overlay-type":"","overlay-color":"","overlay-opacity":"","overlay-gradient":""}},"footnotes":""},"class_list":["post-9668","page","type-page","status-publish","hentry"],"post_mailing_queue_ids":[],"_links":{"self":[{"href":"https:\/\/serveiseducatius.xtec.cat\/hospitalet\/wp-json\/wp\/v2\/pages\/9668","targetHints":{"allow":["GET"]}}],"collection":[{"href":"https:\/\/serveiseducatius.xtec.cat\/hospitalet\/wp-json\/wp\/v2\/pages"}],"about":[{"href":"https:\/\/serveiseducatius.xtec.cat\/hospitalet\/wp-json\/wp\/v2\/types\/page"}],"author":[{"embeddable":true,"href":"https:\/\/serveiseducatius.xtec.cat\/hospitalet\/wp-json\/wp\/v2\/users\/1"}],"replies":[{"embeddable":true,"href":"https:\/\/serveiseducatius.xtec.cat\/hospitalet\/wp-json\/wp\/v2\/comments?post=9668"}],"version-history":[{"count":3,"href":"https:\/\/serveiseducatius.xtec.cat\/hospitalet\/wp-json\/wp\/v2\/pages\/9668\/revisions"}],"predecessor-version":[{"id":10659,"href":"https:\/\/serveiseducatius.xtec.cat\/hospitalet\/wp-json\/wp\/v2\/pages\/9668\/revisions\/10659"}],"wp:attachment":[{"href":"https:\/\/serveiseducatius.xtec.cat\/hospitalet\/wp-json\/wp\/v2\/media?parent=9668"}],"curies":[{"name":"wp","href":"https:\/\/api.w.org\/{rel}","templated":true}]}}

<h5><a href="http://serveiseducatius.xtec.cat/hospitalet/wp-content/uploads/usu542/2017/01/gloria_fuertes.jpg"><img loading="lazy" decoding="async" class="size-full wp-image-9669 alignleft" src="http://serveiseducatius.xtec.cat/hospitalet/wp-content/uploads/usu542/2017/01/gloria_fuertes.jpg" alt="gloria_fuertes" width="220" height="311" srcset="https://serveiseducatius.xtec.cat/hospitalet/wp-content/uploads/usu542/2017/01/gloria_fuertes.jpg 220w, https://serveiseducatius.xtec.cat/hospitalet/wp-content/uploads/usu542/2017/01/gloria_fuertes-212x300.jpg 212w" sizes="auto, (max-width: 220px) 100vw, 220px" /></a><span style="color: #0000ff;"><strong>Aquest any 2017, es celebra el centenari del naixement de l&#8217;escriptora Gloria Fuertes.</strong></span></h5>
<p>El seus contes, poemes infantils, embarbussaments i endevinalles, escrits amb senzillesa i tendresa ens parlen de la realitat quotidiana, són imaginatius, divertits, inversos, tranquils i pacífics.</p>
<p>Des del grup de treball de les biblioteques escolars de l&#8217;Hospitalet i en coordinació amb les biblioteques públiques, proposem celebrar-ho amb una activitat conjunta.</p>
<p>Convidem a tots els centres de l&#8217;Hospitalet que vulguin participar.</p>
<p>Durant aquest primer trimestre (últim de l&#8217;any del seu Centenari), els centres, cicles, grups que decideixin fer activitats i vulguin documentar-les ens poden fer arribar al CRP els enllaços, imatges, vídeos,&#8230; I farem una web on recopilarem i mostrarem els resultats i productes que ens envieu.</p>
<p>&nbsp;</p>
<p><span style="color: #0000ff;"><strong>Les biblioteques públiques fan una oferta engrescadora</strong></span><a href="https://drive.google.com/file/d/0B6uB_dRJwyNbM0ZnX1VlSFhBVlUzdjRwc2xOLVJVZTZ5NTZF/view" target="_blank" rel="noopener noreferrer"><img loading="lazy" decoding="async" class="alignleft wp-image-10600" src="http://serveiseducatius.xtec.cat/hospitalet/wp-content/uploads/usu542/2017/09/Gloria-Fuertes-BP.png" alt="" width="164" height="220" srcset="https://serveiseducatius.xtec.cat/hospitalet/wp-content/uploads/usu542/2017/09/Gloria-Fuertes-BP.png 399w, https://serveiseducatius.xtec.cat/hospitalet/wp-content/uploads/usu542/2017/09/Gloria-Fuertes-BP-224x300.png 224w" sizes="auto, (max-width: 164px) 100vw, 164px" /></a></p>
<p>&nbsp;</p>
<p>A totes les biblioteques públiques de la ciutat, poden participar infants i famílies en un munt d&#8217;activitats i jocs sobre l&#8217;escriptora.</p>
<p>Clicant la imatge veureu el <a href="https://drive.google.com/file/d/0B6uB_dRJwyNbM0ZnX1VlSFhBVlUzdjRwc2xOLVJVZTZ5NTZF/view" target="_blank" rel="noopener noreferrer">programa d&#8217;activitats</a>.</p>
<p>&nbsp;</p>
<p>&nbsp;</p>
<p><strong><span style="color: #0000ff;">Proposta d&#8217;activitats per a treballar a l&#8217;aula sobre l&#8217;escriptora Gloria Fuertes i els seus escrits</span></strong></p>
<p>Conèixer i treballar alguns dels seus poemes. Triar-ne, aprendre&#8217;ls, dibuixar-los, recitar-los.</p>
<p>Escoltar i veure a la Gloria recitar alguns dels seus poemes i endevinalles.</p>
<p>Llegir i il·lustrar alguns dels seus contes.</p>
<p>Jugar a endevinar i inventar noves endevinalles.</p>
<p>Conèixer la seva vida</p>
<p>I  llegir, llegir, llegir&#8230;</p>
<p>Perquè com diu la Gloria<em>  <strong><span style="color: #ff0000;">&#8220;&#8230;Un niño con un libro de poesía en las manos nunca tendrá de mayor un arma entre ellas…”</span></strong></em></p>
<p>En aquesta pàgina hem enllaçat algunes <strong><span style="color: #0000ff;">pàgines i recursos per poder treballar la seva obra a l&#8217;aula</span></strong>.</p>
<table>
<tbody>
<tr style="height: 82px;">
<td style="height: 82px;"><a href="http://www.gloriafuertes.org/index.php/actividades-centenario" target="_blank" rel="noopener noreferrer"><img loading="lazy" decoding="async" class="aligncenter wp-image-10601" src="http://serveiseducatius.xtec.cat/hospitalet/wp-content/uploads/usu542/2017/09/fundación.png" alt="" width="379" height="82" srcset="https://serveiseducatius.xtec.cat/hospitalet/wp-content/uploads/usu542/2017/09/fundación.png 854w, https://serveiseducatius.xtec.cat/hospitalet/wp-content/uploads/usu542/2017/09/fundación-300x65.png 300w, https://serveiseducatius.xtec.cat/hospitalet/wp-content/uploads/usu542/2017/09/fundación-768x166.png 768w" sizes="auto, (max-width: 379px) 100vw, 379px" /></a>Pàgina de la Fundación Gloria Fuertes</td>
<td style="height: 82px;"><a href="http://www.gloriafuertes.org/index.php/biografia" target="_blank" rel="noopener noreferrer"><img loading="lazy" decoding="async" class="aligncenter wp-image-10602" src="http://serveiseducatius.xtec.cat/hospitalet/wp-content/uploads/usu542/2017/09/Gloria.png" alt="" width="105" height="142" /></a>La seva biografia</td>
<td style="height: 82px;"><a href="https://es.pinterest.com/search/pins/?q=gloria%20fuertes&amp;rs=typed&amp;term_meta%5b%5d=gloria%7Ctyped&amp;term_meta%5b%5d=fuertes%7Ctyped" target="_blank" rel="noopener noreferrer"><img loading="lazy" decoding="async" class="aligncenter wp-image-10603 " src="http://serveiseducatius.xtec.cat/hospitalet/wp-content/uploads/usu542/2017/09/pinterest-pinboard-600-150x150.jpg" alt="" width="118" height="118" /></a>Pinterest de la Gloria Fuertes</td>
</tr>
<tr style="height: 31px;">
<td style="height: 31px;"><a href="http://aladi.diba.cat/search~S23*cat/?searchtype=X&amp;searcharg=gloria+fuertes&amp;searchscope=23&amp;sortdropdown=-&amp;SORT=DZ&amp;extended=0&amp;SUBMIT=Cerca&amp;searchlimits=&amp;searchorigarg=Xgloria+fuertes" target="_blank" rel="noopener noreferrer"><img loading="lazy" decoding="async" class="aligncenter wp-image-10604" src="http://serveiseducatius.xtec.cat/hospitalet/wp-content/uploads/usu542/2017/09/catàleg-biblio.png" alt="" width="259" height="63" srcset="https://serveiseducatius.xtec.cat/hospitalet/wp-content/uploads/usu542/2017/09/catàleg-biblio.png 312w, https://serveiseducatius.xtec.cat/hospitalet/wp-content/uploads/usu542/2017/09/catàleg-biblio-300x73.png 300w" sizes="auto, (max-width: 259px) 100vw, 259px" /></a>L&#8217;H Accés catàleg (llibres de la Gloria Fuertes)</td>
<td style="height: 31px;"><a href="http://www.biblioteca.org.ar/libros/134809.pdf" target="_blank" rel="noopener noreferrer"><img loading="lazy" decoding="async" class="aligncenter wp-image-10605" src="http://serveiseducatius.xtec.cat/hospitalet/wp-content/uploads/usu542/2017/09/oca-loca.png" alt="" width="138" height="203" srcset="https://serveiseducatius.xtec.cat/hospitalet/wp-content/uploads/usu542/2017/09/oca-loca.png 208w, https://serveiseducatius.xtec.cat/hospitalet/wp-content/uploads/usu542/2017/09/oca-loca-204x300.png 204w" sizes="auto, (max-width: 138px) 100vw, 138px" /></a>Poema de la Oca loca</td>
<td style="height: 31px;"> <a href="https://drive.google.com/file/d/0ByAUDy5g5huEY2RwdG1Pd0xfYTg/view" target="_blank" rel="noopener noreferrer"><img loading="lazy" decoding="async" class="aligncenter wp-image-10606 size-thumbnail" src="http://serveiseducatius.xtec.cat/hospitalet/wp-content/uploads/usu542/2017/09/cangura_para_todo-150x150.jpg" alt="" width="150" height="150" srcset="https://serveiseducatius.xtec.cat/hospitalet/wp-content/uploads/usu542/2017/09/cangura_para_todo-150x150.jpg 150w, https://serveiseducatius.xtec.cat/hospitalet/wp-content/uploads/usu542/2017/09/cangura_para_todo-300x298.jpg 300w, https://serveiseducatius.xtec.cat/hospitalet/wp-content/uploads/usu542/2017/09/cangura_para_todo.jpg 500w" sizes="auto, (max-width: 150px) 100vw, 150px" /></a></p>
<p style="text-align: center;">Conte</p>
</td>
</tr>
</tbody>
</table>
<p><a href="https://docs.google.com/document/d/1cKKJZLuCGs6U8YzgORjwgNiREG8a9dw83ZgeV1HzxGU/edit" target="_blank" rel="noopener noreferrer"><strong><span style="color: #0000ff;">Llibres de la Gloria Fuertes en préstec al CRP</span></strong></a></p>

<p>Aquest any 2017, es celebra el centenari del naixement de l&#8217;escriptora Gloria Fuertes. El seus contes, poemes infantils, embarbussaments i endevinalles, escrits amb senzillesa i tendresa ens parlen de la realitat quotidiana, són imaginatius, divertits, inversos, tranquils i pacífics. Des del grup de treball de les biblioteques escolars de l&#8217;Hospitalet i en coordinació amb les [&hellip;]</p>
