{"id":8151,"date":"2016-06-09T10:47:44","date_gmt":"2016-06-09T09:47:44","guid":{"rendered":"http:\/\/serveiseducatius.xtec.cat\/hospitalet\/?page_id=8151"},"modified":"2016-08-31T09:24:04","modified_gmt":"2016-08-31T08:24:04","slug":"altres-ensenyaments","status":"publish","type":"page","link":"https:\/\/serveiseducatius.xtec.cat\/hospitalet\/centres-educatius\/altres-ensenyaments\/","title":{"rendered":"Altres ensenyaments"},"content":{"rendered":"<div id=\"goog-ws-list-floatingBar\" class=\"goog-scrollfloater\"><\/div>\n<table id=\"goog-ws-list-table\" class=\"sites-table goog-ws-list-table\">\n<tbody>\n<tr class=\"goog-ws-list-tableRow\">\n<td class=\"goog-ws-list-url\" width=\"20%\">Nom<\/td>\n<td class=\"goog-ws-list-url\" width=\"20%\">Adre\u00e7a<\/td>\n<td dir=\"\" width=\"20%\">Tel\u00e8fon<\/td>\n<td dir=\"ltr\" width=\"20%\">Correu<\/td>\n<td dir=\"\" width=\"20%\">Codi postal<\/td>\n<\/tr>\n<tr id=\"wuid:gx:453d003c3bcd5eb6\" class=\"goog-ws-list-tableRow\">\n<td class=\"goog-ws-list-url\" width=\"20%\"><a href=\"http:\/\/www.xtec.cat\/eoi-hospitalet\/\" target=\"_new\">EOI de L&#8217;Hospitalet de Llobregat<\/a><\/td>\n<td class=\"goog-ws-list-url\" width=\"20%\"><a href=\"http:\/\/maps.google.es\/maps?f=q&amp;source=s_q&amp;hl=es&amp;geocode=&amp;q=c.+Oriental,+21+L%27Hospitalet+de+Llobregat&amp;aq=&amp;sll=40.396764,-3.713379&amp;sspn=15.749199,17.29248&amp;ie=UTF8&amp;hq=&amp;hnear=Carrer+Oriental,+21,+08906+L%27Hospitalet+de+Llobregat,+Barcelona,+Catalu%C3%B1a&amp;t=h&amp;z=17\" target=\"_new\">c. Oriental, 21<\/a><\/td>\n<td dir=\"\" width=\"20%\">934383017<\/td>\n<td dir=\"ltr\" width=\"20%\">a8044582@xtec.cat<\/td>\n<td dir=\"\" width=\"20%\">08906<\/td>\n<\/tr>\n<tr id=\"wuid:gx:7c019812bed3bfcd\" class=\"goog-ws-list-tableRow\">\n<td class=\"goog-ws-list-url\" width=\"20%\"><a href=\"http:\/\/www.xtec.cat\/ea-serraiabella\/\" target=\"_new\">EASD Josep Serra i Abella<\/a><\/td>\n<td class=\"goog-ws-list-url\" width=\"20%\"><a href=\"http:\/\/maps.google.es\/maps?f=q&amp;source=s_q&amp;hl=es&amp;geocode=&amp;q=c.+Jerusalem,+2B+L%27Hospitalet+de+Llobregat&amp;aq=&amp;sll=41.361349,2.103592&amp;sspn=0.007586,0.008444&amp;ie=UTF8&amp;hq=&amp;hnear=Carrer+de+Jerusalem,+2,+08902+L%27Hospitalet+de+Llobregat,+Barcelona,+Catalu%C3%B1a&amp;t=h&amp;z=17\" target=\"_new\">c. Jerusalem, 2B<\/a><\/td>\n<td dir=\"\" width=\"20%\">933366810<\/td>\n<td dir=\"ltr\" width=\"20%\">a8044077@xtec.cat<\/td>\n<td dir=\"\" width=\"20%\">08902<\/td>\n<\/tr>\n<tr id=\"wuid:gx:4bdf163cf4dbe5e5\" class=\"goog-ws-list-tableRow\">\n<td class=\"goog-ws-list-url\" width=\"20%\"><a href=\"http:\/\/www.centredelesartsl-h.cat\/\" target=\"_new\">Escola de M\u00fasica Centre de les Arts<\/a><\/td>\n<td class=\"goog-ws-list-url\" width=\"20%\"><a href=\"https:\/\/www.google.es\/maps\/place\/Av.+Vilanova,+32,+08902+L'Hospitalet+de+Llobregat,+Barcelona\/@41.3543579,2.1159009,17z\/data=!3m1!4b1!4m2!3m1!1s0x12a498c529f70d6d:0x163d9431843c83e7\" target=\"_new\">Avinguda Vilanova, 32<\/a><\/td>\n<td dir=\"\" width=\"20%\">932612587<\/td>\n<td dir=\"ltr\" width=\"20%\">emusica.arts@l-h.cat<\/td>\n<td dir=\"\" width=\"20%\">08902<\/td>\n<\/tr>\n<tr id=\"wuid:gx:30193addc0d82278\" class=\"goog-ws-list-tableRow goog-ws-list-row-hover\">\n<td class=\"goog-ws-list-url\" width=\"20%\"><a href=\"http:\/\/www.cpnl.cat\/xarxa\/cnllhospitalet\/\" target=\"_new\">Centre de Normalitzaci\u00f3 Ling\u00fc\u00edstica de l&#8217;Hospitalet<\/a><\/td>\n<td class=\"goog-ws-list-url\" width=\"20%\"><a href=\"https:\/\/www.google.es\/webhp?sourceid=chrome-instant&amp;ion=1&amp;espv=2&amp;ie=UTF-8#safe=strict&amp;q=C.+Mare+de+D%C3%A9u+de+la+Merc%C3%A8,+20,+3r\" target=\"_new\">C. Mare de D\u00e9u de la Merc\u00e8, 20, 3r<\/a><\/td>\n<td dir=\"\" width=\"20%\">934406570<\/td>\n<td dir=\"ltr\" width=\"20%\">lhospitalet@cpnl.cat<\/td>\n<td dir=\"\" width=\"20%\">08901<\/td>\n<\/tr>\n<\/tbody>\n<\/table>\n","protected":false},"excerpt":{"rendered":"<p>Nom Adre\u00e7a Tel\u00e8fon Correu Codi postal EOI de L&#8217;Hospitalet de Llobregat c. Oriental, 21 934383017 a8044582@xtec.cat 08906 EASD Josep Serra i Abella c. Jerusalem, 2B 933366810 a8044077@xtec.cat 08902 Escola de M\u00fasica Centre de les Arts Avinguda Vilanova, 32 932612587 emusica.arts@l-h.cat 08902 Centre de Normalitzaci\u00f3 Ling\u00fc\u00edstica de l&#8217;Hospitalet C. Mare de D\u00e9u de la Merc\u00e8, 20, [&hellip;]<\/p>\n","protected":false},"author":1,"featured_media":0,"parent":338,"menu_order":60,"comment_status":"closed","ping_status":"closed","template":"","meta":{"_bbp_topic_count":0,"_bbp_reply_count":0,"_bbp_total_topic_count":0,"_bbp_total_reply_count":0,"_bbp_voice_count":0,"_bbp_anonymous_reply_count":0,"_bbp_topic_count_hidden":0,"_bbp_reply_count_hidden":0,"_bbp_forum_subforum_count":0,"site-sidebar-layout":"default","site-content-layout":"","ast-site-content-layout":"","site-content-style":"default","site-sidebar-style":"default","ast-global-header-display":"","ast-banner-title-visibility":"","ast-main-header-display":"","ast-hfb-above-header-display":"","ast-hfb-below-header-display":"","ast-hfb-mobile-header-display":"","site-post-title":"","ast-breadcrumbs-content":"","ast-featured-img":"","footer-sml-layout":"","theme-transparent-header-meta":"","adv-header-id-meta":"","stick-header-meta":"","header-above-stick-meta":"","header-main-stick-meta":"","header-below-stick-meta":"","astra-migrate-meta-layouts":"default","ast-page-background-enabled":"default","ast-page-background-meta":{"desktop":{"background-color":"var(--ast-global-color-4)","background-image":"","background-repeat":"repeat","background-position":"center center","background-size":"auto","background-attachment":"scroll","background-type":"","background-media":"","overlay-type":"","overlay-color":"","overlay-opacity":"","overlay-gradient":""},"tablet":{"background-color":"","background-image":"","background-repeat":"repeat","background-position":"center center","background-size":"auto","background-attachment":"scroll","background-type":"","background-media":"","overlay-type":"","overlay-color":"","overlay-opacity":"","overlay-gradient":""},"mobile":{"background-color":"","background-image":"","background-repeat":"repeat","background-position":"center center","background-size":"auto","background-attachment":"scroll","background-type":"","background-media":"","overlay-type":"","overlay-color":"","overlay-opacity":"","overlay-gradient":""}},"ast-content-background-meta":{"desktop":{"background-color":"var(--ast-global-color-5)","background-image":"","background-repeat":"repeat","background-position":"center center","background-size":"auto","background-attachment":"scroll","background-type":"","background-media":"","overlay-type":"","overlay-color":"","overlay-opacity":"","overlay-gradient":""},"tablet":{"background-color":"var(--ast-global-color-5)","background-image":"","background-repeat":"repeat","background-position":"center center","background-size":"auto","background-attachment":"scroll","background-type":"","background-media":"","overlay-type":"","overlay-color":"","overlay-opacity":"","overlay-gradient":""},"mobile":{"background-color":"var(--ast-global-color-5)","background-image":"","background-repeat":"repeat","background-position":"center center","background-size":"auto","background-attachment":"scroll","background-type":"","background-media":"","overlay-type":"","overlay-color":"","overlay-opacity":"","overlay-gradient":""}},"footnotes":""},"class_list":["post-8151","page","type-page","status-publish","hentry"],"post_mailing_queue_ids":[],"_links":{"self":[{"href":"https:\/\/serveiseducatius.xtec.cat\/hospitalet\/wp-json\/wp\/v2\/pages\/8151","targetHints":{"allow":["GET"]}}],"collection":[{"href":"https:\/\/serveiseducatius.xtec.cat\/hospitalet\/wp-json\/wp\/v2\/pages"}],"about":[{"href":"https:\/\/serveiseducatius.xtec.cat\/hospitalet\/wp-json\/wp\/v2\/types\/page"}],"author":[{"embeddable":true,"href":"https:\/\/serveiseducatius.xtec.cat\/hospitalet\/wp-json\/wp\/v2\/users\/1"}],"replies":[{"embeddable":true,"href":"https:\/\/serveiseducatius.xtec.cat\/hospitalet\/wp-json\/wp\/v2\/comments?post=8151"}],"version-history":[{"count":1,"href":"https:\/\/serveiseducatius.xtec.cat\/hospitalet\/wp-json\/wp\/v2\/pages\/8151\/revisions"}],"predecessor-version":[{"id":8152,"href":"https:\/\/serveiseducatius.xtec.cat\/hospitalet\/wp-json\/wp\/v2\/pages\/8151\/revisions\/8152"}],"up":[{"embeddable":true,"href":"https:\/\/serveiseducatius.xtec.cat\/hospitalet\/wp-json\/wp\/v2\/pages\/338"}],"wp:attachment":[{"href":"https:\/\/serveiseducatius.xtec.cat\/hospitalet\/wp-json\/wp\/v2\/media?parent=8151"}],"curies":[{"name":"wp","href":"https:\/\/api.w.org\/{rel}","templated":true}]}}