{"id":23155,"date":"2025-10-23T15:58:49","date_gmt":"2025-10-23T13:58:49","guid":{"rendered":"https:\/\/serveiseducatius.xtec.cat\/hospitalet\/?page_id=23155"},"modified":"2025-10-23T15:58:49","modified_gmt":"2025-10-23T13:58:49","slug":"redireccionar-correu","status":"publish","type":"page","link":"https:\/\/serveiseducatius.xtec.cat\/hospitalet\/redireccionar-correu\/","title":{"rendered":"Redireccionar un correu"},"content":{"rendered":"\n<p><strong>Gestiona millor el teu correu XTEC<\/strong><\/p>\n\n\n\n<p>Moltes vegades fem servir diversos correus: el personal, el del centre i el de l\u2019XTEC. Com que prioritzem els m\u00e9s \u00fatils per al dia a dia, sovint deixem de revisar el de l\u2019XTEC. Aix\u00f2 pot fer que la contrasenya caduqui o, fins i tot, que ens bloquegin el compte.<\/p>\n\n\n\n<p>Cal recordar que el <strong>correu XTEC <\/strong>\u00e9s el que fa servir l\u2019administraci\u00f3 educativa per comunicar-se amb nosaltres. Tamb\u00e9 \u00e9s imprescindible per inscriure\u2019s a formacions, fer-ne la valoraci\u00f3 i obtenir els certificats.<\/p>\n\n\n\n<p>Per evitar problemes, us recomanem redirigir els correus de l\u2019XTEC a una altra adre\u00e7a que consulteu habitualment. A continuaci\u00f3, us expliquem com fer-ho pas a pas.<\/p>\n\n\n\n<p><\/p>\n\n\n\n<div class=\"wp-block-columns is-layout-flex wp-container-core-columns-is-layout-5 wp-block-columns-is-layout-flex\">\n<div class=\"wp-block-column is-layout-flow wp-block-column-is-layout-flow\" style=\"flex-basis:100%\">\n<div class=\"wp-block-getwid-accordion has-icon-left\" data-active-element=\"none\">\n<div class=\"wp-block-getwid-accordion__header-wrapper\"><span class=\"wp-block-getwid-accordion__header\"><a href=\"#\"><span class=\"wp-block-getwid-accordion__header-title\">Obriu la configuraci\u00f3 al vostre correu XTEC<\/span><span class=\"wp-block-getwid-accordion__icon is-active\"><i class=\"fas fa-plus\"><\/i><\/span><span class=\"wp-block-getwid-accordion__icon is-passive\"><i class=\"fas fa-minus\"><\/i><\/span><\/a><\/span><\/div><div class=\"wp-block-getwid-accordion__content-wrapper\"><div class=\"wp-block-getwid-accordion__content\">\n<div class=\"wp-block-columns is-layout-flex wp-container-core-columns-is-layout-1 wp-block-columns-is-layout-flex\">\n<div class=\"wp-block-column is-layout-flow wp-block-column-is-layout-flow\" style=\"flex-basis:33.33%\">\n<figure class=\"wp-block-image size-full\"><a href=\"https:\/\/serveiseducatius.xtec.cat\/hospitalet\/wp-content\/uploads\/usu542\/2025\/07\/Captura-de-pantalla-2025-07-09-143158.png\"><img loading=\"lazy\" decoding=\"async\" width=\"401\" height=\"160\" src=\"https:\/\/serveiseducatius.xtec.cat\/hospitalet\/wp-content\/uploads\/usu542\/2025\/07\/Captura-de-pantalla-2025-07-09-143158.png\" alt=\"\" class=\"wp-image-23159\" srcset=\"https:\/\/serveiseducatius.xtec.cat\/hospitalet\/wp-content\/uploads\/usu542\/2025\/07\/Captura-de-pantalla-2025-07-09-143158.png 401w, https:\/\/serveiseducatius.xtec.cat\/hospitalet\/wp-content\/uploads\/usu542\/2025\/07\/Captura-de-pantalla-2025-07-09-143158-300x120.png 300w\" sizes=\"auto, (max-width: 401px) 100vw, 401px\" \/><\/a><\/figure>\n<\/div>\n\n\n\n<div class=\"wp-block-column is-layout-flow wp-block-column-is-layout-flow\" style=\"flex-basis:66.66%\">\n<p>Des del teu correu XTEC  obriu la configuraci\u00f3 a la icona de la rodeta dentada, i tria &#8220;<strong>Mostra tota la configuraci\u00f3<\/strong>&#8220;<\/p>\n<\/div>\n<\/div>\n<\/div><\/div>\n\n\n\n<div class=\"wp-block-getwid-accordion__header-wrapper\"><span class=\"wp-block-getwid-accordion__header\"><a href=\"#\"><span class=\"wp-block-getwid-accordion__header-title\">Pestanya Reenviament i POP\/IMAP<\/span><span class=\"wp-block-getwid-accordion__icon is-active\"><i class=\"fas fa-plus\"><\/i><\/span><span class=\"wp-block-getwid-accordion__icon is-passive\"><i class=\"fas fa-minus\"><\/i><\/span><\/a><\/span><\/div><div class=\"wp-block-getwid-accordion__content-wrapper\"><div class=\"wp-block-getwid-accordion__content\">\n<div class=\"wp-block-columns is-layout-flex wp-container-core-columns-is-layout-2 wp-block-columns-is-layout-flex\">\n<div class=\"wp-block-column is-layout-flow wp-block-column-is-layout-flow\" style=\"flex-basis:33.33%\">\n<figure class=\"wp-block-image size-full\"><a href=\"https:\/\/serveiseducatius.xtec.cat\/hospitalet\/wp-content\/uploads\/usu542\/2025\/07\/Captura-de-pantalla-2025-07-09-144537.png\"><img loading=\"lazy\" decoding=\"async\" width=\"1281\" height=\"315\" src=\"https:\/\/serveiseducatius.xtec.cat\/hospitalet\/wp-content\/uploads\/usu542\/2025\/07\/Captura-de-pantalla-2025-07-09-144537.png\" alt=\"\" class=\"wp-image-23160\" srcset=\"https:\/\/serveiseducatius.xtec.cat\/hospitalet\/wp-content\/uploads\/usu542\/2025\/07\/Captura-de-pantalla-2025-07-09-144537.png 1281w, https:\/\/serveiseducatius.xtec.cat\/hospitalet\/wp-content\/uploads\/usu542\/2025\/07\/Captura-de-pantalla-2025-07-09-144537-300x74.png 300w, https:\/\/serveiseducatius.xtec.cat\/hospitalet\/wp-content\/uploads\/usu542\/2025\/07\/Captura-de-pantalla-2025-07-09-144537-1024x252.png 1024w, https:\/\/serveiseducatius.xtec.cat\/hospitalet\/wp-content\/uploads\/usu542\/2025\/07\/Captura-de-pantalla-2025-07-09-144537-768x189.png 768w\" sizes=\"auto, (max-width: 1281px) 100vw, 1281px\" \/><\/a><\/figure>\n<\/div>\n\n\n\n<div class=\"wp-block-column is-layout-flow wp-block-column-is-layout-flow\" style=\"flex-basis:66.66%\">\n<p>Prem el bot\u00f3 &#8220;Afegeix una adre\u00e7a de reenviament&#8221; i introdueix l&#8217;adre\u00e7a de correu que consulteu habitualment (tant si \u00e9s el personal com el del domini del vostre centre), en la que rebreu els correus de l&#8217;adre\u00e7a XTEC.<\/p>\n\n\n\n<p>Comprova que l&#8217;adre\u00e7a \u00e9s correcta i polsa el bot\u00f3 &#8220;<strong>Seg\u00fcent<\/strong>&#8220;<\/p>\n<\/div>\n<\/div>\n<\/div><\/div>\n\n\n\n<div class=\"wp-block-getwid-accordion__header-wrapper\"><span class=\"wp-block-getwid-accordion__header\"><a href=\"#\"><span class=\"wp-block-getwid-accordion__header-title\">Verificaci\u00f3 adre\u00e7a redireccionament<\/span><span class=\"wp-block-getwid-accordion__icon is-active\"><i class=\"fas fa-plus\"><\/i><\/span><span class=\"wp-block-getwid-accordion__icon is-passive\"><i class=\"fas fa-minus\"><\/i><\/span><\/a><\/span><\/div><div class=\"wp-block-getwid-accordion__content-wrapper\"><div class=\"wp-block-getwid-accordion__content\">\n<div class=\"wp-block-columns is-layout-flex wp-container-core-columns-is-layout-3 wp-block-columns-is-layout-flex\">\n<div class=\"wp-block-column is-layout-flow wp-block-column-is-layout-flow\" style=\"flex-basis:33.33%\">\n<figure class=\"wp-block-image size-full is-resized\"><a href=\"https:\/\/serveiseducatius.xtec.cat\/hospitalet\/wp-content\/uploads\/usu542\/2025\/10\/Captura-de-pantalla-2025-10-23-154014.png\"><img loading=\"lazy\" decoding=\"async\" width=\"730\" height=\"903\" src=\"https:\/\/serveiseducatius.xtec.cat\/hospitalet\/wp-content\/uploads\/usu542\/2025\/10\/Captura-de-pantalla-2025-10-23-154014.png\" alt=\"\" class=\"wp-image-23536\" style=\"width:176px;height:auto\" srcset=\"https:\/\/serveiseducatius.xtec.cat\/hospitalet\/wp-content\/uploads\/usu542\/2025\/10\/Captura-de-pantalla-2025-10-23-154014.png 730w, https:\/\/serveiseducatius.xtec.cat\/hospitalet\/wp-content\/uploads\/usu542\/2025\/10\/Captura-de-pantalla-2025-10-23-154014-243x300.png 243w\" sizes=\"auto, (max-width: 730px) 100vw, 730px\" \/><\/a><\/figure>\n<\/div>\n\n\n\n<div class=\"wp-block-column is-layout-flow wp-block-column-is-layout-flow\" style=\"flex-basis:66.66%\">\n<p>Valideu l&#8217;enlla\u00e7 de verificaci\u00f3 del missatge.<\/p>\n\n\n\n<p>En cas que tingueu la doble verificaci\u00f3 activada, tamb\u00e9 us demanaran que confirmeu el codi al n\u00famero de tel\u00e8fon.<\/p>\n<\/div>\n<\/div>\n<\/div><\/div>\n\n\n\n<div class=\"wp-block-getwid-accordion__header-wrapper\"><span class=\"wp-block-getwid-accordion__header\"><a href=\"#\"><span class=\"wp-block-getwid-accordion__header-title\">Torneu a la configuraci\u00f3 del vostre correu XTEC<\/span><span class=\"wp-block-getwid-accordion__icon is-active\"><i class=\"fas fa-plus\"><\/i><\/span><span class=\"wp-block-getwid-accordion__icon is-passive\"><i class=\"fas fa-minus\"><\/i><\/span><\/a><\/span><\/div><div class=\"wp-block-getwid-accordion__content-wrapper\"><div class=\"wp-block-getwid-accordion__content\">\n<div class=\"wp-block-columns is-layout-flex wp-container-core-columns-is-layout-4 wp-block-columns-is-layout-flex\">\n<div class=\"wp-block-column is-layout-flow wp-block-column-is-layout-flow\" style=\"flex-basis:66.66%\">\n<p>Actualitzeu la p\u00e0gina del navegador (F5)<\/p>\n\n\n\n<p>Feu clic a la pestanya\u00a0<strong>Reenviament i POP\/IMAP<\/strong>\u00a0o\u00a0<strong>Reenviament<\/strong>.<\/p>\n\n\n\n<p>Seleccioneu\u00a0<strong>Reenvia una c\u00f2pia del correu entrant a<\/strong>. i trieu l&#8217;opci\u00f3 &#8220;Conserva la c\u00f2pia de Correu de XTEC a la safata d&#8217;entrada&#8221;<\/p>\n\n\n\n<p>Recorda de <strong>Desar els canvis<\/strong><\/p>\n\n\n\n<ol class=\"wp-block-list\"><\/ol>\n<\/div>\n<\/div>\n<\/div><\/div>\n<\/div>\n<\/div>\n<\/div>\n\n\n\n<p>Si necessiteu m\u00e9s ajuda, consulteu <a href=\"https:\/\/support.google.com\/mail\/answer\/10957?hl=ca\" target=\"_blank\" rel=\"noreferrer noopener\">aquesta p\u00e0gina<\/a><\/p>\n\n\n\n<p><\/p>\n\n\n\n<div class=\"wp-block-buttons is-layout-flex wp-block-buttons-is-layout-flex\">\n<div class=\"wp-block-button\"><a class=\"wp-block-button__link wp-element-button\" href=\"https:\/\/serveiseducatius.xtec.cat\/hospitalet\/gestio-dusuaris-xtec\/\">Torna enrere<\/a><\/div>\n<\/div>\n\n\n\n<p><\/p>\n","protected":false},"excerpt":{"rendered":"<p>Gestiona millor el teu correu XTEC Moltes vegades fem servir diversos correus: el personal, el del centre i el de l\u2019XTEC. Com que prioritzem els m\u00e9s \u00fatils per al dia a dia, sovint deixem de revisar el de l\u2019XTEC. Aix\u00f2 pot fer que la contrasenya caduqui o, fins i tot, que ens bloquegin el compte. [&hellip;]<\/p>\n","protected":false},"author":214,"featured_media":0,"parent":0,"menu_order":0,"comment_status":"closed","ping_status":"close","template":"","meta":{"_bbp_topic_count":0,"_bbp_reply_count":0,"_bbp_total_topic_count":0,"_bbp_total_reply_count":0,"_bbp_voice_count":0,"_bbp_anonymous_reply_count":0,"_bbp_topic_count_hidden":0,"_bbp_reply_count_hidden":0,"_bbp_forum_subforum_count":0,"site-sidebar-layout":"default","site-content-layout":"","ast-site-content-layout":"default","site-content-style":"default","site-sidebar-style":"default","ast-global-header-display":"","ast-banner-title-visibility":"","ast-main-header-display":"","ast-hfb-above-header-display":"","ast-hfb-below-header-display":"","ast-hfb-mobile-header-display":"","site-post-title":"","ast-breadcrumbs-content":"","ast-featured-img":"","footer-sml-layout":"","theme-transparent-header-meta":"","adv-header-id-meta":"","stick-header-meta":"","header-above-stick-meta":"","header-main-stick-meta":"","header-below-stick-meta":"","astra-migrate-meta-layouts":"set","ast-page-background-enabled":"default","ast-page-background-meta":{"desktop":{"background-color":"var(--ast-global-color-4)","background-image":"","background-repeat":"repeat","background-position":"center center","background-size":"auto","background-attachment":"scroll","background-type":"","background-media":"","overlay-type":"","overlay-color":"","overlay-opacity":"","overlay-gradient":""},"tablet":{"background-color":"","background-image":"","background-repeat":"repeat","background-position":"center center","background-size":"auto","background-attachment":"scroll","background-type":"","background-media":"","overlay-type":"","overlay-color":"","overlay-opacity":"","overlay-gradient":""},"mobile":{"background-color":"","background-image":"","background-repeat":"repeat","background-position":"center center","background-size":"auto","background-attachment":"scroll","background-type":"","background-media":"","overlay-type":"","overlay-color":"","overlay-opacity":"","overlay-gradient":""}},"ast-content-background-meta":{"desktop":{"background-color":"var(--ast-global-color-5)","background-image":"","background-repeat":"repeat","background-position":"center center","background-size":"auto","background-attachment":"scroll","background-type":"","background-media":"","overlay-type":"","overlay-color":"","overlay-opacity":"","overlay-gradient":""},"tablet":{"background-color":"var(--ast-global-color-5)","background-image":"","background-repeat":"repeat","background-position":"center center","background-size":"auto","background-attachment":"scroll","background-type":"","background-media":"","overlay-type":"","overlay-color":"","overlay-opacity":"","overlay-gradient":""},"mobile":{"background-color":"var(--ast-global-color-5)","background-image":"","background-repeat":"repeat","background-position":"center center","background-size":"auto","background-attachment":"scroll","background-type":"","background-media":"","overlay-type":"","overlay-color":"","overlay-opacity":"","overlay-gradient":""}},"footnotes":""},"class_list":["post-23155","page","type-page","status-publish","hentry"],"post_mailing_queue_ids":[],"_links":{"self":[{"href":"https:\/\/serveiseducatius.xtec.cat\/hospitalet\/wp-json\/wp\/v2\/pages\/23155","targetHints":{"allow":["GET"]}}],"collection":[{"href":"https:\/\/serveiseducatius.xtec.cat\/hospitalet\/wp-json\/wp\/v2\/pages"}],"about":[{"href":"https:\/\/serveiseducatius.xtec.cat\/hospitalet\/wp-json\/wp\/v2\/types\/page"}],"author":[{"embeddable":true,"href":"https:\/\/serveiseducatius.xtec.cat\/hospitalet\/wp-json\/wp\/v2\/users\/214"}],"replies":[{"embeddable":true,"href":"https:\/\/serveiseducatius.xtec.cat\/hospitalet\/wp-json\/wp\/v2\/comments?post=23155"}],"version-history":[{"count":3,"href":"https:\/\/serveiseducatius.xtec.cat\/hospitalet\/wp-json\/wp\/v2\/pages\/23155\/revisions"}],"predecessor-version":[{"id":23540,"href":"https:\/\/serveiseducatius.xtec.cat\/hospitalet\/wp-json\/wp\/v2\/pages\/23155\/revisions\/23540"}],"wp:attachment":[{"href":"https:\/\/serveiseducatius.xtec.cat\/hospitalet\/wp-json\/wp\/v2\/media?parent=23155"}],"curies":[{"name":"wp","href":"https:\/\/api.w.org\/{rel}","templated":true}]}}