{"id":22868,"date":"2025-06-18T14:21:03","date_gmt":"2025-06-18T12:21:03","guid":{"rendered":"https:\/\/serveiseducatius.xtec.cat\/hospitalet\/?page_id=22868"},"modified":"2025-11-06T10:12:28","modified_gmt":"2025-11-06T09:12:28","slug":"maletes-pedagogiques-i-altres-recursos","status":"publish","type":"page","link":"https:\/\/serveiseducatius.xtec.cat\/hospitalet\/maletes-pedagogiques-i-altres-recursos\/","title":{"rendered":"Maletes pedag\u00f2giques i altres recursos"},"content":{"rendered":"\n<p>\ud83d\udec4 Disponibilitat de les Maletes pedag\u00f2giques Curs 2025-2026.&nbsp;<a href=\"https:\/\/docs.google.com\/spreadsheets\/d\/13yY-csxMPP-IPqjkDs3hRNmczV1GeaF2eYKDKlZlrUg\/edit?gid=762112902#gid=762112902\" target=\"_blank\" rel=\"noreferrer noopener\">Veure maletes.<\/a><\/p>\n\n\n\n<p>\ud83d\udc49\ud83c\udffb Recordeu de fer el formulari de valoraci\u00f3&nbsp;de la maleta pedag\u00f2gica en pr\u00e9stec.<\/p>\n\n\n\n<h4 class=\"wp-block-heading\">Maletes pedag\u00f2giques<\/h4>\n\n\n\n<figure class=\"wp-block-table\"><table class=\"has-fixed-layout\"><tbody><tr><td>MALETES DE LECTURA<\/td><td>MALETES MATEM\u00c0TIQUES<\/td><\/tr><tr><td><a href=\"https:\/\/docs.google.com\/document\/d\/1HHnkT39YS9jghYzlVF4H026I-kT5Ra56q1cRr2TgttY\/edit?usp=sharing\" target=\"_blank\" rel=\"noreferrer noopener\">MA POE <\/a>&nbsp;Maleta de poesia<\/td><td><a href=\"https:\/\/docs.google.com\/document\/d\/1rLcNV_TGAbUPSJw7GfQTL6BI5ogk7pKsKnbTQ_U5w-I\/edit?usp=sharing\" target=\"_blank\" rel=\"noreferrer noopener\">HIP\u00c0TIA <\/a>&nbsp;i <a href=\"https:\/\/docs.google.com\/document\/d\/177Dtji7Q9-22EBQyfhpJZ_eajo4JPtShy9REqxlZSC0\/edit?usp=sharing\" target=\"_blank\" rel=\"noreferrer noopener\">SOPHIE GERMAIN <\/a>&nbsp;Educaci\u00f3 infantil<\/td><\/tr><tr><td><a href=\"https:\/\/docs.google.com\/document\/d\/1Ua1gJZ8vy-QbHCP_4eBgmKoHPx2DV0N0X9TT-A8-bVg\/edit\" target=\"_blank\" rel=\"noreferrer noopener\">MA LEC 0-3<\/a> Maleta lectures 0-3<\/td><td><a href=\"https:\/\/docs.google.com\/document\/d\/1vg-kovvdiw7PE6iXTQ331cL9DzfbDmdqOR43Vs0rLmM\/edit?usp=sharing\" target=\"_blank\" rel=\"noreferrer noopener\">SONYA KOVALESKAYA <\/a>i <a href=\"https:\/\/docs.google.com\/document\/d\/13E37Qu6fpRlDky0lGf-7XbiyuAV_ndvZg5mz8lIXpIQ\/edit?usp=sharing\" target=\"_blank\" rel=\"noreferrer noopener\">CAROLINE HERSCHEL<\/a> Cicle inicial<\/td><\/tr><tr><td><a href=\"https:\/\/docs.google.com\/document\/d\/1-13WEKk65lL-SIUaO0GpYa-T7MlsT_F9rtvfXC_ebqo\/edit\" target=\"_blank\" rel=\"noreferrer noopener\">MA INF 1<\/a> i <a href=\"https:\/\/docs.google.com\/document\/d\/1LuymoJo2h8YJESw5onjkJyKlLiGCC95b_PnHrZPxzcc\/edit\" target=\"_blank\" rel=\"noreferrer noopener\">MA INF 2<\/a> Maletes lectures educaci\u00f3 infantil<\/td><td><a href=\"https:\/\/docs.google.com\/document\/d\/1EaiSbQvgA6lzVFmpe6IGE8FIdZ7foGXLqZ_x4wQdkHg\/edit?usp=sharing\" target=\"_blank\" rel=\"noreferrer noopener\">ADA BYRON LOVELACE<\/a> i <a href=\"https:\/\/docs.google.com\/document\/d\/1-vTwn8GSKjoS1e9yV8any3mscQBTsBR3ade47Rj4efI\/edit?usp=sharing\" target=\"_blank\" rel=\"noreferrer noopener\">MARIA GAETANA AGNESI<\/a> Cicle Mitj\u00e0<\/td><\/tr><tr><td><a href=\"https:\/\/docs.google.com\/document\/d\/1ki1b1Y6bHz8-5BLr9qvMe4AEnNu-FDJRtvR4EcKNpMw\/edit\" target=\"_blank\" rel=\"noreferrer noopener\">MA INI 1<\/a> i <a href=\"https:\/\/docs.google.com\/document\/d\/1HRFRI2IOYGvkwaa6aVmDzF5lTon_cmIbo2uLG1AiJDM\/edit\" target=\"_blank\" rel=\"noreferrer noopener\">MA INI 2<\/a> Maletes lectures 1rCicle<\/td><td><a href=\"https:\/\/docs.google.com\/document\/d\/1-AcUbE-_HIy_AmOAPnfQf85uaq75ljydwZ6ob97zDeo\/edit?usp=sharing\" target=\"_blank\" rel=\"noreferrer noopener\">EMMY NOETHER<\/a> i <a href=\"https:\/\/docs.google.com\/document\/d\/1MOBzsyxlPdU-l0DXWDcN0hc1jtUw1ycW7J-7zXr6Xrk\/edit?usp=sharing\" target=\"_blank\" rel=\"noreferrer noopener\">FLORENCE NIGHTINGALE <\/a>Cicle superior<\/td><\/tr><tr><td><a href=\"https:\/\/docs.google.com\/document\/d\/1jeJGGb3wyS1QDEzCJ0_jWv5Y8BiYCkj87kS-tFtyLgc\/edit\" target=\"_blank\" rel=\"noreferrer noopener\">MA MIG 1<\/a> i <a href=\"https:\/\/docs.google.com\/document\/d\/1fEmWJT_XUVKyT0bLb8T0JDonI3xm_5HIz0nc-ZAUWBE\/edit\" target=\"_blank\" rel=\"noreferrer noopener\">MA MIG 2 <\/a>Maletes lectures 2n Cicle<\/td><td><a href=\"https:\/\/docs.google.com\/document\/d\/1vWlUsIbF3UtAp3ynlPszwtna8toaLgCmnz5k0GIGYfs\/edit?usp=sharing\" target=\"_blank\" rel=\"noreferrer noopener\">MMACA LA M\u00c9S PETITA<\/a> Maleta del Museu de les matem\u00e0tiques 0-8 anys<\/td><\/tr><tr><td><a href=\"https:\/\/docs.google.com\/document\/d\/100aq6RzFj7Fo5MrcchMjp1IXAOymaH_Iwm0UWPlpJYw\/edit\" target=\"_blank\" rel=\"noreferrer noopener\">MA SUP 1<\/a> i <a href=\"https:\/\/docs.google.com\/document\/d\/1gF1uPmJykJEtNiovRJOjoSjb3IqU--pk9s8rhd-QPk8\/edit\" target=\"_blank\" rel=\"noreferrer noopener\">MA SUP 2 <\/a>Maletes lectures 3r Cicle<\/td><td><a href=\"https:\/\/docs.google.com\/document\/d\/1T3GOY6nJZEgzGIF6GiKBl9yvPcY5mOw0xGeqhc7pWc0\/edit?usp=sharing\" target=\"_blank\" rel=\"noreferrer noopener\">MMACA GEOMETRIA P5-CI-CM&nbsp;<\/a>Maleta del Museu de les matem\u00e0tiques<\/td><\/tr><tr><td><a href=\"https:\/\/docs.google.com\/document\/d\/16CAiCIrVC3-KJNGaaaSgDHktxXGHgrUB47Q6zw_hvsA\/edit\" target=\"_blank\" rel=\"noreferrer noopener\">MA ESO 1<\/a>, <a href=\"https:\/\/docs.google.com\/document\/d\/16cMmVWmE9k5YDLBnWAi8GsUo9Di3jR2REDGooP2Ufq8\/edit\" target=\"_blank\" rel=\"noreferrer noopener\">MA ESO 2<\/a> i <a href=\"https:\/\/docs.google.com\/document\/d\/1RPlDUSajRccX3KXMFod1Msic6q9zpZl0joE2ByRM6bk\/edit\" target=\"_blank\" rel=\"noreferrer noopener\">MA ESO 3 <\/a>Maletes lectures ESO<\/td><td><a href=\"https:\/\/docs.google.com\/document\/d\/1U98edR7qIbP2GdIPBGYSNI5bvIJ6c_UobAPlDpwSmdY\/edit?usp=sharing\" target=\"_blank\" rel=\"noreferrer noopener\">MMACA C\u00c0LCUL 6-9 ANYS&nbsp; <\/a>Maleta del Museu de les matem\u00e0tiques&nbsp;&nbsp;<\/td><\/tr><tr><td><a href=\"https:\/\/docs.google.com\/document\/d\/18MUO_GEO4IgJ_tblFQoKJtoVT14G3qnbdnLxTMWbHBQ\/edit?usp=sharing\" target=\"_blank\" rel=\"noreferrer noopener\">MA COM ESO <\/a>&nbsp;Maleta de c\u00f2mics ESO<\/td><td><a href=\"https:\/\/docs.google.com\/document\/d\/1QLHWy5QnI5rsqXS8_0fjLQMjBrX5H8WXnO_Ds8IG73c\/edit?usp=sharing\" target=\"_blank\" rel=\"noreferrer noopener\">MMACA M4 GEOMETRIA CS-ESO <\/a>MMACA Cicle superior i ESO<\/td><\/tr><tr><td>&nbsp;<\/td><td><a href=\"https:\/\/docs.google.com\/document\/d\/1jJStjsLoAFBFftOv0kaaxhcvIosXB4CZ5GfPV1oxTQk\/edit?usp=sharing\" target=\"_blank\" rel=\"noreferrer noopener\">MMACA M4 PROBABILITAT <\/a>MMACA Cicle superior i ESO<\/td><\/tr><\/tbody><\/table><\/figure>\n\n\n\n<figure class=\"wp-block-table\"><table class=\"has-fixed-layout\"><tbody><tr><td>MALETES D&#8217;ANGL\u00c8S<\/td><td>MALETES CIENT\u00cdFIQUES -TECNOL\u00d2GIQUES &#8211; ROB\u00d2TICA<\/td><\/tr><tr><td><a href=\"https:\/\/docs.google.com\/document\/d\/1vx5PljFbukbG5M6x2FXMYjqarxItCtcOOk2xT3zw-Jk\/edit?usp=sharing\" target=\"_blank\" rel=\"noreferrer noopener\">Storysacks INF\/CI\/CM Mrs Honey&#8217;s hat<\/a><\/td><td>MALETA CIENT\u00cdFICA (<a href=\"https:\/\/serveiseducatius.xtec.cat\/hospitalet\/portada\/maleta-cientifica\/\" target=\"_blank\" rel=\"noreferrer noopener\">MICROSCOPIS)<\/a><\/td><\/tr><tr><td><a href=\"https:\/\/docs.google.com\/document\/d\/1vx5PljFbukbG5M6x2FXMYjqarxItCtcOOk2xT3zw-Jk\/edit?usp=sharing\" target=\"_blank\" rel=\"noreferrer noopener\">Storysacks INF\/CI\/CM Teddy takes a tumble<\/a><\/td><td><a href=\"https:\/\/serveiseducatius.xtec.cat\/hospitalet\/recursos\/maletes-pedagogiques\/nanokit\/\" target=\"_blank\" rel=\"noreferrer noopener\">NANOKIT<\/a><\/td><\/tr><tr><td><a href=\"https:\/\/docs.google.com\/document\/d\/17r0hJb_V4g0S2L60UeZxUp7PQEZ5KgSVC2_3VzXDsDc\/edit?usp=sharing\" target=\"_blank\" rel=\"noreferrer noopener\">MA ANG INF i CI<\/a> Maleta de llibres en angl\u00e8s per a&nbsp; infantil i cicle inicial<\/td><td><a href=\"https:\/\/serveiseducatius.xtec.cat\/hospitalet\/portada\/maleta-microbit\/\" target=\"_blank\" rel=\"noreferrer noopener\">MICROBIT<\/a><\/td><\/tr><tr><td><a href=\"https:\/\/docs.google.com\/document\/d\/16xYzsdVj0qZwujCzbdvbd_8ctq8XHbxbJeeX23PSiZQ\/edit?usp=sharing\" target=\"_blank\" rel=\"noreferrer noopener\">MA ANG CM<\/a> Maleta de llibres en angl\u00e8s per a cicle mitj\u00e0<\/td><td><a href=\"https:\/\/serveiseducatius.xtec.cat\/hospitalet\/portada\/maleta-microbit-2\/\" target=\"_blank\" rel=\"noreferrer noopener\">MICROBIT STEAMcat<\/a><\/td><\/tr><tr><td><a href=\"https:\/\/docs.google.com\/document\/d\/1ZOk4MppgmzomTz3OXKtgkU6GxtJC_lOdniQOkZV-ziw\/edit?usp=sharing\" target=\"_blank\" rel=\"noreferrer noopener\">MA ANG CS<\/a> Maleta de llibres en angl\u00e8s per a cicle superior<\/td><td><a href=\"https:\/\/docs.google.com\/document\/d\/1SxEJT3cliHHD-2v8ZlSolQvlvM3aq2J4nYPh-mMpC68\/edit\" target=\"_blank\" rel=\"noreferrer noopener\">SECRETS ELEMENTALS <\/a>Escape room de la taula peri\u00f2dica<\/td><\/tr><tr><td><a href=\"https:\/\/docs.google.com\/document\/d\/1PaALvEonSpmIbMV9LTz5AHoR7_Rxs7F3gYwuHoejQbo\/edit?usp=sharing\" target=\"_blank\" rel=\"noreferrer noopener\">MA GAME_TIME<\/a> Maleta de jocs en angl\u00e8s<\/td><td><a href=\"https:\/\/docs.google.com\/document\/d\/1q7EsfM5wt6MnS5Ju94No_xD0hMKOifNXdNZ-T34s5BI\/edit?usp=sharing\">KIT ENERGIES<\/a><\/td><\/tr><tr><td>EQUIPS DE R\u00c0DIO<\/td><td><a href=\"https:\/\/serveiseducatius.xtec.cat\/hospitalet\/general\/bee-bots-i-blue-bots\/\" target=\"_blank\" rel=\"noreferrer noopener\">BEEBOT i BLUEBOT<\/a><\/td><\/tr><tr><td><a href=\"https:\/\/serveiseducatius.xtec.cat\/hospitalet\/recursos\/aparells\/kit-xtec-radio\/\" target=\"_blank\" rel=\"noreferrer noopener\">XTEC R\u00c0DIO<\/a><\/td><td><a href=\"https:\/\/serveiseducatius.xtec.cat\/hospitalet\/recursos\/maletes-pedagogiques\/equips-de-robotica-lego-education-wedo\/\" target=\"_blank\" rel=\"noreferrer noopener\">LEGO WEDO<\/a><\/td><\/tr><tr><td><a href=\"https:\/\/docs.google.com\/document\/d\/167wo9cyB6ZKfixMX-qMOqhkZ3rlHDeD26g0xu1XFiGE\/edit?usp=sharing\" target=\"_blank\" rel=\"noreferrer noopener\">KIT R\u00c0DIO<\/a><\/td><td>PRO BOTS [No disponible]<\/td><\/tr><\/tbody><\/table><\/figure>\n\n\n\n<figure class=\"wp-block-table\"><table class=\"has-fixed-layout\"><tbody><tr><td>MALETES COEDUCACI\u00d3<\/td><td>MALETES EMOCIONS<\/td><\/tr><tr><td><a href=\"https:\/\/docs.google.com\/document\/d\/1hgrAKDjCItWEpt0j0RtZE8GPgbgWDj72ewALviWtNm8\/edit?usp=sharing\" target=\"_blank\" rel=\"noreferrer noopener\">MA COE P<\/a> Maleta coeducaci\u00f3 alumnat fins a 3r de prim\u00e0ria<\/td><td><a href=\"https:\/\/docs.google.com\/document\/d\/1GBZZdjxuoWtxpQpHIyP6ckyNSSJ8B1qPvmJKIw6vbSE\/edit?usp=sharing\" target=\"_blank\" rel=\"noreferrer noopener\">MA EMO P <\/a>Maleta alumnat fins a 3r de PRI<\/td><\/tr><tr><td><a href=\"https:\/\/docs.google.com\/document\/d\/1DefIkB8R3lEc3ofORAaHUcIr2DeWSKEAbKc6dL47mcc\/edit?usp=sharing\" target=\"_blank\" rel=\"noreferrer noopener\">MA COE G<\/a> Maleta coeducaci\u00f3 alumnat fins als primers cursos de la ESO<\/td><td><a href=\"https:\/\/docs.google.com\/document\/d\/1b0-sYN9nTzdEtqd4mwT67icJAxeNK54G31tIhx1NxDc\/edit?usp=sharing\" target=\"_blank\" rel=\"noreferrer noopener\">MA EMO G <\/a>Maleta alumnat fins a 2n ESO<\/td><\/tr><tr><td><a href=\"https:\/\/docs.google.com\/document\/d\/1-c95aVGX8vHFG_NyfOMbDo_x1JDTXFisYoAp1QyEmwA\/edit?usp=sharing\" target=\"_blank\" rel=\"noreferrer noopener\">MA COE ESO<\/a> Maleta coeducaci\u00f3 alumnat ESO i Batxillerat<\/td><td>&nbsp;<\/td><\/tr><\/tbody><\/table><\/figure>\n\n\n\n<figure class=\"wp-block-table\"><table class=\"has-fixed-layout\"><tbody><tr><td>MALETA FAM\u00cdLIES<\/td><td>MALETA DOL<\/td><\/tr><tr><td><a href=\"https:\/\/docs.google.com\/document\/d\/1XDPZkiXUQXdvNan1D4v3qQCHdkkVrJoAJwlG_lQQ5Hc\/edit?usp=sharing\" target=\"_blank\" rel=\"noreferrer noopener\">MA FAM<\/a><\/td><td><a href=\"https:\/\/docs.google.com\/document\/d\/1w5gzMQ9Q23flfkvDO21jugfCqKBWGgmO3Z2Q7BfiRZg\/edit?usp=sharing\" target=\"_blank\" rel=\"noreferrer noopener\">MA DOL<\/a><\/td><\/tr><\/tbody><\/table><\/figure>\n\n\n\n<figure class=\"wp-block-table\"><table class=\"has-fixed-layout\"><tbody><tr><td>MALETA DIVERSITAT<\/td><td>LLIBRES INTERCULTURALITAT<\/td><\/tr><tr><td><a href=\"https:\/\/docs.google.com\/document\/d\/1utuHRPThAgmSr3h9oP6JCGvo8fSHcGL4ApaerMcTyoA\/edit?usp=sharing\" target=\"_blank\" rel=\"noreferrer noopener\">MA DIV<\/a><\/td><td><a href=\"https:\/\/docs.google.com\/document\/d\/1B2trPnyhXyMV6CK0zFYW1QTfGgOjAE3rat_SYhBWfKo\/edit?usp=sharing\">MA INTER<\/a><\/td><\/tr><\/tbody><\/table><\/figure>\n\n\n\n<figure class=\"wp-block-table\"><table class=\"has-fixed-layout\"><tbody><tr><td>MALETA CIUTAT<\/td><td>MALETES EXPRESSI\u00d3 ART\u00cdSTICA<\/td><\/tr><tr><td><a href=\"https:\/\/docs.google.com\/document\/d\/1hAD6ZRUqqiwvTjxySuTPOnT0xWEUMo1vkffCZuny070\/edit?usp=sharing\">MA CIUTAT<\/a><\/td><td><a href=\"https:\/\/serveiseducatius.xtec.cat\/hospitalet\/recursos\/maletes-pedagogiques\/expressart\/\">EXPRESSART <\/a>(MACBA)<\/td><\/tr><\/tbody><\/table><\/figure>\n\n\n\n<figure class=\"wp-block-table\"><table class=\"has-fixed-layout\"><tbody><tr><td>MALETA DINOSAURES<\/td><td>Lots de llibres de consulta<\/td><\/tr><tr><td><a href=\"https:\/\/docs.google.com\/document\/d\/1yZ1AIbHZHYkDVlbAgdm9arPOOsvMc1PKJKJprmsTaOg\/edit?usp=sharing\">MA DINO<\/a> Maleta dinosaures. M\u00e8tode cient\u00edfic (INF-CI)<\/td><td><a href=\"https:\/\/docs.google.com\/document\/d\/1-s9rPfHJywrL8jJ1HP9lct3kxN3MfXlIXmP_LfdiKo4\/edit?usp=sharing\" target=\"_blank\" rel=\"noreferrer noopener\">MA PG Personatges hist\u00f2rics (CM\/CS\/ESO)<\/a><a href=\"https:\/\/docs.google.com\/document\/d\/1c5cjMTxA5HoHcMexFA5zKwy719M3D2pFRwksNDdsyAg\/edit?usp=sharing\" target=\"_blank\" rel=\"noreferrer noopener\">MA CC Canvi clim\u00e0tic (CM\/CS\/ESO)<\/a><a href=\"https:\/\/docs.google.com\/document\/d\/1IIuwG4xZ8JtLVRm0Ud68vkj1_WR4IdCqYxitgJDzy-I\/edit?usp=sharing\" target=\"_blank\" rel=\"noreferrer noopener\">MA LT La Terra (CM\/CS\/ESO)<\/a><a href=\"https:\/\/docs.google.com\/document\/d\/1EFaFaPDzpyq_SOzHLWfa7k8lNDMMu0FCOdXb8eiNNws\/edit?usp=sharing\" target=\"_blank\" rel=\"noreferrer noopener\">MA C Cosmos (CM\/CS\/ESO)<\/a><\/td><\/tr><\/tbody><\/table><\/figure>\n\n\n\n<h4 class=\"wp-block-heading\">Aparells<\/h4>\n\n\n\n<figure class=\"wp-block-table\"><table class=\"has-fixed-layout\"><tbody><tr><td><a href=\"https:\/\/serveiseducatius.xtec.cat\/hospitalet\/recursos\/aparells\/equip-de-megafonia\/\" target=\"_blank\" rel=\"noreferrer noopener\">EQUIP MEGAFONIA<\/a><\/td><td><\/td><td><a href=\"https:\/\/serveiseducatius.xtec.cat\/hospitalet\/recursos\/aparells\/altaveu-portatil\/\" target=\"_blank\" rel=\"noreferrer noopener\">ALTAVEU PORT\u00c0TIL<\/a><\/td><td><a href=\"https:\/\/serveiseducatius.xtec.cat\/hospitalet\/recursos\/aparells\/video-projector\/\" target=\"_blank\" rel=\"noreferrer noopener\">V\u00cdDEO PROJECTOR<\/a><\/td><td><a href=\"https:\/\/serveiseducatius.xtec.cat\/hospitalet\/general\/nou-recurs-maleta-kit-croma\/\" target=\"_blank\" rel=\"noreferrer noopener\">KIT CROMA<\/a><\/td><\/tr><\/tbody><\/table><\/figure>\n\n\n\n<p><\/p>\n","protected":false},"excerpt":{"rendered":"<p>\ud83d\udec4 Disponibilitat de les Maletes pedag\u00f2giques Curs 2025-2026.&nbsp;Veure maletes. \ud83d\udc49\ud83c\udffb Recordeu de fer el formulari de valoraci\u00f3&nbsp;de la maleta pedag\u00f2gica en pr\u00e9stec. Maletes pedag\u00f2giques MALETES DE LECTURA MALETES MATEM\u00c0TIQUES MA POE &nbsp;Maleta de poesia HIP\u00c0TIA &nbsp;i SOPHIE GERMAIN &nbsp;Educaci\u00f3 infantil MA LEC 0-3 Maleta lectures 0-3 SONYA KOVALESKAYA i CAROLINE HERSCHEL Cicle inicial MA INF [&hellip;]<\/p>\n","protected":false},"author":214,"featured_media":22828,"parent":0,"menu_order":0,"comment_status":"closed","ping_status":"close","template":"","meta":{"_bbp_topic_count":0,"_bbp_reply_count":0,"_bbp_total_topic_count":0,"_bbp_total_reply_count":0,"_bbp_voice_count":0,"_bbp_anonymous_reply_count":0,"_bbp_topic_count_hidden":0,"_bbp_reply_count_hidden":0,"_bbp_forum_subforum_count":0,"site-sidebar-layout":"default","site-content-layout":"","ast-site-content-layout":"default","site-content-style":"default","site-sidebar-style":"default","ast-global-header-display":"","ast-banner-title-visibility":"","ast-main-header-display":"","ast-hfb-above-header-display":"","ast-hfb-below-header-display":"","ast-hfb-mobile-header-display":"","site-post-title":"","ast-breadcrumbs-content":"","ast-featured-img":"","footer-sml-layout":"","theme-transparent-header-meta":"","adv-header-id-meta":"","stick-header-meta":"","header-above-stick-meta":"","header-main-stick-meta":"","header-below-stick-meta":"","astra-migrate-meta-layouts":"set","ast-page-background-enabled":"default","ast-page-background-meta":{"desktop":{"background-color":"var(--ast-global-color-4)","background-image":"","background-repeat":"repeat","background-position":"center center","background-size":"auto","background-attachment":"scroll","background-type":"","background-media":"","overlay-type":"","overlay-color":"","overlay-opacity":"","overlay-gradient":""},"tablet":{"background-color":"","background-image":"","background-repeat":"repeat","background-position":"center center","background-size":"auto","background-attachment":"scroll","background-type":"","background-media":"","overlay-type":"","overlay-color":"","overlay-opacity":"","overlay-gradient":""},"mobile":{"background-color":"","background-image":"","background-repeat":"repeat","background-position":"center center","background-size":"auto","background-attachment":"scroll","background-type":"","background-media":"","overlay-type":"","overlay-color":"","overlay-opacity":"","overlay-gradient":""}},"ast-content-background-meta":{"desktop":{"background-color":"var(--ast-global-color-5)","background-image":"","background-repeat":"repeat","background-position":"center center","background-size":"auto","background-attachment":"scroll","background-type":"","background-media":"","overlay-type":"","overlay-color":"","overlay-opacity":"","overlay-gradient":""},"tablet":{"background-color":"var(--ast-global-color-5)","background-image":"","background-repeat":"repeat","background-position":"center center","background-size":"auto","background-attachment":"scroll","background-type":"","background-media":"","overlay-type":"","overlay-color":"","overlay-opacity":"","overlay-gradient":""},"mobile":{"background-color":"var(--ast-global-color-5)","background-image":"","background-repeat":"repeat","background-position":"center center","background-size":"auto","background-attachment":"scroll","background-type":"","background-media":"","overlay-type":"","overlay-color":"","overlay-opacity":"","overlay-gradient":""}},"footnotes":""},"class_list":["post-22868","page","type-page","status-publish","has-post-thumbnail","hentry"],"post_mailing_queue_ids":[],"_links":{"self":[{"href":"https:\/\/serveiseducatius.xtec.cat\/hospitalet\/wp-json\/wp\/v2\/pages\/22868","targetHints":{"allow":["GET"]}}],"collection":[{"href":"https:\/\/serveiseducatius.xtec.cat\/hospitalet\/wp-json\/wp\/v2\/pages"}],"about":[{"href":"https:\/\/serveiseducatius.xtec.cat\/hospitalet\/wp-json\/wp\/v2\/types\/page"}],"author":[{"embeddable":true,"href":"https:\/\/serveiseducatius.xtec.cat\/hospitalet\/wp-json\/wp\/v2\/users\/214"}],"replies":[{"embeddable":true,"href":"https:\/\/serveiseducatius.xtec.cat\/hospitalet\/wp-json\/wp\/v2\/comments?post=22868"}],"version-history":[{"count":4,"href":"https:\/\/serveiseducatius.xtec.cat\/hospitalet\/wp-json\/wp\/v2\/pages\/22868\/revisions"}],"predecessor-version":[{"id":23593,"href":"https:\/\/serveiseducatius.xtec.cat\/hospitalet\/wp-json\/wp\/v2\/pages\/22868\/revisions\/23593"}],"wp:featuredmedia":[{"embeddable":true,"href":"https:\/\/serveiseducatius.xtec.cat\/hospitalet\/wp-json\/wp\/v2\/media\/22828"}],"wp:attachment":[{"href":"https:\/\/serveiseducatius.xtec.cat\/hospitalet\/wp-json\/wp\/v2\/media?parent=22868"}],"curies":[{"name":"wp","href":"https:\/\/api.w.org\/{rel}","templated":true}]}}