{"id":14465,"date":"2020-07-28T09:06:46","date_gmt":"2020-07-28T07:06:46","guid":{"rendered":"http:\/\/serveiseducatius.xtec.cat\/hospitalet\/?page_id=14465"},"modified":"2021-02-05T09:19:58","modified_gmt":"2021-02-05T08:19:58","slug":"activitats-formatives-per-modalitats-pfz-2020-21","status":"publish","type":"page","link":"https:\/\/serveiseducatius.xtec.cat\/hospitalet\/activitats-formatives-per-modalitats-pfz-2020-21\/","title":{"rendered":"Activitats formatives per modalitats. PFZ 2020-21"},"content":{"rendered":"<h5><a href=\"https:\/\/serveiseducatius.xtec.cat\/hospitalet\/wp-content\/uploads\/usu542\/2016\/07\/PFZRGB200.jpg\"><img loading=\"lazy\" decoding=\"async\" class=\"size-full wp-image-8631 alignleft\" src=\"https:\/\/serveiseducatius.xtec.cat\/hospitalet\/wp-content\/uploads\/usu542\/2016\/07\/PFZRGB200.jpg\" alt=\"\" width=\"200\" height=\"165\" \/><\/a><\/h5>\n<table style=\"height: 179px;\">\n<tbody>\n<tr style=\"height: 47px;\">\n<td style=\"height: 47px; width: 360.5px;\">\n<h6>Formaci\u00f3 per al professorat de diversos centres<\/h6>\n<\/td>\n<td style=\"height: 47px; width: 214.5px;\">\n<h6>Formaci\u00f3 en el propi centre<\/h6>\n<\/td>\n<\/tr>\n<tr style=\"height: 33px;\">\n<td style=\"height: 33px; width: 360.5px;\"><a href=\"https:\/\/aplicacions.gestioeducativa.gencat.cat\/pls\/soloas\/pk_for_mod_ins.p_for_cons_activitats?p_any=2020-2021&amp;p_modalitat=21&amp;p_totes=s&amp;p_poblacio=08101\" target=\"_blank\" rel=\"noopener noreferrer\"><strong>Seminaris de coordinaci\u00f3<\/strong><\/a><\/td>\n<td style=\"height: 33px; width: 214.5px;\"><a href=\"https:\/\/aplicacions.gestioeducativa.gencat.cat\/pls\/soloas\/pk_for_mod_ins.p_for_cons_activitats?p_any=2020-2021&amp;p_modalitat=80&amp;p_totes=s&amp;p_poblacio=08101\" target=\"_blank\" rel=\"noopener noreferrer\"><strong>Assessoraments<\/strong><\/a><\/td>\n<\/tr>\n<tr style=\"height: 33px;\">\n<td style=\"height: 33px; width: 360.5px;\"><a href=\"https:\/\/aplicacions.gestioeducativa.gencat.cat\/pls\/soloas\/pk_for_mod_ins.p_for_cons_activitats?p_any=2020-2021&amp;p_modalitat=23&amp;p_totes=s&amp;p_poblacio=08101\" target=\"_blank\" rel=\"noopener noreferrer\"><strong>Tallers oberts<\/strong><\/a><\/td>\n<td style=\"height: 33px; width: 214.5px;\"><a href=\"https:\/\/aplicacions.gestioeducativa.gencat.cat\/pls\/soloas\/pk_for_mod_ins.p_for_cons_activitats?p_any=2020-2021&amp;p_modalitat=14&amp;p_totes=s&amp;p_poblacio=08101\" target=\"_blank\" rel=\"noopener noreferrer\"><strong>Tallers a centre<\/strong><\/a><\/td>\n<\/tr>\n<tr style=\"height: 33px;\">\n<td style=\"height: 33px; width: 360.5px;\"><a href=\"https:\/\/aplicacions.gestioeducativa.gencat.cat\/pls\/soloas\/pk_for_mod_ins.p_for_cons_activitats?p_any=2020-2021&amp;p_modalitat=50&amp;p_totes=s&amp;p_poblacio=08101\" target=\"_blank\" rel=\"noopener noreferrer\"><strong>Confer\u00e8ncies<\/strong><\/a><\/td>\n<td style=\"height: 33px; width: 214.5px;\"><a href=\"https:\/\/aplicacions.gestioeducativa.gencat.cat\/pls\/soloas\/pk_for_mod_ins.p_for_cons_activitats?p_any=2020-2021&amp;p_modalitat=81&amp;p_totes=s&amp;p_poblacio=08101\" target=\"_blank\" rel=\"noopener noreferrer\"><strong>FIC<\/strong><\/a><\/td>\n<\/tr>\n<tr style=\"height: 33px;\">\n<td style=\"height: 33px; width: 360.5px;\"><a href=\"https:\/\/aplicacions.gestioeducativa.gencat.cat\/pls\/soloas\/pk_for_mod_ins.p_for_cons_activitats?p_any=2020-2021&amp;p_modalitat=30&amp;p_totes=s&amp;p_poblacio=08101\" target=\"_blank\" rel=\"noopener noreferrer\"><strong>Grups de treball<\/strong><\/a><\/td>\n<td style=\"height: 33px; width: 214.5px;\"><\/td>\n<\/tr>\n<\/tbody>\n<\/table>\n","protected":false},"excerpt":{"rendered":"<p>Formaci\u00f3 per al professorat de diversos centres Formaci\u00f3 en el propi centre Seminaris de coordinaci\u00f3 Assessoraments Tallers oberts Tallers a centre Confer\u00e8ncies FIC Grups de treball<\/p>\n","protected":false},"author":1,"featured_media":0,"parent":0,"menu_order":0,"comment_status":"closed","ping_status":"closed","template":"","meta":{"_bbp_topic_count":0,"_bbp_reply_count":0,"_bbp_total_topic_count":0,"_bbp_total_reply_count":0,"_bbp_voice_count":0,"_bbp_anonymous_reply_count":0,"_bbp_topic_count_hidden":0,"_bbp_reply_count_hidden":0,"_bbp_forum_subforum_count":0,"site-sidebar-layout":"default","site-content-layout":"","ast-site-content-layout":"","site-content-style":"default","site-sidebar-style":"default","ast-global-header-display":"","ast-banner-title-visibility":"","ast-main-header-display":"","ast-hfb-above-header-display":"","ast-hfb-below-header-display":"","ast-hfb-mobile-header-display":"","site-post-title":"","ast-breadcrumbs-content":"","ast-featured-img":"","footer-sml-layout":"","theme-transparent-header-meta":"","adv-header-id-meta":"","stick-header-meta":"","header-above-stick-meta":"","header-main-stick-meta":"","header-below-stick-meta":"","astra-migrate-meta-layouts":"default","ast-page-background-enabled":"default","ast-page-background-meta":{"desktop":{"background-color":"var(--ast-global-color-4)","background-image":"","background-repeat":"repeat","background-position":"center center","background-size":"auto","background-attachment":"scroll","background-type":"","background-media":"","overlay-type":"","overlay-color":"","overlay-opacity":"","overlay-gradient":""},"tablet":{"background-color":"","background-image":"","background-repeat":"repeat","background-position":"center center","background-size":"auto","background-attachment":"scroll","background-type":"","background-media":"","overlay-type":"","overlay-color":"","overlay-opacity":"","overlay-gradient":""},"mobile":{"background-color":"","background-image":"","background-repeat":"repeat","background-position":"center center","background-size":"auto","background-attachment":"scroll","background-type":"","background-media":"","overlay-type":"","overlay-color":"","overlay-opacity":"","overlay-gradient":""}},"ast-content-background-meta":{"desktop":{"background-color":"var(--ast-global-color-5)","background-image":"","background-repeat":"repeat","background-position":"center center","background-size":"auto","background-attachment":"scroll","background-type":"","background-media":"","overlay-type":"","overlay-color":"","overlay-opacity":"","overlay-gradient":""},"tablet":{"background-color":"var(--ast-global-color-5)","background-image":"","background-repeat":"repeat","background-position":"center center","background-size":"auto","background-attachment":"scroll","background-type":"","background-media":"","overlay-type":"","overlay-color":"","overlay-opacity":"","overlay-gradient":""},"mobile":{"background-color":"var(--ast-global-color-5)","background-image":"","background-repeat":"repeat","background-position":"center center","background-size":"auto","background-attachment":"scroll","background-type":"","background-media":"","overlay-type":"","overlay-color":"","overlay-opacity":"","overlay-gradient":""}},"footnotes":""},"class_list":["post-14465","page","type-page","status-publish","hentry"],"post_mailing_queue_ids":[],"_links":{"self":[{"href":"https:\/\/serveiseducatius.xtec.cat\/hospitalet\/wp-json\/wp\/v2\/pages\/14465","targetHints":{"allow":["GET"]}}],"collection":[{"href":"https:\/\/serveiseducatius.xtec.cat\/hospitalet\/wp-json\/wp\/v2\/pages"}],"about":[{"href":"https:\/\/serveiseducatius.xtec.cat\/hospitalet\/wp-json\/wp\/v2\/types\/page"}],"author":[{"embeddable":true,"href":"https:\/\/serveiseducatius.xtec.cat\/hospitalet\/wp-json\/wp\/v2\/users\/1"}],"replies":[{"embeddable":true,"href":"https:\/\/serveiseducatius.xtec.cat\/hospitalet\/wp-json\/wp\/v2\/comments?post=14465"}],"version-history":[{"count":2,"href":"https:\/\/serveiseducatius.xtec.cat\/hospitalet\/wp-json\/wp\/v2\/pages\/14465\/revisions"}],"predecessor-version":[{"id":14480,"href":"https:\/\/serveiseducatius.xtec.cat\/hospitalet\/wp-json\/wp\/v2\/pages\/14465\/revisions\/14480"}],"wp:attachment":[{"href":"https:\/\/serveiseducatius.xtec.cat\/hospitalet\/wp-json\/wp\/v2\/media?parent=14465"}],"curies":[{"name":"wp","href":"https:\/\/api.w.org\/{rel}","templated":true}]}}