{"id":13500,"date":"2019-06-25T13:32:53","date_gmt":"2019-06-25T11:32:53","guid":{"rendered":"http:\/\/serveiseducatius.xtec.cat\/hospitalet\/?page_id=13500"},"modified":"2019-07-16T16:34:51","modified_gmt":"2019-07-16T14:34:51","slug":"xcb-18-19-projectes-i-blogs-dels-centres","status":"publish","type":"page","link":"https:\/\/serveiseducatius.xtec.cat\/hospitalet\/xarxa-de-competencies-basiques-territorial\/xcb-18-19-projectes-i-blogs-dels-centres\/","title":{"rendered":"XCB 18-19. Projectes i blogs dels centres de l&#8217;Hospitalet"},"content":{"rendered":"<p>Aquests s\u00f3n els diferents projectes i activitats que s&#8217;han fet als centres de la Xarxa de Compet\u00e8ncies B\u00e0siques:<\/p>\n<table style=\"width: 973px; height: 265px;\">\n<tbody>\n<tr style=\"height: 46px;\">\n<td style=\"width: 180.8px; height: 46px; text-align: center;\"><strong>Escola Paco Candel<\/strong><\/p>\n<p><a href=\"https:\/\/blocs.xtec.cat\/xcbprojecte308\/category\/centres-docents\/escola-paco-candel\/\" target=\"_blank\" rel=\"noopener noreferrer\">Blog. Cap a on vaig?<\/a><\/p>\n<p><span style=\"color: #800080;\"><a style=\"color: #800080;\" href=\"https:\/\/drive.google.com\/open?id=1_v6SpEJcRzpHOfQPbCCk-HNWWIDa1hAZNwOUrGQ3O_g\" target=\"_blank\" rel=\"noopener noreferrer\"><em>Activitat CS. Quins canvis. Cap a on vaig<\/em><\/a><\/span><\/td>\n<td style=\"width: 182.4px; height: 46px; text-align: center;\"><strong>Escola Ernest Lluch<\/strong><\/p>\n<p><a href=\"https:\/\/blocs.xtec.cat\/xcbprojecte308\/category\/centres-docents\/escola-ernest-lluch\/\" target=\"_blank\" rel=\"noopener noreferrer\">Blog. Els continents<\/a><\/p>\n<p><em><span style=\"color: #800080;\"><a style=\"color: #800080;\" href=\"https:\/\/drive.google.com\/open?id=11_-FmmJrb1XmGSAjD-VbAdOKoHnOAhuv-yttZAbaUuM\" target=\"_blank\" rel=\"noopener noreferrer\">Activitat CS. La carta<\/a><\/span><\/em><\/td>\n<td style=\"width: 192px; height: 46px; text-align: center;\">&nbsp;<\/p>\n<p><strong>Escola Bernat Metge<\/strong><\/p>\n<p><a href=\"https:\/\/blocs.xtec.cat\/xcbprojecte308\/category\/centres-docents\/escola-bernat-metge\/\" target=\"_blank\" rel=\"noopener noreferrer\">Blog. L&#8217;aire \u00e9s mat\u00e8ria?<\/a><\/p>\n<p><em><span style=\"color: #800080;\"><a style=\"color: #800080;\" href=\"https:\/\/drive.google.com\/open?id=1s5OtXj-9Lcso32zI-x9en1bu6R-YozA-1G4PDc56510\" target=\"_blank\" rel=\"noopener noreferrer\">Activitat EI. Totes les ombres s\u00f3n del mateix color?<\/a><\/span><\/em><\/p>\n<p><em><a href=\"https:\/\/drive.google.com\/open?id=1i83O31OzyXmcvuXy2i5FatLmSK88N-KxedgU6t0xtW4\" target=\"_blank\" rel=\"noopener noreferrer\"><span style=\"color: #800080;\">Activitat CS. L&#8217;aire \u00e9s mat\u00e8ria<\/span><\/a><\/em><\/td>\n<td style=\"width: 200.8px; height: 46px; text-align: center;\"><strong>Escola Men\u00e8ndez Pidal<\/strong><\/p>\n<p><a href=\"https:\/\/blocs.xtec.cat\/xcbprojecte308\/category\/centres-docents\/escola-menendez-pidal\/\" target=\"_blank\" rel=\"noopener noreferrer\">Blog. Per qu\u00e8 el cel \u00e9s balu? Per qu\u00e8 erupcionen els volcans? Els sentits<\/a><\/p>\n<p>&nbsp;<\/p>\n<p><span style=\"color: #800080;\"><a style=\"color: #800080;\" href=\"https:\/\/docs.google.com\/presentation\/d\/e\/2PACX-1vQxH0pFzenCwBS5NUPDzx3zzQJQcO1WEp8hXeX17NBJfgAlDLflu4n5ELifjfp1_-A79y0HwJsu9II3\/pub?start=false&amp;loop=true&amp;delayms=3000&amp;slide=id.g4eaac0c7ea_2_46\" target=\"_blank\" rel=\"noopener noreferrer\"><em>Activitat CI. Let&#8217;s go to the market!<\/em><\/a><\/span><\/td>\n<td style=\"width: 205.6px; height: 46px; text-align: center;\"><strong>Escola Milagros Consarnau<\/strong><\/p>\n<p><a href=\"https:\/\/blocs.xtec.cat\/xcbprojecte308\/category\/centres-docents\/escola-milagros-consarnau\/\" target=\"_blank\" rel=\"noopener noreferrer\">Blog. Per qu\u00e8 el Wiskers dorm tant?<\/a><\/p>\n<p><em><span style=\"color: #800080;\"><a style=\"color: #800080;\" href=\"https:\/\/drive.google.com\/open?id=1CYTygqZSSZOu0yjrZ9mpIQZ5wDqHjAoDx_dAqR70w6o\" target=\"_blank\" rel=\"noopener noreferrer\">Activitat CI. Anem de viatge amb el Bee-bot<\/a><\/span><\/em><\/td>\n<\/tr>\n<tr style=\"height: 46px;\">\n<td style=\"width: 180.8px; height: 46px; text-align: center;\"><strong>Escola Lola Anglada<\/strong><\/p>\n<p><a href=\"https:\/\/blocs.xtec.cat\/xcbprojecte308\/category\/centres-docents\/escola-lola-anglada\/\" target=\"_blank\" rel=\"noopener noreferrer\">Blog. S&#8217;apr\u00e8n tocant?<\/a><\/p>\n<p><em><span style=\"color: #800080;\"><a style=\"color: #800080;\" href=\"https:\/\/docs.google.com\/presentation\/d\/1D0alhRjmdoCHN80d6Bdz8jzLaPvdPBedMwD2ZN1WQXs\/edit?usp=sharing\" target=\"_blank\" rel=\"noopener noreferrer\">Activitat CI. Anem de compres<\/a><\/span><\/em><\/td>\n<td style=\"width: 182.4px; height: 46px; text-align: center;\">&nbsp;<\/p>\n<p><strong>Escola Frederic Mistral<\/strong><\/p>\n<p><a href=\"https:\/\/blocs.xtec.cat\/xcbprojecte308\/category\/centres-docents\/escola-frederic-mistral\/\" target=\"_blank\" rel=\"noopener noreferrer\">Blog. El m\u00f3n de la m\u00e0gia<\/a><\/p>\n<p><em><a href=\"https:\/\/drive.google.com\/open?id=1f4vWq4L6zvJr3IqdV8cliMDhTyPr6B9K7N6pCQ4HyVg\" target=\"_blank\" rel=\"noopener noreferrer\"><span style=\"color: #800080;\">Activitat EI. Anem al lavabo<\/span><\/a><\/em><\/p>\n<p><em><span style=\"color: #800080;\"><a style=\"color: #800080;\" href=\"https:\/\/drive.google.com\/open?id=1TG4ONotcJqZFeUvHfTyM6R9tRspUAJBQColB3bSxmMA\" target=\"_blank\" rel=\"noopener noreferrer\">Activitat CM. Descripci\u00f3 d&#8217;un company\/a<\/a><\/span><\/em><\/td>\n<td style=\"width: 192px; height: 46px; text-align: center;\"><strong>Escola Pep Ventura<\/strong><\/p>\n<p><a href=\"https:\/\/blocs.xtec.cat\/xcbprojecte308\/category\/centres-docents\/escola-pep-ventura\/\">Blog. Festes i tradicions catalanes<\/a><\/p>\n<p><em><a href=\"https:\/\/drive.google.com\/open?id=1IWQqmajE1PrKnJSadTVHaN-9c04u7QL6OQNKpwVzVx4\"><span style=\"color: #800080;\">Activitat CI. Circuit d&#8217;educaci\u00f3 F\u00edsica<\/span><\/a><\/em><\/td>\n<td style=\"width: 200.8px; height: 46px; text-align: center;\"><strong>Escola La Marina<\/strong><\/p>\n<p><a href=\"https:\/\/blocs.xtec.cat\/xcbprojecte308\/category\/centres-docents\/escola-la-marina\/\" target=\"_blank\" rel=\"noopener noreferrer\">Blog. Qu\u00e8 passa quan ens vacunem?<\/a><\/p>\n<p><a href=\"https:\/\/drive.google.com\/open?id=1hp5DztkFVzI2tfJgfC5RYHwR_KsAHosrUrHA05BBGmQ\" target=\"_blank\" rel=\"noopener noreferrer\"><em><span style=\"color: #800080;\">Activitat EI. Fem bombons<\/span><\/em><\/a><\/p>\n<p><a href=\"https:\/\/drive.google.com\/open?id=1cNp6utRM7TuXKiytG3RRg7UOBJ_6Aq2eWvxBHdP25fM\" target=\"_blank\" rel=\"noopener noreferrer\"><span style=\"color: #800080;\"><em>Activitat CS. Resolem un problema de la cooperativa: previsi\u00f3 de beneficis\u00a0<\/em><\/span><\/a><\/td>\n<td style=\"width: 205.6px; height: 46px; text-align: center;\"><strong>Escola M\u00e0rius Torres<\/strong><\/p>\n<p><a href=\"https:\/\/blocs.xtec.cat\/xcbprojecte308\/category\/centres-docents\/escola-marius-torres\/\" target=\"_blank\" rel=\"noopener noreferrer\">Blog. Coneixem el nostre barri?<\/a><\/p>\n<p><em><span style=\"color: #800080;\"><a style=\"color: #800080;\" href=\"https:\/\/drive.google.com\/open?id=1r9_RClcXUbhN_fABEIETBk8ohpy0DoPnNZE6b0jokxE\" target=\"_blank\" rel=\"noopener noreferrer\">Activitat CI. Resoluci\u00f3 de problemes cooperativament<\/a><\/span><\/em><\/td>\n<\/tr>\n<tr style=\"height: 46px;\">\n<td style=\"width: 180.8px; height: 46px; text-align: center;\"><strong>Institut Europa<\/strong><\/p>\n<p><a href=\"https:\/\/blocs.xtec.cat\/xcbprojecte308\/category\/centres-docents\/institut-europa\/\" target=\"_blank\" rel=\"noopener noreferrer\">Blog. A no fumar, jo m&#8217;apunto<\/a><\/p>\n<p><a href=\"https:\/\/drive.google.com\/open?id=1FPNlebe4xFMA5up9lEyzUhdx6qfwIRbU\" target=\"_blank\" rel=\"noopener noreferrer\"><span style=\"color: #000000;\"><span style=\"color: #800080;\"><em>Activitat 2n ESO. Quin embolic de barreges!<\/em><\/span><\/span><\/a><\/td>\n<td style=\"width: 182.4px; height: 46px; text-align: center;\"><strong>Institut Apel\u00b7les Mestres<\/strong><\/p>\n<p><a href=\"https:\/\/blocs.xtec.cat\/xcbprojecte308\/category\/centres-docents\/institut-apelles-mestres\/\" target=\"_blank\" rel=\"noopener noreferrer\">Blog. Qu\u00e8 sabem sobre l&#8217;aigua<\/a><\/p>\n<p><a href=\"https:\/\/drive.google.com\/open?id=1AxEW09aS_J6CKvcyrGmolf88EiTwGm8DottkVUM_9OI\" target=\"_blank\" rel=\"noopener noreferrer\"><span style=\"color: #800080;\"><em>Activitat 3r, 4t ESO. Talking abouth the future of the Antarctica<\/em><\/span><\/a><\/td>\n<td style=\"width: 192px; height: 46px; text-align: center;\"><strong>Escola Sant Josep El Pi<\/strong><\/p>\n<p><a href=\"https:\/\/blocs.xtec.cat\/xcbprojecte308\/category\/centres-docents\/escola-sant-josep-el-pi\/\" target=\"_blank\" rel=\"noopener noreferrer\">Blog. R\u00e0dio ESJEP: Endevina l&#8217;animalada<\/a><\/p>\n<p><span style=\"color: #800080;\"><a style=\"color: #800080;\" href=\"https:\/\/drive.google.com\/open?id=1b6bv4V69bCCd3-CEfB7TC5kIFDmAE3mbtpYp4jlh67c\" target=\"_blank\" rel=\"noopener noreferrer\"><em>Activitat CS. Com mesurem el sistema solar<\/em><\/a><\/span><\/td>\n<td style=\"width: 200.8px; height: 46px; text-align: center;\"><strong>Escola Joan Maragall<\/strong><\/p>\n<p><a href=\"https:\/\/blocs.xtec.cat\/xcbprojecte308\/category\/centres-docents\/escola-joan-maragall\/\" target=\"_blank\" rel=\"noopener noreferrer\">Blog. Eureka! Els invents<\/a><\/p>\n<p><em><span style=\"color: #800080;\"><a style=\"color: #800080;\" href=\"https:\/\/drive.google.com\/open?id=1VvOn6bh1RbnzJzk7V8hpuxLEl5waj92aqGQ1DlIGlYw\" target=\"_blank\" rel=\"noopener noreferrer\">Activitat CM. La descripci\u00f3 de persones<\/a><\/span><\/em><\/td>\n<td style=\"width: 205.6px; height: 46px; text-align: center;\"><strong>Escola Proven\u00e7ana<\/strong><\/p>\n<p><a href=\"https:\/\/blocs.xtec.cat\/xcbprojecte308\/category\/centres-docents\/escola-provencana\/\" target=\"_blank\" rel=\"noopener noreferrer\">Blog. Els ecosistemes<\/a><\/p>\n<p><em><span style=\"color: #800080;\"><a style=\"color: #800080;\" href=\"https:\/\/drive.google.com\/open?id=1cCcbNEdkwSI1Cbk6fq-7HXMZl4y94lnvjHLvZMbyzAc\" target=\"_blank\" rel=\"noopener noreferrer\">Activitat EI. Descobrim cossos geom\u00e8trics amb volum<\/a><\/span><\/em><\/p>\n<p><em><span style=\"color: #800080;\"><a style=\"color: #800080;\" href=\"https:\/\/drive.google.com\/open?id=1z2QwDqaXD8VS-aG9Ub7MzNVGZ9YLZRQNc43ohPrZ-3A\" target=\"_blank\" rel=\"noopener noreferrer\">Activitat CM. Qu\u00e8 s\u00e9 dels teus avis?\u00a0<\/a><\/span><\/em><\/p>\n<p><em><a href=\"https:\/\/drive.google.com\/open?id=1qk4Wy8orhW6PTXiUuqBjakzxeUxg76kRWvxDQw-ws0k\" target=\"_blank\" rel=\"noopener noreferrer\"><span style=\"color: #800080;\">Activitat CM. Cool clothes<\/span><\/a><\/em><\/td>\n<\/tr>\n<tr style=\"height: 118px;\">\n<td style=\"width: 180.8px; height: 81px; text-align: center;\">&nbsp;<\/p>\n<p><strong>Institut Santa Eul\u00e0lia<\/strong><\/p>\n<p><a href=\"https:\/\/blocs.xtec.cat\/xcbprojecte308\/category\/centres-docents\/institut-santa-eulalia\/\" target=\"_blank\" rel=\"noopener noreferrer\">Blog. Sentim-expressem-compartim<\/a><\/p>\n<p><em><span style=\"color: #800080;\"><a style=\"color: #800080;\" href=\"https:\/\/drive.google.com\/open?id=1zGf9SPN1IGuIPm68iYFFnveDgTWyUuCR6pTvnppOdiA\" target=\"_blank\" rel=\"noopener noreferrer\">Activitat 3r ESO. Entrepans i refrescos<\/a><\/span><\/em><\/p>\n<p>&nbsp;<\/td>\n<td style=\"width: 182.4px; height: 81px; text-align: center;\"><strong>Institut Rubi\u00f3 i Ors<\/strong><\/p>\n<p><a href=\"https:\/\/blocs.xtec.cat\/xcbprojecte308\/category\/centres-docents\/institut-rubio-i-ors\/\" target=\"_blank\" rel=\"noopener noreferrer\">Blog. Els drets humans<\/a><\/p>\n<p><em><a href=\"https:\/\/drive.google.com\/open?id=1dZ9OlkDfZVikNTsqOt80jXTeL2tl9Vm883PncAiPNBk\" target=\"_blank\" rel=\"noopener noreferrer\"><span style=\"color: #800080;\">Activitat 2n ESO. M\u00e8todes de separaci\u00f3 de mescles<\/span><\/a><\/em><\/td>\n<td style=\"width: 192px; height: 81px; text-align: center;\"><strong>Institut Eugeni d&#8217;Ors<\/strong><\/p>\n<p><a href=\"https:\/\/blocs.xtec.cat\/xcbprojecte308\/category\/centres-docents\/institut-eugeni-dors\/\" target=\"_blank\" rel=\"noopener noreferrer\">Blog. L&#8217;Hospijoc<\/a><\/p>\n<p><em><span style=\"color: #800080;\"><a style=\"color: #800080;\" href=\"https:\/\/drive.google.com\/open?id=1qE7edp5AJFS6aVM_Kj_kaTgLKhJvUi0T-RbxvQnG0VQ\" target=\"_blank\" rel=\"noopener noreferrer\">Activitat 2n ESO. Let&#8217;s go tothe cinema<\/a><\/span><\/em><\/td>\n<td style=\"width: 200.8px; height: 81px; text-align: center;\"><strong>Escola La Carpa<\/strong><\/p>\n<p><a href=\"https:\/\/blocs.xtec.cat\/xcbprojecte308\/category\/centres-docents\/escola-la-carpa\/\" target=\"_blank\" rel=\"noopener noreferrer\">Blog. La contaminaci\u00f3<\/a><\/p>\n<p><span style=\"color: #800080;\"><a style=\"color: #800080;\" href=\"https:\/\/drive.google.com\/open?id=1VlHimmQcO89nonZ1bJdgyskoM_sQxggkGGESXKi0B5s\" target=\"_blank\" rel=\"noopener noreferrer\">Activitat EI.Avaluaci\u00f3 d&#8217;actitud envers la lectura<\/a><\/span><\/p>\n<p><span style=\"color: #800080;\"><a style=\"color: #800080;\" href=\"https:\/\/drive.google.com\/open?id=18E69ssdSVQBhYJZiGkluv_hbeRSk6xEtKe1Ryb7LzNg\" target=\"_blank\" rel=\"noopener noreferrer\">Activitat CM. Avaluaci\u00f3 de catal\u00e0 1r trimestre<\/a><\/span><\/p>\n<p><a href=\"https:\/\/drive.google.com\/open?id=1Zd5Q_8hoR4yv7zvaWV_B7gU8fGpRBtRroJBNPrwlSdk\" target=\"_blank\" rel=\"noopener noreferrer\"><span style=\"color: #800080;\">Activitat <em>CS. Preparem el viatge<\/em><\/span><\/a><\/td>\n<td style=\"width: 205.6px; height: 81px; text-align: center;\"><strong>\u00a0<\/strong><\/td>\n<\/tr>\n<tr style=\"height: 46px;\">\n<td style=\"width: 180.8px; height: 46px; text-align: center;\"><strong>Institut Merc\u00e8 Rodoreda<\/strong><\/p>\n<p><a href=\"https:\/\/blocs.xtec.cat\/xcbprojecte308\/category\/centres-docents\/institut-merce-rodoreda\/\" target=\"_blank\" rel=\"noopener noreferrer\">Blog. La vida petita<\/a><\/p>\n<p><span style=\"color: #800080;\"><a style=\"color: #800080;\" href=\"https:\/\/drive.google.com\/open?id=1pHVnznH093EG9m-Q6VrPb4GKg1Zn9SrCCB6ufgOZ2Sk\" target=\"_blank\" rel=\"noopener noreferrer\"><em>Activitat 1r ESO. Redacci\u00f3 del plantejament d&#8217;un conte<\/em><\/a><\/span><\/td>\n<td style=\"width: 182.4px; height: 46px; text-align: center;\"><strong>Institut Bisbe Berenguer<\/strong><\/p>\n<p><a href=\"https:\/\/blocs.xtec.cat\/xcbprojecte308\/category\/centres-docents\/institut-bisbe-berenguer\/\" target=\"_blank\" rel=\"noopener noreferrer\">Blog. Salut mental. El trivial de l&#8217;Hospitalet<\/a><\/p>\n<p><span style=\"color: #800080;\"><a style=\"color: #800080;\" href=\"https:\/\/drive.google.com\/open?id=1jcDJZx11mBJWdffPOInyDVzGDQNTSXdQ0xppBPyvG4E\" target=\"_blank\" rel=\"noopener noreferrer\"><em>Activitat 2n ESO. La Torre Eiffel en fraccions<\/em><\/a><\/span><\/p>\n<p><em><span style=\"color: #800080;\"><a style=\"color: #800080;\" href=\"https:\/\/drive.google.com\/open?id=1VFNpc-Gw5EDrwo0PV8DhN1wff4MsTYydomOci-_ctJY\" target=\"_blank\" rel=\"noopener noreferrer\">Activitat 3r ESO. Cohesi\u00f3n. Elipsis<\/a><\/span><\/em><\/td>\n<td style=\"width: 192px; height: 46px; text-align: center;\"><strong>Institut Margarida Xirgu<\/strong><\/p>\n<p><a href=\"https:\/\/blocs.xtec.cat\/xcbprojecte308\/category\/centres-docents\/institut-margarida-xirgu\/\" target=\"_blank\" rel=\"noopener noreferrer\">Blog. L&#8217;Hospitalet en joc<\/a><\/p>\n<p><span style=\"color: #800080;\"><a style=\"color: #800080;\" href=\"https:\/\/drive.google.com\/open?id=1Thtp__7ERaqFtL3hmjDXKF_xvGRi3UiqSWZstc5UDnk\" target=\"_blank\" rel=\"noopener noreferrer\"><em>Activitat 2n ESO. Menja&#8217;t el m\u00f3n<\/em><\/a><\/span><\/p>\n<p><a href=\"https:\/\/drive.google.com\/open?id=1N-r-Y4p0VfzwpMfVTKecQVvXy03D88GqpHX78Lj6VYI\" target=\"_blank\" rel=\"noopener noreferrer\"><em><span style=\"color: #800080;\">Activitat 2n ESO<\/span><\/em><\/a><\/td>\n<td style=\"width: 200.8px; height: 46px; text-align: center;\">&nbsp;<\/p>\n<p><strong>Institut Jaume Botey<\/strong><\/p>\n<p><a href=\"https:\/\/blocs.xtec.cat\/xcbprojecte308\/category\/centres-docents\/institut-nou\/\" target=\"_blank\" rel=\"noopener noreferrer\">Blog. Illes verdes<\/a><\/p>\n<p><span style=\"color: #800080;\"><a style=\"color: #800080;\" href=\"https:\/\/drive.google.com\/open?id=1rZry0ftezbZVFEQZSsnFYogGULn3C0FSu2FjCbJ6AVY\" target=\"_blank\" rel=\"noopener noreferrer\"><em>Activitat 1r ESO. Fem instruments musicals<\/em><\/a><\/span><\/p>\n<p><em><a href=\"https:\/\/drive.google.com\/open?id=1P1uGRbOWI0SZs97mZj5zI4YwQmX3duAljlWD4J7S_6s\" target=\"_blank\" rel=\"noopener noreferrer\"><span style=\"color: #800080;\">Activitat 2n ESO. La not\u00edcia. Comprensi\u00f3 lectora i expressi\u00f3 escrita<\/span><\/a><\/em><\/td>\n<td style=\"width: 205.6px; height: 46px; text-align: center;\"><strong>\u00a0<\/strong><\/td>\n<\/tr>\n<\/tbody>\n<\/table>\n","protected":false},"excerpt":{"rendered":"<p>Aquests s\u00f3n els diferents projectes i activitats que s&#8217;han fet als centres de la Xarxa de Compet\u00e8ncies B\u00e0siques: Escola Paco Candel Blog. Cap a on vaig? Activitat CS. Quins canvis. Cap a on vaig Escola Ernest Lluch Blog. Els continents Activitat CS. La carta &nbsp; Escola Bernat Metge Blog. L&#8217;aire \u00e9s mat\u00e8ria? Activitat EI. Totes [&hellip;]<\/p>\n","protected":false},"author":1,"featured_media":0,"parent":9398,"menu_order":0,"comment_status":"closed","ping_status":"closed","template":"","meta":{"_bbp_topic_count":0,"_bbp_reply_count":0,"_bbp_total_topic_count":0,"_bbp_total_reply_count":0,"_bbp_voice_count":0,"_bbp_anonymous_reply_count":0,"_bbp_topic_count_hidden":0,"_bbp_reply_count_hidden":0,"_bbp_forum_subforum_count":0,"site-sidebar-layout":"default","site-content-layout":"","ast-site-content-layout":"","site-content-style":"default","site-sidebar-style":"default","ast-global-header-display":"","ast-banner-title-visibility":"","ast-main-header-display":"","ast-hfb-above-header-display":"","ast-hfb-below-header-display":"","ast-hfb-mobile-header-display":"","site-post-title":"","ast-breadcrumbs-content":"","ast-featured-img":"","footer-sml-layout":"","theme-transparent-header-meta":"","adv-header-id-meta":"","stick-header-meta":"","header-above-stick-meta":"","header-main-stick-meta":"","header-below-stick-meta":"","astra-migrate-meta-layouts":"default","ast-page-background-enabled":"default","ast-page-background-meta":{"desktop":{"background-color":"var(--ast-global-color-4)","background-image":"","background-repeat":"repeat","background-position":"center center","background-size":"auto","background-attachment":"scroll","background-type":"","background-media":"","overlay-type":"","overlay-color":"","overlay-opacity":"","overlay-gradient":""},"tablet":{"background-color":"","background-image":"","background-repeat":"repeat","background-position":"center center","background-size":"auto","background-attachment":"scroll","background-type":"","background-media":"","overlay-type":"","overlay-color":"","overlay-opacity":"","overlay-gradient":""},"mobile":{"background-color":"","background-image":"","background-repeat":"repeat","background-position":"center center","background-size":"auto","background-attachment":"scroll","background-type":"","background-media":"","overlay-type":"","overlay-color":"","overlay-opacity":"","overlay-gradient":""}},"ast-content-background-meta":{"desktop":{"background-color":"var(--ast-global-color-5)","background-image":"","background-repeat":"repeat","background-position":"center center","background-size":"auto","background-attachment":"scroll","background-type":"","background-media":"","overlay-type":"","overlay-color":"","overlay-opacity":"","overlay-gradient":""},"tablet":{"background-color":"var(--ast-global-color-5)","background-image":"","background-repeat":"repeat","background-position":"center center","background-size":"auto","background-attachment":"scroll","background-type":"","background-media":"","overlay-type":"","overlay-color":"","overlay-opacity":"","overlay-gradient":""},"mobile":{"background-color":"var(--ast-global-color-5)","background-image":"","background-repeat":"repeat","background-position":"center center","background-size":"auto","background-attachment":"scroll","background-type":"","background-media":"","overlay-type":"","overlay-color":"","overlay-opacity":"","overlay-gradient":""}},"footnotes":""},"class_list":["post-13500","page","type-page","status-publish","hentry"],"post_mailing_queue_ids":[],"_links":{"self":[{"href":"https:\/\/serveiseducatius.xtec.cat\/hospitalet\/wp-json\/wp\/v2\/pages\/13500","targetHints":{"allow":["GET"]}}],"collection":[{"href":"https:\/\/serveiseducatius.xtec.cat\/hospitalet\/wp-json\/wp\/v2\/pages"}],"about":[{"href":"https:\/\/serveiseducatius.xtec.cat\/hospitalet\/wp-json\/wp\/v2\/types\/page"}],"author":[{"embeddable":true,"href":"https:\/\/serveiseducatius.xtec.cat\/hospitalet\/wp-json\/wp\/v2\/users\/1"}],"replies":[{"embeddable":true,"href":"https:\/\/serveiseducatius.xtec.cat\/hospitalet\/wp-json\/wp\/v2\/comments?post=13500"}],"version-history":[{"count":3,"href":"https:\/\/serveiseducatius.xtec.cat\/hospitalet\/wp-json\/wp\/v2\/pages\/13500\/revisions"}],"predecessor-version":[{"id":13542,"href":"https:\/\/serveiseducatius.xtec.cat\/hospitalet\/wp-json\/wp\/v2\/pages\/13500\/revisions\/13542"}],"up":[{"embeddable":true,"href":"https:\/\/serveiseducatius.xtec.cat\/hospitalet\/wp-json\/wp\/v2\/pages\/9398"}],"wp:attachment":[{"href":"https:\/\/serveiseducatius.xtec.cat\/hospitalet\/wp-json\/wp\/v2\/media?parent=13500"}],"curies":[{"name":"wp","href":"https:\/\/api.w.org\/{rel}","templated":true}]}}