{"id":1314,"date":"2016-03-15T10:23:40","date_gmt":"2016-03-15T09:23:40","guid":{"rendered":"http:\/\/serveiseducatius.xtec.cat\/hospitalet\/?page_id=1314"},"modified":"2026-04-13T12:35:27","modified_gmt":"2026-04-13T10:35:27","slug":"deteccio_necessitats","status":"publish","type":"page","link":"https:\/\/serveiseducatius.xtec.cat\/hospitalet\/deteccio_necessitats\/","title":{"rendered":"Detecci\u00f3 de necessitats PFZ"},"content":{"rendered":"\n<p>El Departament d\u2019Educaci\u00f3 ha establert uns objectius de formaci\u00f3 per donar resposta a les necessitats de formaci\u00f3 permanent dels centres educatius i dels docents de Catalunya.&nbsp;<strong>El Pla de Formaci\u00f3 de Zona (PFZ) de&nbsp;l\u2019Hospitalet de Llobregat<\/strong>&nbsp;\u00e9s la planificaci\u00f3 a nivell zonal de la formaci\u00f3 permanent del professorat, la qual incorpora les activitats de formaci\u00f3 en centre i altres activitats adre\u00e7ades a tot el professorat de la zona. El professorat i els centres educatius hi participen a trav\u00e9s del proc\u00e9s de detecci\u00f3 de necessitats, i mitjan\u00e7ant la seva representaci\u00f3 en la comissi\u00f3 del PFZ de la ciutat.<\/p>\n\n\n\n<figure class=\"wp-block-image aligncenter size-full\"><a href=\"https:\/\/serveiseducatius.xtec.cat\/hospitalet\/wp-content\/uploads\/usu542\/2022\/03\/pfz.png\"><img loading=\"lazy\" decoding=\"async\" width=\"200\" height=\"165\" src=\"https:\/\/serveiseducatius.xtec.cat\/hospitalet\/wp-content\/uploads\/usu542\/2022\/03\/pfz.png\" alt=\"\" class=\"wp-image-17956\"\/><\/a><\/figure>\n\n\n\n<p><\/p>\n\n\n\n<p>Durant el <strong>mes d\u2019abril<\/strong> i maig es fa el proc\u00e9s de\u00a0<strong>detecci\u00f3 de necessitats formatives a L&#8217;Hospitalet de Llobregat (PFZ) per al curs 2026-2027<\/strong>. Si voleu fer-nos arribar les vostres propostes formatives, ho podeu fer a trav\u00e9s dels seg\u00fcents formularis:<\/p>\n\n\n\n<ul class=\"wp-block-list\">\n<li><strong>Formaci\u00f3 en centre (<strong>NOM\u00c9S PER A EQUIPS DIRECTIUS<\/strong><\/strong>)<strong>.&nbsp;<\/strong>&nbsp;Omplint i enviant el&nbsp;formulari de sol\u00b7licitud de&nbsp;<strong><a href=\"https:\/\/docs.google.com\/forms\/d\/e\/1FAIpQLScUgLOdxfUh2AEX_VD_vzUIly7f3v3QH6_GzF9RPyrN9rKZVg\/viewform?usp=dialog\">FORMACI\u00d3 EN CENTRE<\/a><\/strong><a href=\"https:\/\/docs.google.com\/forms\/d\/1KacmO22pnsSoNy5-1OiohZoKrKqcPmUFmViNgVcwZaM\/edit\" target=\"_blank\" rel=\"noreferrer noopener\"><strong>.<\/strong><\/a>\n<ul class=\"wp-block-list\">\n<li>Consulteu les <a href=\"https:\/\/serveiseducatius.xtec.cat\/hospitalet\/modalitats_formacio\/\">modalitats de formaci\u00f3 en centre<\/a>.<\/li>\n<\/ul>\n<\/li>\n\n\n\n<li><strong>Formaci\u00f3 individual.&nbsp;<\/strong>Per a propostes a t\u00edtol individual, omplint i enviant el formulari de&nbsp;<strong><a href=\"https:\/\/forms.gle\/8Vg5Pd7v3F3WfJHN9\">FORMACI\u00d3 INDIVIDUAL.<\/a><\/strong><\/li>\n<\/ul>\n\n\n\n<p><\/p>\n\n\n\n<p>Un cop acabat el termini per fer-nos arribar les propostes, el vostre referent del CRP es posar\u00e0 en contacte amb vosaltres.<\/p>\n\n\n\n<p><\/p>\n\n\n\n<p>Durant el <strong>mes d\u2019octubre<\/strong> s&#8217;obre un<strong> segon proc\u00e9s<\/strong> de\u00a0<strong>detecci\u00f3 de necessitats formatives<\/strong> a L&#8217;Hospitalet de Llobregat (PFZ) per al curs 2026-2027. Per fer-nos arribar les vostres propostes formatives, ho podeu fer a trav\u00e9s d&#8217;aquest formulari:<\/p>\n\n\n\n<ul class=\"wp-block-list\">\n<li><strong>Formaci\u00f3 en centre 2n torn (<strong>NOM\u00c9S PER A EQUIPS DIRECTIUS<\/strong><\/strong>)<strong>.\u00a0<\/strong>\u00a0Omplint i enviant el\u00a0formulari de sol\u00b7licitud de\u00a0<strong><a href=\"https:\/\/docs.google.com\/forms\/d\/e\/1FAIpQLSee0AvfyNpVCgjVdsoldtf-mW4SmA71Rs7cIXtY3KT3s7GzCQ\/viewform?usp=dialog\">FORMACI\u00d3 EN CENTRE 2n torn<\/a>.<\/strong><\/li>\n<\/ul>\n\n\n\n<h4 class=\"wp-block-heading\">&nbsp;<\/h4>\n\n\n\n<p><\/p>\n","protected":false},"excerpt":{"rendered":"<p>El Departament d\u2019Educaci\u00f3 ha establert uns objectius de formaci\u00f3 per donar resposta a les necessitats de formaci\u00f3 permanent dels centres educatius i dels docents de Catalunya.&nbsp;El Pla de Formaci\u00f3 de Zona (PFZ) de&nbsp;l\u2019Hospitalet de Llobregat&nbsp;\u00e9s la planificaci\u00f3 a nivell zonal de la formaci\u00f3 permanent del professorat, la qual incorpora les activitats de formaci\u00f3 en centre [&hellip;]<\/p>\n","protected":false},"author":214,"featured_media":0,"parent":0,"menu_order":0,"comment_status":"closed","ping_status":"closed","template":"","meta":{"_bbp_topic_count":0,"_bbp_reply_count":0,"_bbp_total_topic_count":0,"_bbp_total_reply_count":0,"_bbp_voice_count":0,"_bbp_anonymous_reply_count":0,"_bbp_topic_count_hidden":0,"_bbp_reply_count_hidden":0,"_bbp_forum_subforum_count":0,"site-sidebar-layout":"default","site-content-layout":"","ast-site-content-layout":"default","site-content-style":"default","site-sidebar-style":"default","ast-global-header-display":"","ast-banner-title-visibility":"","ast-main-header-display":"","ast-hfb-above-header-display":"","ast-hfb-below-header-display":"","ast-hfb-mobile-header-display":"","site-post-title":"","ast-breadcrumbs-content":"","ast-featured-img":"","footer-sml-layout":"","theme-transparent-header-meta":"","adv-header-id-meta":"","stick-header-meta":"","header-above-stick-meta":"","header-main-stick-meta":"","header-below-stick-meta":"","astra-migrate-meta-layouts":"set","ast-page-background-enabled":"default","ast-page-background-meta":{"desktop":{"background-color":"var(--ast-global-color-4)","background-image":"","background-repeat":"repeat","background-position":"center center","background-size":"auto","background-attachment":"scroll","background-type":"","background-media":"","overlay-type":"","overlay-color":"","overlay-opacity":"","overlay-gradient":""},"tablet":{"background-color":"","background-image":"","background-repeat":"repeat","background-position":"center center","background-size":"auto","background-attachment":"scroll","background-type":"","background-media":"","overlay-type":"","overlay-color":"","overlay-opacity":"","overlay-gradient":""},"mobile":{"background-color":"","background-image":"","background-repeat":"repeat","background-position":"center center","background-size":"auto","background-attachment":"scroll","background-type":"","background-media":"","overlay-type":"","overlay-color":"","overlay-opacity":"","overlay-gradient":""}},"ast-content-background-meta":{"desktop":{"background-color":"var(--ast-global-color-5)","background-image":"","background-repeat":"repeat","background-position":"center center","background-size":"auto","background-attachment":"scroll","background-type":"","background-media":"","overlay-type":"","overlay-color":"","overlay-opacity":"","overlay-gradient":""},"tablet":{"background-color":"var(--ast-global-color-5)","background-image":"","background-repeat":"repeat","background-position":"center center","background-size":"auto","background-attachment":"scroll","background-type":"","background-media":"","overlay-type":"","overlay-color":"","overlay-opacity":"","overlay-gradient":""},"mobile":{"background-color":"var(--ast-global-color-5)","background-image":"","background-repeat":"repeat","background-position":"center center","background-size":"auto","background-attachment":"scroll","background-type":"","background-media":"","overlay-type":"","overlay-color":"","overlay-opacity":"","overlay-gradient":""}},"footnotes":""},"class_list":["post-1314","page","type-page","status-publish","hentry"],"post_mailing_queue_ids":[],"_links":{"self":[{"href":"https:\/\/serveiseducatius.xtec.cat\/hospitalet\/wp-json\/wp\/v2\/pages\/1314","targetHints":{"allow":["GET"]}}],"collection":[{"href":"https:\/\/serveiseducatius.xtec.cat\/hospitalet\/wp-json\/wp\/v2\/pages"}],"about":[{"href":"https:\/\/serveiseducatius.xtec.cat\/hospitalet\/wp-json\/wp\/v2\/types\/page"}],"author":[{"embeddable":true,"href":"https:\/\/serveiseducatius.xtec.cat\/hospitalet\/wp-json\/wp\/v2\/users\/214"}],"replies":[{"embeddable":true,"href":"https:\/\/serveiseducatius.xtec.cat\/hospitalet\/wp-json\/wp\/v2\/comments?post=1314"}],"version-history":[{"count":6,"href":"https:\/\/serveiseducatius.xtec.cat\/hospitalet\/wp-json\/wp\/v2\/pages\/1314\/revisions"}],"predecessor-version":[{"id":24817,"href":"https:\/\/serveiseducatius.xtec.cat\/hospitalet\/wp-json\/wp\/v2\/pages\/1314\/revisions\/24817"}],"wp:attachment":[{"href":"https:\/\/serveiseducatius.xtec.cat\/hospitalet\/wp-json\/wp\/v2\/media?parent=1314"}],"curies":[{"name":"wp","href":"https:\/\/api.w.org\/{rel}","templated":true}]}}