{"id":10901,"date":"2017-11-04T17:43:39","date_gmt":"2017-11-04T16:43:39","guid":{"rendered":"http:\/\/serveiseducatius.xtec.cat\/hospitalet\/?page_id=10901"},"modified":"2024-02-22T11:07:13","modified_gmt":"2024-02-22T10:07:13","slug":"tdah","status":"publish","type":"page","link":"https:\/\/serveiseducatius.xtec.cat\/hospitalet\/transtorns-daprenentatge\/tdah\/","title":{"rendered":"TDAH"},"content":{"rendered":"<p><img loading=\"lazy\" decoding=\"async\" class=\"alignleft size-full wp-image-10977\" src=\"http:\/\/serveiseducatius.xtec.cat\/hospitalet\/wp-content\/uploads\/usu542\/2017\/11\/button_recursos.jpg\" alt=\"\" width=\"113\" height=\"34\" \/><\/p>\n<p>&nbsp;<\/p>\n<p><a href=\"http:\/\/www.xtec.cat\/crp-conca\/informacio\/adana.pdf\" target=\"_blank\" rel=\"noopener noreferrer\"><img loading=\"lazy\" decoding=\"async\" class=\"alignleft size-full wp-image-11073\" src=\"http:\/\/serveiseducatius.xtec.cat\/hospitalet\/wp-content\/uploads\/usu542\/2017\/11\/RECURSOS1.jpg\" alt=\"\" width=\"170\" height=\"240\" \/><\/a><\/p>\n<p id=\"sites-page-title-header\" align=\"left\"><a href=\"http:\/\/www.xtec.cat\/crp-conca\/informacio\/adana.pdf\" target=\"_blank\" rel=\"noopener noreferrer\"><span id=\"sites-page-title\" dir=\"ltr\" tabindex=\"-1\">El alumne amb TDAH. Fundaci\u00f3 Adana.<\/span><\/a><\/p>\n<p><a href=\"http:\/\/www.xtec.cat\/crp-conca\/informacio\/adana.pdf\" target=\"_blank\" rel=\"nofollow noopener noreferrer\">Guia\u00a0<\/a>per families i educadors elaborada per la Fundaci\u00f3 Adana. Fa una descripci\u00f3 sobre el TDAH, elements associats, diagn\u00f2stic i diagn\u00f2stic a m\u00e9s d\u2019oferir diferents orientacions i pautes per intervenir des de l\u2019escola.<\/p>\n<p>&nbsp;<\/p>\n<p>&nbsp;<\/p>\n<p>&nbsp;<\/p>\n<div class=\"addtoany_share_save_container addtoany_content_bottom\"><\/div>\n<div class=\"addtoany_share_save_container addtoany_content_bottom\"><\/div>\n<div class=\"addtoany_share_save_container addtoany_content_bottom\"><\/div>\n<div class=\"addtoany_share_save_container addtoany_content_bottom\"><\/div>\n<p><img loading=\"lazy\" decoding=\"async\" class=\"alignleft size-full wp-image-10978\" src=\"http:\/\/serveiseducatius.xtec.cat\/hospitalet\/wp-content\/uploads\/usu542\/2017\/11\/button_guies.jpg\" alt=\"\" width=\"87\" height=\"34\" \/><\/p>\n<p>&nbsp;<\/p>\n<p><a href=\"http:\/\/ensenyament.gencat.cat\/web\/.content\/home\/departament\/publicacions\/colleccions\/inclusio\/tdah.pdf\" target=\"_blank\" rel=\"noopener noreferrer\"><img loading=\"lazy\" decoding=\"async\" class=\"alignleft size-full wp-image-11068\" src=\"http:\/\/serveiseducatius.xtec.cat\/hospitalet\/wp-content\/uploads\/usu542\/2017\/11\/GUIES-1.jpg\" alt=\"\" width=\"110\" height=\"155\" \/><\/a><a href=\"http:\/\/ensenyament.gencat.cat\/web\/.content\/home\/departament\/publicacions\/colleccions\/inclusio\/tdah.pdf\" target=\"_blank\" rel=\"noopener noreferrer\">Protocol de detecci\u00f3 i actuaci\u00f3 del TDAH en l\u2019\u00e0mbit educatiu (Guia oficial Dep. Ensenyament)<\/a><\/p>\n<p>El Departament d\u2019Ensenyament ja ha tret la guia per la detecci\u00f3 i actuaci\u00f3 dels nens amb TDAH en l\u2019\u00e0mbit educatiu. Podeu descarregar-la clicant a sobre la imatge.<\/p>\n<p>&nbsp;<\/p>\n<p>&nbsp;<\/p>\n<p><a href=\"http:\/\/weib.caib.es\/Recursos\/tdah\/GUIA_PRACTICA_TDAH.pdf\" target=\"_blank\" rel=\"noopener noreferrer\"><img loading=\"lazy\" decoding=\"async\" class=\"alignleft wp-image-11071\" src=\"http:\/\/serveiseducatius.xtec.cat\/hospitalet\/wp-content\/uploads\/usu542\/2017\/11\/GUIES-2.jpeg\" alt=\"\" width=\"126\" height=\"159\" \/><\/a><\/p>\n<h3 align=\"left\"><\/h3>\n<p id=\"sites-page-title-header\" align=\"left\"><a href=\"http:\/\/weib.caib.es\/Recursos\/tdah\/GUIA_PRACTICA_TDAH.pdf\" target=\"_blank\" rel=\"noopener noreferrer\"><span id=\"sites-page-title\" dir=\"ltr\" tabindex=\"-1\">Guia pr\u00e0ctica amb recomanacions d\u2019actuaci\u00f3 pels centres educatius en els casos d\u2019alumnes amb TDAH.<\/span><\/a><\/p>\n<p><span lang=\"CA\">Guia\u00a0pr\u00e0ctica amb recomanacions d\u2019actuaci\u00f3 per als centres educatius en els casos d\u2019alumnes amb TDAH.<b>\u00a0<\/b>Elaborada per:<b>\u00a0<\/b>STILL. Associaci\u00f3 Balear de Pares de Nins amb TDAH.\u00a0<\/span><span lang=\"CA\">En aquesta guia es plantegen pautes i actuacions espec\u00edfiques a nivell d\u2019organitzaci\u00f3 de centre i tamb\u00e9 estrat\u00e8gies d\u2019atenci\u00f3 del professorat.<\/span><\/p>\n<p>&nbsp;<\/p>\n","protected":false},"excerpt":{"rendered":"<p>&nbsp; El alumne amb TDAH. Fundaci\u00f3 Adana. Guia\u00a0per families i educadors elaborada per la Fundaci\u00f3 Adana. Fa una descripci\u00f3 sobre el TDAH, elements associats, diagn\u00f2stic i diagn\u00f2stic a m\u00e9s d\u2019oferir diferents orientacions i pautes per intervenir des de l\u2019escola. &nbsp; &nbsp; &nbsp; &nbsp; Protocol de detecci\u00f3 i actuaci\u00f3 del TDAH en l\u2019\u00e0mbit educatiu (Guia oficial [&hellip;]<\/p>\n","protected":false},"author":8,"featured_media":0,"parent":9598,"menu_order":0,"comment_status":"closed","ping_status":"closed","template":"page-templates\/side-menu.php","meta":{"_bbp_topic_count":0,"_bbp_reply_count":0,"_bbp_total_topic_count":0,"_bbp_total_reply_count":0,"_bbp_voice_count":0,"_bbp_anonymous_reply_count":0,"_bbp_topic_count_hidden":0,"_bbp_reply_count_hidden":0,"_bbp_forum_subforum_count":0,"site-sidebar-layout":"default","site-content-layout":"","ast-site-content-layout":"","site-content-style":"default","site-sidebar-style":"default","ast-global-header-display":"","ast-banner-title-visibility":"","ast-main-header-display":"","ast-hfb-above-header-display":"","ast-hfb-below-header-display":"","ast-hfb-mobile-header-display":"","site-post-title":"","ast-breadcrumbs-content":"","ast-featured-img":"","footer-sml-layout":"","theme-transparent-header-meta":"","adv-header-id-meta":"","stick-header-meta":"","header-above-stick-meta":"","header-main-stick-meta":"","header-below-stick-meta":"","astra-migrate-meta-layouts":"default","ast-page-background-enabled":"default","ast-page-background-meta":{"desktop":{"background-color":"var(--ast-global-color-4)","background-image":"","background-repeat":"repeat","background-position":"center center","background-size":"auto","background-attachment":"scroll","background-type":"","background-media":"","overlay-type":"","overlay-color":"","overlay-opacity":"","overlay-gradient":""},"tablet":{"background-color":"","background-image":"","background-repeat":"repeat","background-position":"center center","background-size":"auto","background-attachment":"scroll","background-type":"","background-media":"","overlay-type":"","overlay-color":"","overlay-opacity":"","overlay-gradient":""},"mobile":{"background-color":"","background-image":"","background-repeat":"repeat","background-position":"center center","background-size":"auto","background-attachment":"scroll","background-type":"","background-media":"","overlay-type":"","overlay-color":"","overlay-opacity":"","overlay-gradient":""}},"ast-content-background-meta":{"desktop":{"background-color":"var(--ast-global-color-5)","background-image":"","background-repeat":"repeat","background-position":"center center","background-size":"auto","background-attachment":"scroll","background-type":"","background-media":"","overlay-type":"","overlay-color":"","overlay-opacity":"","overlay-gradient":""},"tablet":{"background-color":"var(--ast-global-color-5)","background-image":"","background-repeat":"repeat","background-position":"center center","background-size":"auto","background-attachment":"scroll","background-type":"","background-media":"","overlay-type":"","overlay-color":"","overlay-opacity":"","overlay-gradient":""},"mobile":{"background-color":"var(--ast-global-color-5)","background-image":"","background-repeat":"repeat","background-position":"center center","background-size":"auto","background-attachment":"scroll","background-type":"","background-media":"","overlay-type":"","overlay-color":"","overlay-opacity":"","overlay-gradient":""}},"footnotes":""},"class_list":["post-10901","page","type-page","status-publish","hentry"],"post_mailing_queue_ids":[],"_links":{"self":[{"href":"https:\/\/serveiseducatius.xtec.cat\/hospitalet\/wp-json\/wp\/v2\/pages\/10901","targetHints":{"allow":["GET"]}}],"collection":[{"href":"https:\/\/serveiseducatius.xtec.cat\/hospitalet\/wp-json\/wp\/v2\/pages"}],"about":[{"href":"https:\/\/serveiseducatius.xtec.cat\/hospitalet\/wp-json\/wp\/v2\/types\/page"}],"author":[{"embeddable":true,"href":"https:\/\/serveiseducatius.xtec.cat\/hospitalet\/wp-json\/wp\/v2\/users\/8"}],"replies":[{"embeddable":true,"href":"https:\/\/serveiseducatius.xtec.cat\/hospitalet\/wp-json\/wp\/v2\/comments?post=10901"}],"version-history":[{"count":1,"href":"https:\/\/serveiseducatius.xtec.cat\/hospitalet\/wp-json\/wp\/v2\/pages\/10901\/revisions"}],"predecessor-version":[{"id":20692,"href":"https:\/\/serveiseducatius.xtec.cat\/hospitalet\/wp-json\/wp\/v2\/pages\/10901\/revisions\/20692"}],"up":[{"embeddable":true,"href":"https:\/\/serveiseducatius.xtec.cat\/hospitalet\/wp-json\/wp\/v2\/pages\/9598"}],"wp:attachment":[{"href":"https:\/\/serveiseducatius.xtec.cat\/hospitalet\/wp-json\/wp\/v2\/media?parent=10901"}],"curies":[{"name":"wp","href":"https:\/\/api.w.org\/{rel}","templated":true}]}}

<p><img loading="lazy" decoding="async" class="alignleft size-full wp-image-10977" src="http://serveiseducatius.xtec.cat/hospitalet/wp-content/uploads/usu542/2017/11/button_recursos.jpg" alt="" width="113" height="34" /></p>
<p>&nbsp;</p>
<p><a href="http://www.xtec.cat/crp-conca/informacio/adana.pdf" target="_blank" rel="noopener noreferrer"><img loading="lazy" decoding="async" class="alignleft size-full wp-image-11073" src="http://serveiseducatius.xtec.cat/hospitalet/wp-content/uploads/usu542/2017/11/RECURSOS1.jpg" alt="" width="170" height="240" /></a></p>
<p id="sites-page-title-header" align="left"><a href="http://www.xtec.cat/crp-conca/informacio/adana.pdf" target="_blank" rel="noopener noreferrer"><span id="sites-page-title" dir="ltr" tabindex="-1">El alumne amb TDAH. Fundació Adana.</span></a></p>
<p><a href="http://www.xtec.cat/crp-conca/informacio/adana.pdf" target="_blank" rel="nofollow noopener noreferrer">Guia </a>per families i educadors elaborada per la Fundació Adana. Fa una descripció sobre el TDAH, elements associats, diagnòstic i diagnòstic a més d’oferir diferents orientacions i pautes per intervenir des de l’escola.</p>
<p>&nbsp;</p>
<p>&nbsp;</p>
<p>&nbsp;</p>
<div class="addtoany_share_save_container addtoany_content_bottom"></div>
<div class="addtoany_share_save_container addtoany_content_bottom"></div>
<div class="addtoany_share_save_container addtoany_content_bottom"></div>
<div class="addtoany_share_save_container addtoany_content_bottom"></div>
<p><img loading="lazy" decoding="async" class="alignleft size-full wp-image-10978" src="http://serveiseducatius.xtec.cat/hospitalet/wp-content/uploads/usu542/2017/11/button_guies.jpg" alt="" width="87" height="34" /></p>
<p>&nbsp;</p>
<p><a href="http://ensenyament.gencat.cat/web/.content/home/departament/publicacions/colleccions/inclusio/tdah.pdf" target="_blank" rel="noopener noreferrer"><img loading="lazy" decoding="async" class="alignleft size-full wp-image-11068" src="http://serveiseducatius.xtec.cat/hospitalet/wp-content/uploads/usu542/2017/11/GUIES-1.jpg" alt="" width="110" height="155" /></a><a href="http://ensenyament.gencat.cat/web/.content/home/departament/publicacions/colleccions/inclusio/tdah.pdf" target="_blank" rel="noopener noreferrer">Protocol de detecció i actuació del TDAH en l’àmbit educatiu (Guia oficial Dep. Ensenyament)</a></p>
<p>El Departament d’Ensenyament ja ha tret la guia per la detecció i actuació dels nens amb TDAH en l’àmbit educatiu. Podeu descarregar-la clicant a sobre la imatge.</p>
<p>&nbsp;</p>
<p>&nbsp;</p>
<p><a href="http://weib.caib.es/Recursos/tdah/GUIA_PRACTICA_TDAH.pdf" target="_blank" rel="noopener noreferrer"><img loading="lazy" decoding="async" class="alignleft wp-image-11071" src="http://serveiseducatius.xtec.cat/hospitalet/wp-content/uploads/usu542/2017/11/GUIES-2.jpeg" alt="" width="126" height="159" /></a></p>
<h3 align="left"></h3>
<p id="sites-page-title-header" align="left"><a href="http://weib.caib.es/Recursos/tdah/GUIA_PRACTICA_TDAH.pdf" target="_blank" rel="noopener noreferrer"><span id="sites-page-title" dir="ltr" tabindex="-1">Guia pràctica amb recomanacions d’actuació pels centres educatius en els casos d’alumnes amb TDAH.</span></a></p>
<p><span lang="CA">Guia pràctica amb recomanacions d’actuació per als centres educatius en els casos d’alumnes amb TDAH.<b> </b>Elaborada per:<b> </b>STILL. Associació Balear de Pares de Nins amb TDAH. </span><span lang="CA">En aquesta guia es plantegen pautes i actuacions específiques a nivell d’organització de centre i també estratègies d’atenció del professorat.</span></p>
<p>&nbsp;</p>

<p>&nbsp; El alumne amb TDAH. Fundació Adana. Guia per families i educadors elaborada per la Fundació Adana. Fa una descripció sobre el TDAH, elements associats, diagnòstic i diagnòstic a més d’oferir diferents orientacions i pautes per intervenir des de l’escola. &nbsp; &nbsp; &nbsp; &nbsp; Protocol de detecció i actuació del TDAH en l’àmbit educatiu (Guia oficial [&hellip;]</p>
