{"id":9236,"date":"2021-03-25T12:16:34","date_gmt":"2021-03-25T11:16:34","guid":{"rendered":"http:\/\/serveiseducatius.xtec.cat\/horta-guinardo\/?page_id=9236"},"modified":"2026-03-10T10:15:50","modified_gmt":"2026-03-10T09:15:50","slug":"centres-concertats-i-privats","status":"publish","type":"page","link":"https:\/\/serveiseducatius.xtec.cat\/horta-guinardo\/comunitat\/centres-del-districte-dhg\/centres-concertats-i-privats\/","title":{"rendered":"Centres concertats i privats"},"content":{"rendered":"\n<figure class=\"wp-block-table is-style-stripes\"><table class=\"has-fixed-layout\"><tbody><tr><td colspan=\"2\">&nbsp;<\/td><\/tr><tr><td colspan=\"2\"><b>Centres d&#8217;Educaci\u00f3 Especial (Concertats)<\/b><\/td><\/tr><tr><td><a href=\"https:\/\/www.carrilet.org\/es\/escuela\/\" target=\"_blank\" rel=\"noopener noreferrer\"><span style=\"font-weight: 400;\">CARRILET<\/span><\/a><\/td><td><a href=\"https:\/\/fepmontserratfp.cat\/\">FEP <span style=\"font-weight: 400;\">MARE DE D\u00c9U DE MONTSERRAT<\/span><\/a><\/td><\/tr><tr><td><a href=\"https:\/\/www.fundacionendeu.org\/ca\/escola-educacio-especial\/\">NEN DEU<\/a><\/td><td><a href=\"http:\/\/www.escolarel.com\/\"><span style=\"font-weight: 400;\">REL<\/span><\/a><\/td><\/tr><tr><td><span style=\"font-weight: 400;\"> <a href=\"http:\/\/www.aprenents.cat\/\">SANT GEN\u00cdS DELS AGUDELLS<\/a><\/span><\/td><td>&nbsp;<\/td><\/tr><tr><td colspan=\"2\"><b>Centres d&#8217;Educaci\u00f3 Infantil, Prim\u00e0ria i Secund\u00e0ria (Concertats)<\/b><\/td><\/tr><tr><td><a href=\"http:\/\/www.acisarturmartorell.cat\/\"><span style=\"font-weight: 400;\">ACIS ARTUR MARTORELL<\/span><\/a><\/td><td><span style=\"font-weight: 400;\"><a href=\"https:\/\/agora.xtec.cat\/escola-piaget\/\">PIAGET<\/a><\/span><\/td><\/tr><tr><td><a href=\"http:\/\/spinola.abatoliba.edu\/\"><span style=\"font-weight: 400;\">ABAT OLIBA SP\u00cdNOLA<\/span><\/a><\/td><td><span style=\"font-weight: 400;\"><a href=\"https:\/\/hvdbarcelona.es\/\">PROVID\u00c8NCIA DEL COR DE JES\u00daS<\/a><\/span> (Scala Dei)<\/td><\/tr><tr><td><a href=\"http:\/\/www.escolaguinardo.cat\/\"><span style=\"font-weight: 400;\">ESCOLA GUINARD\u00d3<\/span><\/a><\/td><td><span style=\"font-weight: 400;\"><a href=\"https:\/\/reginahorta.com\/\">REGINA CARMELI<\/a><\/span><\/td><\/tr><tr><td><a href=\"http:\/\/www.virolai.com\/\"><span style=\"font-weight: 400;\">VIROLAI<\/span><\/a><\/td><td><a href=\"http:\/\/www.palcam.cat\/\"><span style=\"font-weight: 400;\">PALCAM<\/span><\/a><\/td><\/tr><tr><td><span style=\"font-weight: 400;\"><a href=\"https:\/\/immaculadahorta.com\/\">IMMACULADA CONCEPCI\u00d3<\/a><\/span><\/td><td><a href=\"http:\/\/www.safahorta.net\/\"><span style=\"font-weight: 400;\">SAGRADA FAM\u00cdLIA HORTA<\/span><\/a><\/td><\/tr><tr><td><span style=\"font-weight: 400;\"><a href=\"https:\/\/horta.lasalle.cat\/\">LA SALLE HORTA<\/a><\/span><\/td><td><a href=\"http:\/\/horta.salesians.cat\/\"><span style=\"font-weight: 400;\">SANT JOAN BOSCO D&#8217;HORTA<\/span><\/a> (Salesians Horta)<\/td><\/tr><tr><td><a href=\"http:\/\/www.liceucastrodelapenya.com\/\"><span style=\"font-weight: 400;\">LICEO CASTRO DE LA PE\u00d1A<\/span><\/a><\/td><td><a href=\"http:\/\/www.fedac.cat\/horta\/\"><span style=\"font-weight: 400;\">FEDAC HORTA<\/span><\/a><\/td><\/tr><tr><td><a href=\"http:\/\/www.colegiosantateresa.info\/\"><span style=\"font-weight: 400;\">SANTA TERESA DE JES\u00daS<\/span><\/a><\/td><td>&nbsp;<\/td><\/tr><tr><td><span style=\"font-weight: 400;\">&nbsp;<\/span><\/td><td>&nbsp;<\/td><\/tr><tr><td colspan=\"2\"><b>Centre Educatiu Infantil, Prim\u00e0ria i Secund\u00e0ria (Privat)<\/b><\/td><\/tr><tr><td><a href=\"https:\/\/www.princessmargaret.org\/es\/formacion-escolar\/modelo-educativo?gclid=Cj0KCQjw--GFBhDeARIsACH_kdaau5btGw-pxAbp3BB3ACE32I9sq-bG2Eop9n0B3tIxppLHgHUjUX8aAj8bEALw_wcB\"><span style=\"font-weight: 400;\">PRINCESS MARGARET<\/span><\/a><\/td><td><span style=\"font-weight: 400;\">&nbsp;<\/span><\/td><\/tr><tr><td colspan=\"2\"><b>Centres d&#8217;Educaci\u00f3 Infantil (Privats)<\/b><\/td><\/tr><tr><td><a href=\"https:\/\/llarcalimero.blogspot.com\/\"><span style=\"font-weight: 400;\">CALIMERO<\/span> D&#8217;HORTA<\/a><\/td><td><span style=\"font-weight: 400;\"><a href=\"https:\/\/agora.xtec.cat\/ll-airet-bcn\/\">L&#8217;AIRET<\/a><\/span><\/td><\/tr><tr><td><span style=\"font-weight: 400;\"><a href=\"https:\/\/spinola.abatoliba.edu\/\">ABAT OLIBA SP\u00cdNOLA<\/a><\/span><\/td><td><span style=\"font-weight: 400;\"><a href=\"https:\/\/www.acisarturmartorell.cat\/\">L&#8217;ACIS<\/a><\/span><\/td><\/tr><tr><td><span style=\"font-weight: 400;\"><a href=\"https:\/\/www.petitslheura.es\/\">PETITS L&#8217;HEURA<\/a><\/span><\/td><td><a href=\"https:\/\/liceucastrodelapenya.com\/florsdemaig\/\">FLORS DE MAIG<\/a><\/td><\/tr><tr><td><span style=\"font-weight: 400;\"><a href=\"https:\/\/www.infantsgaudi.com\/\">GAUD\u00cd-GUINARD\u00d3<\/a><\/span><\/td><td><a href=\"https:\/\/www.escolainfantilpasapas.cat\/\">PAS A PAS<\/a><\/td><\/tr><tr><td><a href=\"https:\/\/llarinfantsolcar.wixsite.com\/llardinfantssolcar\">SOLCAR<\/a><\/td><td><a href=\"https:\/\/waldorfbarcelona.org\/\">WALDORF STEINER ROSA D&#8217;ABRIL<\/a><\/td><\/tr><tr><td><\/td><td><\/td><\/tr><tr><td><\/td><td><\/td><\/tr><tr><td><\/td><td><\/td><\/tr><\/tbody><\/table><\/figure>\n\n\n","protected":false},"excerpt":{"rendered":"<p>&nbsp; Centres d&#8217;Educaci\u00f3 Especial (Concertats) CARRILET FEP MARE DE D\u00c9U DE MONTSERRAT NEN DEU REL SANT GEN\u00cdS DELS AGUDELLS &nbsp; Centres d&#8217;Educaci\u00f3 Infantil, Prim\u00e0ria i Secund\u00e0ria (Concertats) ACIS ARTUR MARTORELL PIAGET ABAT OLIBA SP\u00cdNOLA PROVID\u00c8NCIA DEL COR DE JES\u00daS (Scala Dei) ESCOLA GUINARD\u00d3 REGINA CARMELI VIROLAI PALCAM IMMACULADA CONCEPCI\u00d3 SAGRADA FAM\u00cdLIA HORTA LA SALLE HORTA [&hellip;]<\/p>\n","protected":false},"author":1,"featured_media":0,"parent":8214,"menu_order":0,"comment_status":"closed","ping_status":"closed","template":"","meta":{"_bbp_topic_count":0,"_bbp_reply_count":0,"_bbp_total_topic_count":0,"_bbp_total_reply_count":0,"_bbp_voice_count":0,"_bbp_anonymous_reply_count":0,"_bbp_topic_count_hidden":0,"_bbp_reply_count_hidden":0,"_bbp_forum_subforum_count":0,"site-sidebar-layout":"default","site-content-layout":"","ast-site-content-layout":"default","site-content-style":"default","site-sidebar-style":"default","ast-global-header-display":"","ast-banner-title-visibility":"","ast-main-header-display":"","ast-hfb-above-header-display":"","ast-hfb-below-header-display":"","ast-hfb-mobile-header-display":"","site-post-title":"","ast-breadcrumbs-content":"","ast-featured-img":"","footer-sml-layout":"","theme-transparent-header-meta":"","adv-header-id-meta":"","stick-header-meta":"","header-above-stick-meta":"","header-main-stick-meta":"","header-below-stick-meta":"","astra-migrate-meta-layouts":"set","ast-page-background-enabled":"default","ast-page-background-meta":{"desktop":{"background-color":"var(--ast-global-color-4)","background-image":"","background-repeat":"repeat","background-position":"center center","background-size":"auto","background-attachment":"scroll","background-type":"","background-media":"","overlay-type":"","overlay-color":"","overlay-opacity":"","overlay-gradient":""},"tablet":{"background-color":"","background-image":"","background-repeat":"repeat","background-position":"center center","background-size":"auto","background-attachment":"scroll","background-type":"","background-media":"","overlay-type":"","overlay-color":"","overlay-opacity":"","overlay-gradient":""},"mobile":{"background-color":"","background-image":"","background-repeat":"repeat","background-position":"center center","background-size":"auto","background-attachment":"scroll","background-type":"","background-media":"","overlay-type":"","overlay-color":"","overlay-opacity":"","overlay-gradient":""}},"ast-content-background-meta":{"desktop":{"background-color":"var(--ast-global-color-5)","background-image":"","background-repeat":"repeat","background-position":"center center","background-size":"auto","background-attachment":"scroll","background-type":"","background-media":"","overlay-type":"","overlay-color":"","overlay-opacity":"","overlay-gradient":""},"tablet":{"background-color":"var(--ast-global-color-5)","background-image":"","background-repeat":"repeat","background-position":"center center","background-size":"auto","background-attachment":"scroll","background-type":"","background-media":"","overlay-type":"","overlay-color":"","overlay-opacity":"","overlay-gradient":""},"mobile":{"background-color":"var(--ast-global-color-5)","background-image":"","background-repeat":"repeat","background-position":"center center","background-size":"auto","background-attachment":"scroll","background-type":"","background-media":"","overlay-type":"","overlay-color":"","overlay-opacity":"","overlay-gradient":""}},"footnotes":""},"class_list":["post-9236","page","type-page","status-publish","hentry"],"post_mailing_queue_ids":[],"_links":{"self":[{"href":"https:\/\/serveiseducatius.xtec.cat\/horta-guinardo\/wp-json\/wp\/v2\/pages\/9236","targetHints":{"allow":["GET"]}}],"collection":[{"href":"https:\/\/serveiseducatius.xtec.cat\/horta-guinardo\/wp-json\/wp\/v2\/pages"}],"about":[{"href":"https:\/\/serveiseducatius.xtec.cat\/horta-guinardo\/wp-json\/wp\/v2\/types\/page"}],"author":[{"embeddable":true,"href":"https:\/\/serveiseducatius.xtec.cat\/horta-guinardo\/wp-json\/wp\/v2\/users\/1"}],"replies":[{"embeddable":true,"href":"https:\/\/serveiseducatius.xtec.cat\/horta-guinardo\/wp-json\/wp\/v2\/comments?post=9236"}],"version-history":[{"count":5,"href":"https:\/\/serveiseducatius.xtec.cat\/horta-guinardo\/wp-json\/wp\/v2\/pages\/9236\/revisions"}],"predecessor-version":[{"id":12769,"href":"https:\/\/serveiseducatius.xtec.cat\/horta-guinardo\/wp-json\/wp\/v2\/pages\/9236\/revisions\/12769"}],"up":[{"embeddable":true,"href":"https:\/\/serveiseducatius.xtec.cat\/horta-guinardo\/wp-json\/wp\/v2\/pages\/8214"}],"wp:attachment":[{"href":"https:\/\/serveiseducatius.xtec.cat\/horta-guinardo\/wp-json\/wp\/v2\/media?parent=9236"}],"curies":[{"name":"wp","href":"https:\/\/api.w.org\/{rel}","templated":true}]}}