{"id":9035,"date":"2020-10-13T18:56:37","date_gmt":"2020-10-13T16:56:37","guid":{"rendered":"http:\/\/serveiseducatius.xtec.cat\/gracia\/?page_id=9035"},"modified":"2022-07-04T11:23:47","modified_gmt":"2022-07-04T09:23:47","slug":"coeducat-amb-gracia-recursos-sobre-coeducacio","status":"publish","type":"page","link":"https:\/\/serveiseducatius.xtec.cat\/gracia\/recursos\/coeducat-amb-gracia-recursos-sobre-coeducacio\/","title":{"rendered":"Coeduca\u2019t amb Gr\u00e0cia (recursos sobre coeducaci\u00f3)"},"content":{"rendered":"<p><img loading=\"lazy\" decoding=\"async\" class=\"alignleft wp-image-9675 \" src=\"https:\/\/serveiseducatius.xtec.cat\/gracia\/wp-content\/uploads\/usu1170\/2021\/09\/LOGO-Coeducat-amb-Gracia-2-3-e1631634049365.png\" alt=\"\" width=\"311\" height=\"304\" srcset=\"https:\/\/serveiseducatius.xtec.cat\/gracia\/wp-content\/uploads\/usu1170\/2021\/09\/LOGO-Coeducat-amb-Gracia-2-3-e1631634049365.png 487w, https:\/\/serveiseducatius.xtec.cat\/gracia\/wp-content\/uploads\/usu1170\/2021\/09\/LOGO-Coeducat-amb-Gracia-2-3-e1631634049365-300x293.png 300w\" sizes=\"auto, (max-width: 311px) 100vw, 311px\" \/>La<span style=\"color: #800080;\"> <strong>coeducaci\u00f3<\/strong><\/span> \u00e9s l\u2019acci\u00f3 educativa fonamentada en el reconeixement de les potencialitats i individualitats de tot l\u2019alumnat, independentment del seu sexe potenciant aix\u00ed la igualtat real d\u2019oportunitats.<\/p>\n<p>La igualtat de g\u00e8nere fa refer\u00e8ncia a la necessitat de corregir les discriminacions i valorar les difer\u00e8ncies enriquidores dels dos sexes.<\/p>\n<p>La coeducaci\u00f3 proporciona tant a l\u2019alumnat, com al professorat i a tota la comunitat educativa, estrat\u00e8gies que poden modificar les relacions de poder, d\u2019ab\u00fas i de limitacions estereotipades per a cada g\u00e8nere, esdevenint veritables agents de transformaci\u00f3.<\/p>\n<p>Una bona acci\u00f3 coeducadora tant a nivell de centre, com d\u2019aula i entorn \u00e9s fonamental per prevenir la viol\u00e8ncia masclista i\u00a0LGTBIf\u00f2bica, per reduir conductes de risc i per facilitar la detecci\u00f3 prematura de relacions abusives.<\/p>\n<p>Des del CRP Gr\u00e0cia entenem la coeducaci\u00f3 com un eix transversal per treballar en diverses \u00e0rees. <span style=\"color: #800080;\"><strong>Coeduca\u2019t amb Gr\u00e0cia <\/strong><\/span>\u00e9s l\u2019espai on trobareu disponibles en pr\u00e9stec diferents recursos i materials per a treballar la coeducaci\u00f3 al centre.<\/p>\n<p><strong>\u00a0<\/strong><\/p>\n<p><span style=\"color: #800080;\"><strong>COEDUCA\u2019T AMB GR\u00c0CIA: MATERIALS I RECURSOS<\/strong><\/span><\/p>\n<p><span style=\"color: #800080;\"><strong>BIBLIOMALETES: <\/strong><\/span><\/p>\n<ul>\n<li><strong><a href=\"https:\/\/drive.google.com\/file\/d\/1jtYIyfs6Mva9WgN7aa0HQF60pSUWA2hP\/view?usp=sharing\"><span style=\"color: #800080;\">Igualtat de g\u00e8nere i diversitat <\/span><\/a><\/strong>(disponible en pr\u00e9stec a la Biblioteca Jaume Fuster)<img loading=\"lazy\" decoding=\"async\" class=\"alignright size-full wp-image-9042\" src=\"https:\/\/serveiseducatius.xtec.cat\/gracia\/wp-content\/uploads\/usu1170\/2020\/04\/Igualtat-de-g\u00e9nere.jpg\" alt=\"\" width=\"5380\" height=\"3387\" srcset=\"https:\/\/serveiseducatius.xtec.cat\/gracia\/wp-content\/uploads\/usu1170\/2020\/04\/Igualtat-de-g\u00e9nere.jpg 5380w, https:\/\/serveiseducatius.xtec.cat\/gracia\/wp-content\/uploads\/usu1170\/2020\/04\/Igualtat-de-g\u00e9nere-300x189.jpg 300w, https:\/\/serveiseducatius.xtec.cat\/gracia\/wp-content\/uploads\/usu1170\/2020\/04\/Igualtat-de-g\u00e9nere-768x483.jpg 768w, https:\/\/serveiseducatius.xtec.cat\/gracia\/wp-content\/uploads\/usu1170\/2020\/04\/Igualtat-de-g\u00e9nere-1024x645.jpg 1024w\" sizes=\"auto, (max-width: 5380px) 100vw, 5380px\" \/><\/li>\n<li><strong><strong><a href=\"https:\/\/drive.google.com\/file\/d\/1kubrmaY9U21iBE_-nxDvYfZjezZSCQJX\/view?usp=sharing\"><span style=\"color: #800080;\">Revisant rols i papers en els contes tradicionals <\/span><\/a><\/strong><\/strong>(disponible en pr\u00e9stec a la Biblioteca Vila de Gr\u00e0cia)<img loading=\"lazy\" decoding=\"async\" class=\"alignright wp-image-9051\" src=\"https:\/\/serveiseducatius.xtec.cat\/gracia\/wp-content\/uploads\/usu1170\/2020\/04\/Contes-tradicionals.jpg\" alt=\"\" width=\"5380\" height=\"3387\" srcset=\"https:\/\/serveiseducatius.xtec.cat\/gracia\/wp-content\/uploads\/usu1170\/2020\/04\/Contes-tradicionals.jpg 5380w, https:\/\/serveiseducatius.xtec.cat\/gracia\/wp-content\/uploads\/usu1170\/2020\/04\/Contes-tradicionals-300x189.jpg 300w, https:\/\/serveiseducatius.xtec.cat\/gracia\/wp-content\/uploads\/usu1170\/2020\/04\/Contes-tradicionals-768x483.jpg 768w, https:\/\/serveiseducatius.xtec.cat\/gracia\/wp-content\/uploads\/usu1170\/2020\/04\/Contes-tradicionals-1024x645.jpg 1024w\" sizes=\"auto, (max-width: 5380px) 100vw, 5380px\" \/><\/li>\n<li><strong><strong><span style=\"color: #800080;\"><a href=\"https:\/\/drive.google.com\/file\/d\/1mREn9UYCswoA9romrSDX8tiYtKYZMhDO\/view?usp=sharing\">Sexualitat <\/a><\/span><\/strong><\/strong><span style=\"color: #000000;\">(disponible en pr\u00e9stec a la Biblioteca Vallcarca i els Penitents \u2014 M. Antonieta Cot)<\/span><strong><strong><span style=\"color: #800080;\"><a href=\"https:\/\/drive.google.com\/file\/d\/1mREn9UYCswoA9romrSDX8tiYtKYZMhDO\/view?usp=sharing\"><br \/>\n<\/a><\/span><\/strong><\/strong><strong><span style=\"color: #800080;\"> <img loading=\"lazy\" decoding=\"async\" class=\"alignright size-full wp-image-9053\" src=\"https:\/\/serveiseducatius.xtec.cat\/gracia\/wp-content\/uploads\/usu1170\/2020\/04\/sexualitat-1.jpg\" alt=\"\" width=\"5380\" height=\"3387\" srcset=\"https:\/\/serveiseducatius.xtec.cat\/gracia\/wp-content\/uploads\/usu1170\/2020\/04\/sexualitat-1.jpg 5380w, https:\/\/serveiseducatius.xtec.cat\/gracia\/wp-content\/uploads\/usu1170\/2020\/04\/sexualitat-1-300x189.jpg 300w, https:\/\/serveiseducatius.xtec.cat\/gracia\/wp-content\/uploads\/usu1170\/2020\/04\/sexualitat-1-768x483.jpg 768w, https:\/\/serveiseducatius.xtec.cat\/gracia\/wp-content\/uploads\/usu1170\/2020\/04\/sexualitat-1-1024x645.jpg 1024w\" sizes=\"auto, (max-width: 5380px) 100vw, 5380px\" \/><\/span><\/strong><\/li>\n<\/ul>\n<p>&nbsp;<\/p>\n<p><span style=\"color: #800080;\"><strong>Recursos TAC: <\/strong><\/span><\/p>\n<ul>\n<li>Pack d\u2019aula Blue-Bot + accessoris<\/li>\n<li>Micro:bit Smart Home Kit (8)<\/li>\n<li>BBC micro:bit Starter Kit (8)<\/li>\n<\/ul>\n<p><span style=\"color: #800080;\"><strong>Recursos de matem\u00e0tiques: <\/strong><\/span><\/p>\n<ul>\n<li><a href=\"http:\/\/www.leonardome.com\/leonardome-50-opcio-ideal-aules\/\">Caixa Leonardome-50 peces<\/a><\/li>\n<\/ul>\n<p><span style=\"color: #800080;\"><strong>Recursos d\u2019educaci\u00f3 f\u00edsica:\u00a0 <\/strong><\/span><\/p>\n<ul>\n<li><a href=\"https:\/\/escola.pale.net\/producte\/cacadors-de-diamants-joc-complert-edicio-premium\/\">Ca\u00e7adors de diamants<\/a><\/li>\n<li><a href=\"https:\/\/lacarpa.cat\/shop\/bitlles-catalanes\/\">Bitlles catalanes (6 bitlles i 3 bitllots)<\/a><\/li>\n<\/ul>\n","protected":false},"excerpt":{"rendered":"<p>La coeducaci\u00f3 \u00e9s l\u2019acci\u00f3 educativa fonamentada en el reconeixement de les potencialitats i individualitats de tot l\u2019alumnat, independentment del seu sexe potenciant aix\u00ed la igualtat real d\u2019oportunitats. La igualtat de g\u00e8nere fa refer\u00e8ncia a la necessitat de corregir les discriminacions i valorar les difer\u00e8ncies enriquidores dels dos sexes. La coeducaci\u00f3 proporciona tant a l\u2019alumnat, com [&hellip;]<\/p>\n","protected":false},"author":5,"featured_media":0,"parent":906,"menu_order":1,"comment_status":"closed","ping_status":"closed","template":"","meta":{"_bbp_topic_count":0,"_bbp_reply_count":0,"_bbp_total_topic_count":0,"_bbp_total_reply_count":0,"_bbp_voice_count":0,"_bbp_anonymous_reply_count":0,"_bbp_topic_count_hidden":0,"_bbp_reply_count_hidden":0,"_bbp_forum_subforum_count":0,"site-sidebar-layout":"default","site-content-layout":"","ast-site-content-layout":"","site-content-style":"default","site-sidebar-style":"default","ast-global-header-display":"","ast-banner-title-visibility":"","ast-main-header-display":"","ast-hfb-above-header-display":"","ast-hfb-below-header-display":"","ast-hfb-mobile-header-display":"","site-post-title":"","ast-breadcrumbs-content":"","ast-featured-img":"","footer-sml-layout":"","theme-transparent-header-meta":"","adv-header-id-meta":"","stick-header-meta":"","header-above-stick-meta":"","header-main-stick-meta":"","header-below-stick-meta":"","astra-migrate-meta-layouts":"default","ast-page-background-enabled":"default","ast-page-background-meta":{"desktop":{"background-color":"var(--ast-global-color-4)","background-image":"","background-repeat":"repeat","background-position":"center center","background-size":"auto","background-attachment":"scroll","background-type":"","background-media":"","overlay-type":"","overlay-color":"","overlay-opacity":"","overlay-gradient":""},"tablet":{"background-color":"","background-image":"","background-repeat":"repeat","background-position":"center center","background-size":"auto","background-attachment":"scroll","background-type":"","background-media":"","overlay-type":"","overlay-color":"","overlay-opacity":"","overlay-gradient":""},"mobile":{"background-color":"","background-image":"","background-repeat":"repeat","background-position":"center center","background-size":"auto","background-attachment":"scroll","background-type":"","background-media":"","overlay-type":"","overlay-color":"","overlay-opacity":"","overlay-gradient":""}},"ast-content-background-meta":{"desktop":{"background-color":"var(--ast-global-color-5)","background-image":"","background-repeat":"repeat","background-position":"center center","background-size":"auto","background-attachment":"scroll","background-type":"","background-media":"","overlay-type":"","overlay-color":"","overlay-opacity":"","overlay-gradient":""},"tablet":{"background-color":"var(--ast-global-color-5)","background-image":"","background-repeat":"repeat","background-position":"center center","background-size":"auto","background-attachment":"scroll","background-type":"","background-media":"","overlay-type":"","overlay-color":"","overlay-opacity":"","overlay-gradient":""},"mobile":{"background-color":"var(--ast-global-color-5)","background-image":"","background-repeat":"repeat","background-position":"center center","background-size":"auto","background-attachment":"scroll","background-type":"","background-media":"","overlay-type":"","overlay-color":"","overlay-opacity":"","overlay-gradient":""}},"footnotes":""},"class_list":["post-9035","page","type-page","status-publish","hentry"],"post_mailing_queue_ids":[],"_links":{"self":[{"href":"https:\/\/serveiseducatius.xtec.cat\/gracia\/wp-json\/wp\/v2\/pages\/9035","targetHints":{"allow":["GET"]}}],"collection":[{"href":"https:\/\/serveiseducatius.xtec.cat\/gracia\/wp-json\/wp\/v2\/pages"}],"about":[{"href":"https:\/\/serveiseducatius.xtec.cat\/gracia\/wp-json\/wp\/v2\/types\/page"}],"author":[{"embeddable":true,"href":"https:\/\/serveiseducatius.xtec.cat\/gracia\/wp-json\/wp\/v2\/users\/5"}],"replies":[{"embeddable":true,"href":"https:\/\/serveiseducatius.xtec.cat\/gracia\/wp-json\/wp\/v2\/comments?post=9035"}],"version-history":[{"count":3,"href":"https:\/\/serveiseducatius.xtec.cat\/gracia\/wp-json\/wp\/v2\/pages\/9035\/revisions"}],"predecessor-version":[{"id":9903,"href":"https:\/\/serveiseducatius.xtec.cat\/gracia\/wp-json\/wp\/v2\/pages\/9035\/revisions\/9903"}],"up":[{"embeddable":true,"href":"https:\/\/serveiseducatius.xtec.cat\/gracia\/wp-json\/wp\/v2\/pages\/906"}],"wp:attachment":[{"href":"https:\/\/serveiseducatius.xtec.cat\/gracia\/wp-json\/wp\/v2\/media?parent=9035"}],"curies":[{"name":"wp","href":"https:\/\/api.w.org\/{rel}","templated":true}]}}