{"id":8935,"date":"2019-11-06T14:15:56","date_gmt":"2019-11-06T13:15:56","guid":{"rendered":"http:\/\/serveiseducatius.xtec.cat\/gracia\/?page_id=8935"},"modified":"2019-11-06T15:12:22","modified_gmt":"2019-11-06T14:12:22","slug":"material-en-prestec","status":"publish","type":"page","link":"https:\/\/serveiseducatius.xtec.cat\/gracia\/material-en-prestec\/","title":{"rendered":"Material en pr\u00e9stec"},"content":{"rendered":"<p><strong>Normativa general de pr\u00e9stec<\/strong><\/p>\n<ol>\n<li>Caldr\u00e0 portar el <a href=\"https:\/\/drive.google.com\/file\/d\/1EovtX60HF6xKE8lpSyvfmxZ-CZXw6Nug\/view\"><strong>full de pr\u00e9stec<\/strong><\/a> degudament signat per recollir dels materials al CRP.<\/li>\n<li>El pr\u00e9stec s\u2019adre\u00e7a a centres p\u00fablics concertats i privats d\u2019ensenyaments de r\u00e8gim general del districte de Gr\u00e0cia.<\/li>\n<li>El centre docent que se n\u2019ha fet responsable, es compromet a comunicar qualsevol p\u00e8rdua o desperfecte ocasionats per \u00fas indegut i a fer-se\u2019n c\u00e0rrec.<\/li>\n<li>Utilitzar aquets servei de pr\u00e9stec pressuposa l\u2019acceptaci\u00f3 d\u2019aquetes condicions.<\/li>\n<li>Per qualsevol incid\u00e8ncia no prevista contacteu amb els t\u00e8cnics del CRP mitjan\u00e7ant correu <a href=\"mailto:a8930045@xtec.cat\">a8930045@xtec.cat<\/a> o telf. 935545324.<\/li>\n<\/ol>\n","protected":false},"excerpt":{"rendered":"<p>Normativa general de pr\u00e9stec Caldr\u00e0 portar el full de pr\u00e9stec degudament signat per recollir dels materials al CRP. El pr\u00e9stec s\u2019adre\u00e7a a centres p\u00fablics concertats i privats d\u2019ensenyaments de r\u00e8gim general del districte de Gr\u00e0cia. El centre docent que se n\u2019ha fet responsable, es compromet a comunicar qualsevol p\u00e8rdua o desperfecte ocasionats per \u00fas indegut [&hellip;]<\/p>\n","protected":false},"author":5,"featured_media":0,"parent":0,"menu_order":0,"comment_status":"closed","ping_status":"closed","template":"","meta":{"_bbp_topic_count":0,"_bbp_reply_count":0,"_bbp_total_topic_count":0,"_bbp_total_reply_count":0,"_bbp_voice_count":0,"_bbp_anonymous_reply_count":0,"_bbp_topic_count_hidden":0,"_bbp_reply_count_hidden":0,"_bbp_forum_subforum_count":0,"site-sidebar-layout":"default","site-content-layout":"","ast-site-content-layout":"","site-content-style":"default","site-sidebar-style":"default","ast-global-header-display":"","ast-banner-title-visibility":"","ast-main-header-display":"","ast-hfb-above-header-display":"","ast-hfb-below-header-display":"","ast-hfb-mobile-header-display":"","site-post-title":"","ast-breadcrumbs-content":"","ast-featured-img":"","footer-sml-layout":"","theme-transparent-header-meta":"","adv-header-id-meta":"","stick-header-meta":"","header-above-stick-meta":"","header-main-stick-meta":"","header-below-stick-meta":"","astra-migrate-meta-layouts":"default","ast-page-background-enabled":"default","ast-page-background-meta":{"desktop":{"background-color":"var(--ast-global-color-4)","background-image":"","background-repeat":"repeat","background-position":"center center","background-size":"auto","background-attachment":"scroll","background-type":"","background-media":"","overlay-type":"","overlay-color":"","overlay-opacity":"","overlay-gradient":""},"tablet":{"background-color":"","background-image":"","background-repeat":"repeat","background-position":"center center","background-size":"auto","background-attachment":"scroll","background-type":"","background-media":"","overlay-type":"","overlay-color":"","overlay-opacity":"","overlay-gradient":""},"mobile":{"background-color":"","background-image":"","background-repeat":"repeat","background-position":"center center","background-size":"auto","background-attachment":"scroll","background-type":"","background-media":"","overlay-type":"","overlay-color":"","overlay-opacity":"","overlay-gradient":""}},"ast-content-background-meta":{"desktop":{"background-color":"var(--ast-global-color-5)","background-image":"","background-repeat":"repeat","background-position":"center center","background-size":"auto","background-attachment":"scroll","background-type":"","background-media":"","overlay-type":"","overlay-color":"","overlay-opacity":"","overlay-gradient":""},"tablet":{"background-color":"var(--ast-global-color-5)","background-image":"","background-repeat":"repeat","background-position":"center center","background-size":"auto","background-attachment":"scroll","background-type":"","background-media":"","overlay-type":"","overlay-color":"","overlay-opacity":"","overlay-gradient":""},"mobile":{"background-color":"var(--ast-global-color-5)","background-image":"","background-repeat":"repeat","background-position":"center center","background-size":"auto","background-attachment":"scroll","background-type":"","background-media":"","overlay-type":"","overlay-color":"","overlay-opacity":"","overlay-gradient":""}},"footnotes":""},"class_list":["post-8935","page","type-page","status-publish","hentry"],"post_mailing_queue_ids":[],"_links":{"self":[{"href":"https:\/\/serveiseducatius.xtec.cat\/gracia\/wp-json\/wp\/v2\/pages\/8935","targetHints":{"allow":["GET"]}}],"collection":[{"href":"https:\/\/serveiseducatius.xtec.cat\/gracia\/wp-json\/wp\/v2\/pages"}],"about":[{"href":"https:\/\/serveiseducatius.xtec.cat\/gracia\/wp-json\/wp\/v2\/types\/page"}],"author":[{"embeddable":true,"href":"https:\/\/serveiseducatius.xtec.cat\/gracia\/wp-json\/wp\/v2\/users\/5"}],"replies":[{"embeddable":true,"href":"https:\/\/serveiseducatius.xtec.cat\/gracia\/wp-json\/wp\/v2\/comments?post=8935"}],"version-history":[{"count":3,"href":"https:\/\/serveiseducatius.xtec.cat\/gracia\/wp-json\/wp\/v2\/pages\/8935\/revisions"}],"predecessor-version":[{"id":8947,"href":"https:\/\/serveiseducatius.xtec.cat\/gracia\/wp-json\/wp\/v2\/pages\/8935\/revisions\/8947"}],"wp:attachment":[{"href":"https:\/\/serveiseducatius.xtec.cat\/gracia\/wp-json\/wp\/v2\/media?parent=8935"}],"curies":[{"name":"wp","href":"https:\/\/api.w.org\/{rel}","templated":true}]}}