{"id":8542,"date":"2018-12-19T12:06:45","date_gmt":"2018-12-19T11:06:45","guid":{"rendered":"http:\/\/serveiseducatius.xtec.cat\/gracia\/?page_id=8542"},"modified":"2025-02-24T13:21:33","modified_gmt":"2025-02-24T12:21:33","slug":"activitats-park-guell-gracia","status":"publish","type":"page","link":"https:\/\/serveiseducatius.xtec.cat\/gracia\/activitats-park-guell-gracia\/","title":{"rendered":"Activitats Park G\u00fcell Gr\u00e0cia"},"content":{"rendered":"<p style=\"text-align: left;\"><a href=\"https:\/\/serveiseducatius.xtec.cat\/gracia\/wp-content\/uploads\/usu1170\/2018\/12\/Park-G\u00fcell-m\u00e02-2.jpg\"><img loading=\"lazy\" decoding=\"async\" class=\"alignleft wp-image-8481\" src=\"https:\/\/serveiseducatius.xtec.cat\/gracia\/wp-content\/uploads\/usu1170\/2018\/12\/Park-G\u00fcell-m\u00e02-2-1024x768.jpg\" alt=\"\" width=\"656\" height=\"492\" srcset=\"https:\/\/serveiseducatius.xtec.cat\/gracia\/wp-content\/uploads\/usu1170\/2018\/12\/Park-G\u00fcell-m\u00e02-2-1024x768.jpg 1024w, https:\/\/serveiseducatius.xtec.cat\/gracia\/wp-content\/uploads\/usu1170\/2018\/12\/Park-G\u00fcell-m\u00e02-2-300x225.jpg 300w, https:\/\/serveiseducatius.xtec.cat\/gracia\/wp-content\/uploads\/usu1170\/2018\/12\/Park-G\u00fcell-m\u00e02-2-768x576.jpg 768w, https:\/\/serveiseducatius.xtec.cat\/gracia\/wp-content\/uploads\/usu1170\/2018\/12\/Park-G\u00fcell-m\u00e02-2-200x150.jpg 200w, https:\/\/serveiseducatius.xtec.cat\/gracia\/wp-content\/uploads\/usu1170\/2018\/12\/Park-G\u00fcell-m\u00e02-2.jpg 1440w\" sizes=\"auto, (max-width: 656px) 100vw, 656px\" \/><\/a>Aquest projecte sorgeix d\u2019una proposta conjunta de diferents entitats BSM, CRP Gr\u00e0cia, Districte de Gr\u00e0cia i MUHBA amb l\u2019objectiu de potenciar i con\u00e8ixer l\u2019obra arquitect\u00f2nica del Park G\u00fcell com espai propi del Districte.<\/p>\n<p style=\"text-align: left;\">Les diferents etapes educatives dels centres de Gr\u00e0cia, des de bressol fins a l\u2019etapa post-educativa, poden gaudir de diferents activitats gratu\u00eftes a portes tancades durant unes hores.<\/p>\n<p style=\"text-align: left;\">Des d\u2019aquest treball en xarxa s\u2019impulsa la dinamitzaci\u00f3 de les seg\u00fcents activitats:<\/p>\n<ul>\n<li style=\"text-align: left;\">Trencad\u00eds de sons i colors (Bressol)<\/li>\n<li style=\"text-align: left;\">Park G\u00fcell, Gaud\u00ed i la Natura (I-5- CI)<\/li>\n<li style=\"text-align: left;\">Projecte Park G\u00fcell (CM)<\/li>\n<li style=\"text-align: left;\">Barcelona 1902 (CS)<\/li>\n<li style=\"text-align: left;\">Habitatges d\u2019elit dins del Park<\/li>\n<\/ul>\n","protected":false},"excerpt":{"rendered":"<p>Aquest projecte sorgeix d\u2019una proposta conjunta de diferents entitats BSM, CRP Gr\u00e0cia, Districte de Gr\u00e0cia i MUHBA amb l\u2019objectiu de potenciar i con\u00e8ixer l\u2019obra arquitect\u00f2nica del Park G\u00fcell com espai propi del Districte. Les diferents etapes educatives dels centres de Gr\u00e0cia, des de bressol fins a l\u2019etapa post-educativa, poden gaudir de diferents activitats gratu\u00eftes a [&hellip;]<\/p>\n","protected":false},"author":5,"featured_media":0,"parent":0,"menu_order":0,"comment_status":"closed","ping_status":"closed","template":"","meta":{"_bbp_topic_count":0,"_bbp_reply_count":0,"_bbp_total_topic_count":0,"_bbp_total_reply_count":0,"_bbp_voice_count":0,"_bbp_anonymous_reply_count":0,"_bbp_topic_count_hidden":0,"_bbp_reply_count_hidden":0,"_bbp_forum_subforum_count":0,"site-sidebar-layout":"default","site-content-layout":"","ast-site-content-layout":"","site-content-style":"default","site-sidebar-style":"default","ast-global-header-display":"","ast-banner-title-visibility":"","ast-main-header-display":"","ast-hfb-above-header-display":"","ast-hfb-below-header-display":"","ast-hfb-mobile-header-display":"","site-post-title":"","ast-breadcrumbs-content":"","ast-featured-img":"","footer-sml-layout":"","theme-transparent-header-meta":"","adv-header-id-meta":"","stick-header-meta":"","header-above-stick-meta":"","header-main-stick-meta":"","header-below-stick-meta":"","astra-migrate-meta-layouts":"default","ast-page-background-enabled":"default","ast-page-background-meta":{"desktop":{"background-color":"var(--ast-global-color-4)","background-image":"","background-repeat":"repeat","background-position":"center center","background-size":"auto","background-attachment":"scroll","background-type":"","background-media":"","overlay-type":"","overlay-color":"","overlay-opacity":"","overlay-gradient":""},"tablet":{"background-color":"","background-image":"","background-repeat":"repeat","background-position":"center center","background-size":"auto","background-attachment":"scroll","background-type":"","background-media":"","overlay-type":"","overlay-color":"","overlay-opacity":"","overlay-gradient":""},"mobile":{"background-color":"","background-image":"","background-repeat":"repeat","background-position":"center center","background-size":"auto","background-attachment":"scroll","background-type":"","background-media":"","overlay-type":"","overlay-color":"","overlay-opacity":"","overlay-gradient":""}},"ast-content-background-meta":{"desktop":{"background-color":"var(--ast-global-color-5)","background-image":"","background-repeat":"repeat","background-position":"center center","background-size":"auto","background-attachment":"scroll","background-type":"","background-media":"","overlay-type":"","overlay-color":"","overlay-opacity":"","overlay-gradient":""},"tablet":{"background-color":"var(--ast-global-color-5)","background-image":"","background-repeat":"repeat","background-position":"center center","background-size":"auto","background-attachment":"scroll","background-type":"","background-media":"","overlay-type":"","overlay-color":"","overlay-opacity":"","overlay-gradient":""},"mobile":{"background-color":"var(--ast-global-color-5)","background-image":"","background-repeat":"repeat","background-position":"center center","background-size":"auto","background-attachment":"scroll","background-type":"","background-media":"","overlay-type":"","overlay-color":"","overlay-opacity":"","overlay-gradient":""}},"footnotes":""},"class_list":["post-8542","page","type-page","status-publish","hentry"],"post_mailing_queue_ids":[],"_links":{"self":[{"href":"https:\/\/serveiseducatius.xtec.cat\/gracia\/wp-json\/wp\/v2\/pages\/8542","targetHints":{"allow":["GET"]}}],"collection":[{"href":"https:\/\/serveiseducatius.xtec.cat\/gracia\/wp-json\/wp\/v2\/pages"}],"about":[{"href":"https:\/\/serveiseducatius.xtec.cat\/gracia\/wp-json\/wp\/v2\/types\/page"}],"author":[{"embeddable":true,"href":"https:\/\/serveiseducatius.xtec.cat\/gracia\/wp-json\/wp\/v2\/users\/5"}],"replies":[{"embeddable":true,"href":"https:\/\/serveiseducatius.xtec.cat\/gracia\/wp-json\/wp\/v2\/comments?post=8542"}],"version-history":[{"count":4,"href":"https:\/\/serveiseducatius.xtec.cat\/gracia\/wp-json\/wp\/v2\/pages\/8542\/revisions"}],"predecessor-version":[{"id":11221,"href":"https:\/\/serveiseducatius.xtec.cat\/gracia\/wp-json\/wp\/v2\/pages\/8542\/revisions\/11221"}],"wp:attachment":[{"href":"https:\/\/serveiseducatius.xtec.cat\/gracia\/wp-json\/wp\/v2\/media?parent=8542"}],"curies":[{"name":"wp","href":"https:\/\/api.w.org\/{rel}","templated":true}]}}