{"id":10325,"date":"2023-09-20T09:00:36","date_gmt":"2023-09-20T07:00:36","guid":{"rendered":"https:\/\/serveiseducatius.xtec.cat\/gracia\/?page_id=10325"},"modified":"2024-09-19T09:09:29","modified_gmt":"2024-09-19T07:09:29","slug":"cacadors-de-diamants-material-deducacio-fisica","status":"publish","type":"page","link":"https:\/\/serveiseducatius.xtec.cat\/gracia\/cacadors-de-diamants-material-deducacio-fisica\/","title":{"rendered":"Ca\u00e7adors de diamants (material d&#8217;educaci\u00f3 f\u00edsica)"},"content":{"rendered":"<p><img loading=\"lazy\" decoding=\"async\" class=\"alignleft size-full wp-image-10326\" src=\"https:\/\/serveiseducatius.xtec.cat\/gracia\/wp-content\/uploads\/usu1170\/2023\/09\/Cacadors-de-diamants-300x229-1.jpg\" alt=\"\" width=\"300\" height=\"229\" \/><\/p>\n<p><span style=\"color: #008080;\"><a style=\"color: #008080;\" href=\"https:\/\/serveiseducatius.xtec.cat\/vallesoccidental5\/wp-content\/uploads\/usu1111\/2018\/11\/informaci%C3%B3-Ca%C3%A7adors-de-diamats.pdf\" target=\"_blank\" rel=\"noopener noreferrer\"><strong>Ca\u00e7adors de diamants<\/strong><\/a>\u00a0<\/span>\u00e9s una gamificaci\u00f3, inspirada en un joc de taula, per a treballar les dimensions i les seves corresponents compet\u00e8ncies dins de l\u2019\u00e0mbit de l\u2019educaci\u00f3 f\u00edsica utilitzant els reptes f\u00edsics cooperatius com a eix vertebrador. Per a jugar a ca\u00e7adors de diamants s\u2019utilitza una estructura de metodologia cooperativa anomenada \u201cPensa, comparteix, actua\u201d.<\/p>\n<p>\u201cEs una bona manera d\u2019iniciar-se a treballar amb metodologia cooperativa a les sessions d\u2019educaci\u00f3 f\u00edsica\u201d<\/p>\n<p>&nbsp;<\/p>\n<p>&nbsp;<\/p>\n<p><em><strong>A qui va adre\u00e7at?<\/strong><\/em><br \/>\nVa adre\u00e7at a escoles i instituts. S\u2019hi pot jugar a partir dels 9 anys. \u00c9s adequat per a jugar-hi entre 12 i 30 jugadors.<\/p>\n<p><em><strong>Com s\u2019hi juga?<\/strong><\/em><br \/>\nEl joc parteix d\u2019una hist\u00f2ria, on uns \u00e9ssers fant\u00e0stics ens demanen ajuda per alliberar els seus poders que han quedat atrapats dins d\u2019uns diamants que estan escampats per un bosc.<br \/>\nPer a poder alliberar els diamants, els jugadors, organitzats en grups cooperatius de 4-5 jugadors, hauran d\u2019anar superant petits reptes motrius per arribar als diamants.<br \/>\nTots els grups participants, mouen un mateix personatge a mesura que van superant els reptes cooperatius, per\u00f2 hi ha un personatge tenebr\u00f3s, el corb, que s\u2019aprofitar\u00e0 dels seus errors per a avan\u00e7ar en el joc i arribar abans que ells als diamants.<\/p>\n<p><a href=\"https:\/\/docs.google.com\/forms\/d\/e\/1FAIpQLSf9MBwfbIO2ZNVBjQxlwVz5rrE253MCPphOrVFciKi2h_j1HA\/viewform\"><span style=\"color: #008080;\">Formulari de sol\u00b7licitud<\/span><\/a> (obert fins al 22 de setembre)<\/p>\n","protected":false},"excerpt":{"rendered":"<p>Ca\u00e7adors de diamants\u00a0\u00e9s una gamificaci\u00f3, inspirada en un joc de taula, per a treballar les dimensions i les seves corresponents compet\u00e8ncies dins de l\u2019\u00e0mbit de l\u2019educaci\u00f3 f\u00edsica utilitzant els reptes f\u00edsics cooperatius com a eix vertebrador. Per a jugar a ca\u00e7adors de diamants s\u2019utilitza una estructura de metodologia cooperativa anomenada \u201cPensa, comparteix, actua\u201d. \u201cEs una [&hellip;]<\/p>\n","protected":false},"author":5,"featured_media":0,"parent":0,"menu_order":4,"comment_status":"closed","ping_status":"closed","template":"","meta":{"_bbp_topic_count":0,"_bbp_reply_count":0,"_bbp_total_topic_count":0,"_bbp_total_reply_count":0,"_bbp_voice_count":0,"_bbp_anonymous_reply_count":0,"_bbp_topic_count_hidden":0,"_bbp_reply_count_hidden":0,"_bbp_forum_subforum_count":0,"site-sidebar-layout":"default","site-content-layout":"","ast-site-content-layout":"","site-content-style":"default","site-sidebar-style":"default","ast-global-header-display":"","ast-banner-title-visibility":"","ast-main-header-display":"","ast-hfb-above-header-display":"","ast-hfb-below-header-display":"","ast-hfb-mobile-header-display":"","site-post-title":"","ast-breadcrumbs-content":"","ast-featured-img":"","footer-sml-layout":"","theme-transparent-header-meta":"","adv-header-id-meta":"","stick-header-meta":"","header-above-stick-meta":"","header-main-stick-meta":"","header-below-stick-meta":"","astra-migrate-meta-layouts":"default","ast-page-background-enabled":"default","ast-page-background-meta":{"desktop":{"background-color":"var(--ast-global-color-4)","background-image":"","background-repeat":"repeat","background-position":"center center","background-size":"auto","background-attachment":"scroll","background-type":"","background-media":"","overlay-type":"","overlay-color":"","overlay-opacity":"","overlay-gradient":""},"tablet":{"background-color":"","background-image":"","background-repeat":"repeat","background-position":"center center","background-size":"auto","background-attachment":"scroll","background-type":"","background-media":"","overlay-type":"","overlay-color":"","overlay-opacity":"","overlay-gradient":""},"mobile":{"background-color":"","background-image":"","background-repeat":"repeat","background-position":"center center","background-size":"auto","background-attachment":"scroll","background-type":"","background-media":"","overlay-type":"","overlay-color":"","overlay-opacity":"","overlay-gradient":""}},"ast-content-background-meta":{"desktop":{"background-color":"var(--ast-global-color-5)","background-image":"","background-repeat":"repeat","background-position":"center center","background-size":"auto","background-attachment":"scroll","background-type":"","background-media":"","overlay-type":"","overlay-color":"","overlay-opacity":"","overlay-gradient":""},"tablet":{"background-color":"var(--ast-global-color-5)","background-image":"","background-repeat":"repeat","background-position":"center center","background-size":"auto","background-attachment":"scroll","background-type":"","background-media":"","overlay-type":"","overlay-color":"","overlay-opacity":"","overlay-gradient":""},"mobile":{"background-color":"var(--ast-global-color-5)","background-image":"","background-repeat":"repeat","background-position":"center center","background-size":"auto","background-attachment":"scroll","background-type":"","background-media":"","overlay-type":"","overlay-color":"","overlay-opacity":"","overlay-gradient":""}},"footnotes":""},"class_list":["post-10325","page","type-page","status-publish","hentry"],"post_mailing_queue_ids":[],"_links":{"self":[{"href":"https:\/\/serveiseducatius.xtec.cat\/gracia\/wp-json\/wp\/v2\/pages\/10325","targetHints":{"allow":["GET"]}}],"collection":[{"href":"https:\/\/serveiseducatius.xtec.cat\/gracia\/wp-json\/wp\/v2\/pages"}],"about":[{"href":"https:\/\/serveiseducatius.xtec.cat\/gracia\/wp-json\/wp\/v2\/types\/page"}],"author":[{"embeddable":true,"href":"https:\/\/serveiseducatius.xtec.cat\/gracia\/wp-json\/wp\/v2\/users\/5"}],"replies":[{"embeddable":true,"href":"https:\/\/serveiseducatius.xtec.cat\/gracia\/wp-json\/wp\/v2\/comments?post=10325"}],"version-history":[{"count":4,"href":"https:\/\/serveiseducatius.xtec.cat\/gracia\/wp-json\/wp\/v2\/pages\/10325\/revisions"}],"predecessor-version":[{"id":10899,"href":"https:\/\/serveiseducatius.xtec.cat\/gracia\/wp-json\/wp\/v2\/pages\/10325\/revisions\/10899"}],"wp:attachment":[{"href":"https:\/\/serveiseducatius.xtec.cat\/gracia\/wp-json\/wp\/v2\/media?parent=10325"}],"curies":[{"name":"wp","href":"https:\/\/api.w.org\/{rel}","templated":true}]}}