{"id":5340,"date":"2024-09-05T13:47:42","date_gmt":"2024-09-05T11:47:42","guid":{"rendered":"https:\/\/serveiseducatius.xtec.cat\/garrotxa\/?page_id=5340"},"modified":"2025-06-09T08:48:53","modified_gmt":"2025-06-09T06:48:53","slug":"pla-de-formacio-de-zona-2024-25","status":"publish","type":"page","link":"https:\/\/serveiseducatius.xtec.cat\/garrotxa\/formacio\/pla-de-formacio-de-zona-2024-25\/","title":{"rendered":"Pla de Formaci\u00f3 de Zona 2025\/26"},"content":{"rendered":"<p class=\"zfr3Q CDt4Ke \" dir=\"ltr\"><span class=\"C9DxTc \">El\u00a0<\/span><a class=\"XqQF9c\" href=\"http:\/\/xtec.gencat.cat\/ca\/formacio\/info-general\/plans-formacio-zona\/\" target=\"_blank\" rel=\"noopener\"><span class=\"C9DxTc aw5Odc \">Pla de Formaci\u00f3 de Zona<\/span><span class=\"C9DxTc aw5Odc \">\u00a0<\/span><span class=\"C9DxTc aw5Odc \">PFZ<\/span><\/a><span class=\"C9DxTc \"> \u00e9s un recurs del Departament d\u2019Educaci\u00f3 que contribueix a l\u2019assoliment i la millora dels projectes educatius dels centres i a l\u2019enfortiment de les compet\u00e8ncies professionals del professorat.\u00a0<\/span><span class=\"C9DxTc \">El Departament d\u2019Educaci\u00f3 estructura aquesta formaci\u00f3 en diferents \u00e0mbits de planificaci\u00f3, organitzaci\u00f3 i gesti\u00f3.<\/span><\/p>\n<p dir=\"ltr\"><a href=\"https:\/\/serveiseducatius.xtec.cat\/garrotxa\/wp-content\/uploads\/usu774\/2025\/01\/PFZ.png\"><img loading=\"lazy\" decoding=\"async\" class=\"size-full wp-image-5821 aligncenter\" src=\"https:\/\/serveiseducatius.xtec.cat\/garrotxa\/wp-content\/uploads\/usu774\/2025\/01\/PFZ.png\" alt=\"\" width=\"300\" height=\"247\" \/><\/a><\/p>\n<p class=\"zfr3Q CDt4Ke \" dir=\"ltr\"><span class=\"C9DxTc \">Els Plans de Formaci\u00f3 de Zona s\u00f3n el marc en qu\u00e8 es recull tota l\u2019oferta formativa, preferentment la\u00a0<\/span><span class=\"C9DxTc aw5Odc \">formaci\u00f3 en centre<\/span><span class=\"C9DxTc \">\u00a0<\/span><span class=\"C9DxTc \">i<\/span><span class=\"C9DxTc \">\u00a0<\/span><span class=\"C9DxTc \">\u00a0<\/span><span class=\"C9DxTc aw5Odc \">per a centres<\/span><span class=\"C9DxTc \">, que afecta els centres educatius i\/o els docents de la seva zona. <\/span><strong>El Pla de Formaci\u00f3 de Zona (PFZ) de la Garrotxa<\/strong>\u00a0\u00e9s la planificaci\u00f3 comarcal de la formaci\u00f3 permanent del professorat, que incorpora les activitats de formaci\u00f3 en centre i altres activitats adre\u00e7ades a tot el professorat de la\u00a0 nostra zona educativa. El professorat hi participa a trav\u00e9s del proc\u00e9s de <a href=\"https:\/\/docs.google.com\/forms\/d\/e\/1FAIpQLScV5WGF93gLfwkfkcKt4jsnv2zHVPBHTN8di3NQqiv-WF-OAw\/viewform\" target=\"_blank\" rel=\"noopener\"><strong>detecci\u00f3 de necessitats 2025\/2026<\/strong><\/a> (demandes formatives) i mitjan\u00e7ant la seva representaci\u00f3 en la comissi\u00f3 del PFZ que tindr\u00e0 lloc el pr\u00f2xim <strong>dilluns 9 de juny a les 09.30 hores<\/strong> amb els representants dels centres de la comarca.<\/p>\n<h5><strong>Pla de Formaci\u00f3 de la Garrotxa. Curs 2025\/2026<\/strong><\/h5>\n<p>Iniciem el per\u00edode de detecci\u00f3 de necessitats de cara a activitats formatives en centre pel pr\u00f2xim curs 25-26. Amb l&#8217;objectiu que tots els centres tinguin clar el procediment, aquesta informaci\u00f3 es presentar\u00e0 en les sessions de <strong>Cap d&#8217;estudis<\/strong> (dimarts 13 de maig) i de <strong>Coordinaci\u00f3 Pedag\u00f2gica<\/strong> (dijous 15 de maig). Tanmateix, us demanem que respongueu el seg\u00fcent formulari (termini: 31 de maig) per recollir les vostres peticions i necessitats per al curs 2025\/2026.<\/p>\n<h2 style=\"text-align: center;\"><a href=\"https:\/\/docs.google.com\/forms\/d\/e\/1FAIpQLScV5WGF93gLfwkfkcKt4jsnv2zHVPBHTN8di3NQqiv-WF-OAw\/viewform\" target=\"_blank\" rel=\"noopener\">FORMULARI DETECCI\u00d3 25\/26<\/a><\/h2>\n<h5><strong>Recordeu<\/strong>:<\/h5>\n<ul>\n<li>Si sou\u00a0<strong>formadors<\/strong> aneu a la\u00a0<a href=\"https:\/\/serveiseducatius.xtec.cat\/garrotxa\/formacio\/gtaf-guia-rapida\/\" target=\"_blank\" rel=\"noopener\">Guia r\u00e0pida<\/a>.<\/li>\n<li>Si sou\u00a0<strong>assistents<\/strong>, per a revisar sol\u00b7licituds, consultar assignacions i omplir q\u00fcestionaris aneu a:\u00a0<a href=\"https:\/\/aplicacions.gestioeducativa.gencat.cat\/ords\/pls\/soloas\/pk_for_mod_ins.p_for_form_cons_selec\" target=\"_blank\" rel=\"noopener\">Les meves activitats<\/a><\/li>\n<\/ul>\n<div class=\"entry-content\">\n<h5><strong>Calendari 2025\/26<\/strong><\/h5>\n<\/div>\n<div class=\"entry-content\">\n<div><\/div>\n<p><a href=\"https:\/\/serveiseducatius.xtec.cat\/garrotxa\/wp-content\/uploads\/usu774\/2025\/06\/pfz-2526.jpg\"><img loading=\"lazy\" decoding=\"async\" class=\"alignnone wp-image-6117\" src=\"https:\/\/serveiseducatius.xtec.cat\/garrotxa\/wp-content\/uploads\/usu774\/2025\/06\/pfz-2526.jpg\" alt=\"\" width=\"691\" height=\"367\" srcset=\"https:\/\/serveiseducatius.xtec.cat\/garrotxa\/wp-content\/uploads\/usu774\/2025\/06\/pfz-2526.jpg 670w, https:\/\/serveiseducatius.xtec.cat\/garrotxa\/wp-content\/uploads\/usu774\/2025\/06\/pfz-2526-300x159.jpg 300w\" sizes=\"auto, (max-width: 691px) 100vw, 691px\" \/><\/a><\/p>\n<\/div>\n<p><strong>Tancament i certificaci\u00f3<\/strong><\/p>\n<p>El CRP, amb la documentaci\u00f3 recollida, tramita la certificaci\u00f3 de\u00a0 cada activitat. Els assistents i formadors d\u2019una activitat poden imprimir els seus\u00a0<a href=\"http:\/\/xtec.gencat.cat\/ca\/formacio\/la-meva-formacio\/els-meus-certificats\/\" target=\"_blank\" rel=\"noopener noreferrer\">certificats<\/a>\u00a0a l\u2019XTEC 15 dies despr\u00e9s del tancament de l\u2019activitat.<\/p>\n<div class=\"addtoany_share_save_container addtoany_content addtoany_content_bottom\"><\/div>\n<p>&nbsp;<\/p>\n<div class=\"entry-content\">\n<h5><strong>Adjudicacions:<\/strong><\/h5>\n<p>En el proc\u00e9s d&#8217;adjudicaci\u00f3 de places es tindran en compte els seg\u00fcents criteris, sense perjudici dels criteris espec\u00edfics associats a les activitats formatives.<\/p>\n<ul>\n<li dir=\"ltr\" style=\"text-align: justify;\">A la formaci\u00f3 individual cal tenir un \u00edndex d\u2019assist\u00e8ncia ponderada a les activitats formatives en els darrers tres anys superior al 50% (columna PAP de l\u2019aplicaci\u00f3 GTAF).<\/li>\n<li dir=\"ltr\" style=\"text-align: justify;\">Es prioritza el professorat en actiu en un centre docent.<\/li>\n<li dir=\"ltr\" style=\"text-align: justify;\">A les activitats del PFZ es prioritza estar en actiu en un centre de la mateixa zona.<\/li>\n<li dir=\"ltr\" style=\"text-align: justify;\">El professorat substitut o inter\u00ed podr\u00e0 inscriure\u2019s tant a la zona on est\u00e0 adscrit, com a la zona on est\u00e0 exercint la doc\u00e8ncia.<\/li>\n<li dir=\"ltr\" style=\"text-align: justify;\">A les activitats amb prioritzaci\u00f3 de direcci\u00f3 es t\u00e9 en compte l\u2019ordre indicat per direcci\u00f3.<\/li>\n<li dir=\"ltr\" style=\"text-align: justify;\">Altres criteris espec\u00edfics contemplats en l\u2019activitat.<\/li>\n<li dir=\"ltr\">En cas de tractar-se d\u2019una activitat de PFZ, caldr\u00e0 tenir en compte la comissi\u00f3 del PFZ.<\/li>\n<\/ul>\n<h5><strong>Consulta d&#8217;adjudicacions<\/strong><\/h5>\n<ul>\n<li>Un cop finalitzat el proc\u00e9s d\u2019adjudicacions cal consultar si s\u2019ha estat adm\u00e8s o no a la p\u00e0gina\u00a0<strong><a title=\"les meves activitats\" href=\"https:\/\/xtec.gencat.cat\/ca\/formacio\/la-meva-formacio\/les-meves-activitats\/\">LES MEVES ACTIVITATS<\/a><\/strong>.<\/li>\n<\/ul>\n<h5><strong>Certificaci\u00f3<\/strong><\/h5>\n<ul>\n<li>Per obtenir el certificat d&#8217;una activitat formativa es requereix l\u2019assist\u00e8ncia m\u00ednima a un 80% de les hores s\u00edncrones (presencials o en l\u00ednia) i l&#8217;avaluaci\u00f3 positiva de totes les tasques encomanades en relaci\u00f3 amb l\u2019aprofitament. En el cas de les activitats telem\u00e0tiques s&#8217;han d&#8217;haver superat tots els m\u00f2duls i el projecte final.<\/li>\n<li>Nom\u00e9s les activitats de 5 o m\u00e9s hores s\u00f3n susceptibles de certificaci\u00f3.<\/li>\n<li>Els certificats es podran\u00a0consultar\u00a0des de l&#8217;apartat\u00a0<strong><a title=\"Els meus certificats\" href=\"https:\/\/xtec.gencat.cat\/ca\/formacio\/la-meva-formacio\/els-meus-certificats\/\" data-saferedirecturl=\"https:\/\/www.google.com\/url?q=https:\/\/xtec.gencat.cat\/ca\/formacio\/la-meva-formacio\/els-meus-certificats\/&amp;source=gmail&amp;ust=1683783965912000&amp;usg=AOvVaw3p28CXMh1eXOIjsRUuFLZY\">ELS MEUS CERTIFICATS<\/a>\u00a0<\/strong>sis setmanes despr\u00e9s\u00a0de la\u00a0data de finalitzaci\u00f3\u00a0de l&#8217;activitat.<\/li>\n<\/ul>\n<h5><strong>Formadors<\/strong><\/h5>\n<ul>\n<li>Si sou\u00a0<strong>formadors<\/strong> aneu a la <a href=\"https:\/\/serveiseducatius.xtec.cat\/garrotxa\/formacio\/gtaf-guia-rapida\/\">GUIA R\u00c0PIDA GTAF (en proc\u00e9s d&#8217;actualitzaci\u00f3)<\/a>.<\/li>\n<\/ul>\n<\/div>\n","protected":false},"excerpt":{"rendered":"<p>El\u00a0Pla de Formaci\u00f3 de Zona\u00a0PFZ \u00e9s un recurs del Departament d\u2019Educaci\u00f3 que contribueix a l\u2019assoliment i la millora dels projectes educatius dels centres i a l\u2019enfortiment de les compet\u00e8ncies professionals del professorat.\u00a0El Departament d\u2019Educaci\u00f3 estructura aquesta formaci\u00f3 en diferents \u00e0mbits de planificaci\u00f3, organitzaci\u00f3 i gesti\u00f3. Els Plans de Formaci\u00f3 de Zona s\u00f3n el marc en [&hellip;]<\/p>\n","protected":false},"author":1,"featured_media":0,"parent":2263,"menu_order":0,"comment_status":"closed","ping_status":"closed","template":"","meta":{"_bbp_topic_count":0,"_bbp_reply_count":0,"_bbp_total_topic_count":0,"_bbp_total_reply_count":0,"_bbp_voice_count":0,"_bbp_anonymous_reply_count":0,"_bbp_topic_count_hidden":0,"_bbp_reply_count_hidden":0,"_bbp_forum_subforum_count":0,"site-sidebar-layout":"default","site-content-layout":"","ast-site-content-layout":"","site-content-style":"default","site-sidebar-style":"default","ast-global-header-display":"","ast-banner-title-visibility":"","ast-main-header-display":"","ast-hfb-above-header-display":"","ast-hfb-below-header-display":"","ast-hfb-mobile-header-display":"","site-post-title":"","ast-breadcrumbs-content":"","ast-featured-img":"","footer-sml-layout":"","theme-transparent-header-meta":"","adv-header-id-meta":"","stick-header-meta":"","header-above-stick-meta":"","header-main-stick-meta":"","header-below-stick-meta":"","astra-migrate-meta-layouts":"default","ast-page-background-enabled":"default","ast-page-background-meta":{"desktop":{"background-color":"var(--ast-global-color-5)","background-image":"","background-repeat":"repeat","background-position":"center center","background-size":"auto","background-attachment":"scroll","background-type":"","background-media":"","overlay-type":"","overlay-color":"","overlay-opacity":"","overlay-gradient":""},"tablet":{"background-color":"","background-image":"","background-repeat":"repeat","background-position":"center center","background-size":"auto","background-attachment":"scroll","background-type":"","background-media":"","overlay-type":"","overlay-color":"","overlay-opacity":"","overlay-gradient":""},"mobile":{"background-color":"","background-image":"","background-repeat":"repeat","background-position":"center center","background-size":"auto","background-attachment":"scroll","background-type":"","background-media":"","overlay-type":"","overlay-color":"","overlay-opacity":"","overlay-gradient":""}},"ast-content-background-meta":{"desktop":{"background-color":"var(--ast-global-color-4)","background-image":"","background-repeat":"repeat","background-position":"center center","background-size":"auto","background-attachment":"scroll","background-type":"","background-media":"","overlay-type":"","overlay-color":"","overlay-opacity":"","overlay-gradient":""},"tablet":{"background-color":"var(--ast-global-color-4)","background-image":"","background-repeat":"repeat","background-position":"center center","background-size":"auto","background-attachment":"scroll","background-type":"","background-media":"","overlay-type":"","overlay-color":"","overlay-opacity":"","overlay-gradient":""},"mobile":{"background-color":"var(--ast-global-color-4)","background-image":"","background-repeat":"repeat","background-position":"center center","background-size":"auto","background-attachment":"scroll","background-type":"","background-media":"","overlay-type":"","overlay-color":"","overlay-opacity":"","overlay-gradient":""}},"footnotes":""},"class_list":["post-5340","page","type-page","status-publish","hentry"],"post_mailing_queue_ids":[],"_links":{"self":[{"href":"https:\/\/serveiseducatius.xtec.cat\/garrotxa\/wp-json\/wp\/v2\/pages\/5340","targetHints":{"allow":["GET"]}}],"collection":[{"href":"https:\/\/serveiseducatius.xtec.cat\/garrotxa\/wp-json\/wp\/v2\/pages"}],"about":[{"href":"https:\/\/serveiseducatius.xtec.cat\/garrotxa\/wp-json\/wp\/v2\/types\/page"}],"author":[{"embeddable":true,"href":"https:\/\/serveiseducatius.xtec.cat\/garrotxa\/wp-json\/wp\/v2\/users\/1"}],"replies":[{"embeddable":true,"href":"https:\/\/serveiseducatius.xtec.cat\/garrotxa\/wp-json\/wp\/v2\/comments?post=5340"}],"version-history":[{"count":6,"href":"https:\/\/serveiseducatius.xtec.cat\/garrotxa\/wp-json\/wp\/v2\/pages\/5340\/revisions"}],"predecessor-version":[{"id":6119,"href":"https:\/\/serveiseducatius.xtec.cat\/garrotxa\/wp-json\/wp\/v2\/pages\/5340\/revisions\/6119"}],"up":[{"embeddable":true,"href":"https:\/\/serveiseducatius.xtec.cat\/garrotxa\/wp-json\/wp\/v2\/pages\/2263"}],"wp:attachment":[{"href":"https:\/\/serveiseducatius.xtec.cat\/garrotxa\/wp-json\/wp\/v2\/media?parent=5340"}],"curies":[{"name":"wp","href":"https:\/\/api.w.org\/{rel}","templated":true}]}}