{"id":8177,"date":"2016-07-13T12:36:54","date_gmt":"2016-07-13T11:36:54","guid":{"rendered":"http:\/\/serveiseducatius.xtec.cat\/garrigues\/?page_id=8177"},"modified":"2025-11-05T12:28:49","modified_gmt":"2025-11-05T11:28:49","slug":"qui-som","status":"publish","type":"page","link":"https:\/\/serveiseducatius.xtec.cat\/garrigues\/el-servei-educatiu\/qui-som\/","title":{"rendered":"Equip"},"content":{"rendered":"<p>Cada servei educatiu est\u00e0 format per un equip multidisciplinar:<\/p>\n<p><strong>CRP\u00a0<\/strong>(Centre de recursos pedag\u00f2gics):\u00a0equip que dona\u00a0<strong>suport a l\u2019activitat pedag\u00f2gica dels centres<\/strong>\u00a0i\u00a0a la tasca docent de mestres i professorat, especialment, en temes de formaci\u00f3 permanent, de recursos pedag\u00f2gics i de dinamitzaci\u00f3 de projectes de centre i de la zona.\u00a0<a href=\"http:\/\/serveiseducatius.xtec.cat\/garrigues\/qui-som\/professionals-crp\/\">Professionals adscrits<\/a>.<\/p>\n<p><strong style=\"font-size: 16px;\">\u00a0 \u00a0 \u00a0 \u00a0 Actuacions priorit\u00e0ries:<\/strong><\/p>\n<ul>\n<li>Dinamitzaci\u00f3 i innovaci\u00f3 educativa. Suport i assessorament a projectes de centre de millora, d\u2019innovaci\u00f3 i de recerca. Recollida, intercanvi i difusi\u00f3 de pr\u00e0ctiques i experi\u00e8ncies educatives.<\/li>\n<li>Assessorament en recursos per al professorat i els centres educatius. Informaci\u00f3 i assessorament sobre materials did\u00e0ctics, curriculars i altres recursos educatius.<\/li>\n<li>Orientaci\u00f3 i\u00a0 assessorament en la formaci\u00f3 permanent del professorat. Coordinaci\u00f3, organitzaci\u00f3 i seguiment de les activitats del Pla de Formaci\u00f3 de Zona.<\/li>\n<\/ul>\n<p>&nbsp;<\/p>\n<p><strong>EAP <\/strong>(Equip d\u2019assessorament i orientaci\u00f3 psicopedag\u00f2gic): equip\u00a0que dona\u00a0suport al professorat i als centres educatius en la resposta a la\u00a0<strong>diversitat de l\u2019alumnat<\/strong>\u00a0i en relaci\u00f3 als alumnes que presenten\u00a0<strong>necessitats educatives especials<\/strong>, aix\u00ed com a les seves fam\u00edlies.\u00a0<a href=\"http:\/\/serveiseducatius.xtec.cat\/garrigues\/qui-som\/professionals-eap\/\">Professionals adscrits<\/a>.<\/p>\n<p><strong>\u00a0 \u00a0 \u00a0 \u00a0 Actuacions priorit\u00e0ries:<\/strong><\/p>\n<ul>\n<li>Identificaci\u00f3 i avaluaci\u00f3 de les necessitats educatives especials dels alumnes, en col\u00b7laboraci\u00f3 amb el professorat, especialistes i serveis espec\u00edfics.<\/li>\n<li>Assessorament a l\u2019alumnat, fam\u00edlies i equips docents sobre aspectes d\u2019orientaci\u00f3 personal, educativa i professional.<\/li>\n<li>Col\u00b7laboraci\u00f3 amb els serveis socials i sanitaris de la comarca, per tal d\u2019oferir una atenci\u00f3 coordinada a l\u2019alumnat i les fam\u00edlies que ho necessitin.<\/li>\n<li>Donar suport als centres educatius en la millora de l\u2019atenci\u00f3 a la diversitat i la inclusi\u00f3.<\/li>\n<li>Aportaci\u00f3 de suport i de criteris t\u00e8cnics i psicopedag\u00f2gics a altres \u00f2rgans de l\u2019administraci\u00f3 educativa.<\/li>\n<\/ul>\n<p>&nbsp;<\/p>\n<p><strong>ELIC <\/strong>(Equip d\u2019assessorament i orientaci\u00f3 en llengua, interculturalitat i cohesi\u00f3 social): que donen suport al professorat en l\u2019atenci\u00f3 a la diversitat relacionada amb l\u2019alumnat, especialment procedent de la immigraci\u00f3 i\/o amb l\u2019alumnat amb risc d\u2019exclusi\u00f3 social, en l\u2019\u00e0mbit dels centres educatius i els plans educatius d\u2019entorn. (David Berdaguer Torra).<\/p>\n<p><strong>\u00a0 \u00a0 \u00a0 \u00a0 Actuacions priorit\u00e0ries:<\/strong><\/p>\n<ul>\n<li>L\u2019assessorament als centres educatius en la gesti\u00f3 dels usos ling\u00fc\u00edstics per tal que aquests s\u2019ajustin als objectius pedag\u00f2gics fixats i a la normativa vigent.<\/li>\n<li>Assessorament en l\u2019elaboraci\u00f3 i actualitzaci\u00f3 del projecte ling\u00fc\u00edstic pluriling\u00fce, del pla d\u2019acollida i del projecte de conviv\u00e8ncia.<\/li>\n<li>L\u2019assessorament, formaci\u00f3 i suport al professorat sobre l\u2019organitzaci\u00f3, orientaci\u00f3 metodol\u00f2gica i emocional en l\u2019acollida de l\u2019alumnat nouvingut al centre, a l\u2019aula i a l\u2019aula d\u2019acollida.<\/li>\n<li>L\u2019assessorament als professors en els aspectes d\u2019integraci\u00f3 i relaci\u00f3 de l\u2019alumnat nouvingut i\/o amb risc d\u2019exclusi\u00f3 i la cura pel seu \u00e8xit educatiu.<\/li>\n<li>L\u2019assessorament i dinamitzaci\u00f3 dels i als plans educatius d\u2019entorn, vetllant pels principis d\u2019\u00fas de la llengua catalana, l\u2019equitat, l\u2019educaci\u00f3 intercultural, la cohesi\u00f3 social.<\/li>\n<\/ul>\n<p>&nbsp;<\/p>\n<p>El Servei Educatiu tamb\u00e9 treballa de forma <strong>coordinada<\/strong> amb:<\/p>\n<ul>\n<li>Mentor 4.0: Armand Camats Teixid\u00f3 &#8211; acamats@xtec.cat<\/li>\n<li>CREDA: Agn\u00e8s Torrent Cab\u00fas &#8211; atorre11@xtec.cat<\/li>\n<li>Promotora cultura gitana: Lorena Bu\u00f1ales Exp\u00f3sito &#8211; lbunales@xtec.cat<\/li>\n<li>Fisioterapeuta: M. Jos\u00e9 Mu\u00f1oz Montorn\u00e9s &#8211; mmuno27@xtec.cat<\/li>\n<li>CREDEV: Meritxell Sol\u00e9 Pujol &#8211; msole298@xtec.cat<\/li>\n<li>CRETDIC: M. Pilar P\u00e0mies Perna &#8211; mpamie26@xtec.cat<\/li>\n<li>CdA Juneda: c5900016@xtec.cat<\/li>\n<\/ul>\n","protected":false},"excerpt":{"rendered":"<p>Cada servei educatiu est\u00e0 format per un equip multidisciplinar: CRP\u00a0(Centre de recursos pedag\u00f2gics):\u00a0equip que dona\u00a0suport a l\u2019activitat pedag\u00f2gica dels centres\u00a0i\u00a0a la tasca docent de mestres i professorat, especialment, en temes de formaci\u00f3 permanent, de recursos pedag\u00f2gics i de dinamitzaci\u00f3 de projectes de centre i de la zona.\u00a0Professionals adscrits. \u00a0 \u00a0 \u00a0 \u00a0 Actuacions priorit\u00e0ries: Dinamitzaci\u00f3 [&hellip;]<\/p>\n","protected":false},"author":1,"featured_media":0,"parent":806,"menu_order":0,"comment_status":"closed","ping_status":"closed","template":"","meta":{"_bbp_topic_count":0,"_bbp_reply_count":0,"_bbp_total_topic_count":0,"_bbp_total_reply_count":0,"_bbp_voice_count":0,"_bbp_anonymous_reply_count":0,"_bbp_topic_count_hidden":0,"_bbp_reply_count_hidden":0,"_bbp_forum_subforum_count":0,"site-sidebar-layout":"default","site-content-layout":"","ast-site-content-layout":"default","site-content-style":"default","site-sidebar-style":"default","ast-global-header-display":"","ast-banner-title-visibility":"","ast-main-header-display":"","ast-hfb-above-header-display":"","ast-hfb-below-header-display":"","ast-hfb-mobile-header-display":"","site-post-title":"","ast-breadcrumbs-content":"","ast-featured-img":"","footer-sml-layout":"","theme-transparent-header-meta":"default","adv-header-id-meta":"","stick-header-meta":"","header-above-stick-meta":"","header-main-stick-meta":"","header-below-stick-meta":"","astra-migrate-meta-layouts":"set","ast-page-background-enabled":"default","ast-page-background-meta":{"desktop":{"background-color":"var(--ast-global-color-4)","background-image":"","background-repeat":"repeat","background-position":"center center","background-size":"auto","background-attachment":"scroll","background-type":"","background-media":"","overlay-type":"","overlay-color":"","overlay-opacity":"","overlay-gradient":""},"tablet":{"background-color":"","background-image":"","background-repeat":"repeat","background-position":"center center","background-size":"auto","background-attachment":"scroll","background-type":"","background-media":"","overlay-type":"","overlay-color":"","overlay-opacity":"","overlay-gradient":""},"mobile":{"background-color":"","background-image":"","background-repeat":"repeat","background-position":"center center","background-size":"auto","background-attachment":"scroll","background-type":"","background-media":"","overlay-type":"","overlay-color":"","overlay-opacity":"","overlay-gradient":""}},"ast-content-background-meta":{"desktop":{"background-color":"var(--ast-global-color-5)","background-image":"","background-repeat":"repeat","background-position":"center center","background-size":"auto","background-attachment":"scroll","background-type":"","background-media":"","overlay-type":"","overlay-color":"","overlay-opacity":"","overlay-gradient":""},"tablet":{"background-color":"var(--ast-global-color-5)","background-image":"","background-repeat":"repeat","background-position":"center center","background-size":"auto","background-attachment":"scroll","background-type":"","background-media":"","overlay-type":"","overlay-color":"","overlay-opacity":"","overlay-gradient":""},"mobile":{"background-color":"var(--ast-global-color-5)","background-image":"","background-repeat":"repeat","background-position":"center center","background-size":"auto","background-attachment":"scroll","background-type":"","background-media":"","overlay-type":"","overlay-color":"","overlay-opacity":"","overlay-gradient":""}},"footnotes":""},"class_list":["post-8177","page","type-page","status-publish","hentry"],"post_mailing_queue_ids":[],"_links":{"self":[{"href":"https:\/\/serveiseducatius.xtec.cat\/garrigues\/wp-json\/wp\/v2\/pages\/8177","targetHints":{"allow":["GET"]}}],"collection":[{"href":"https:\/\/serveiseducatius.xtec.cat\/garrigues\/wp-json\/wp\/v2\/pages"}],"about":[{"href":"https:\/\/serveiseducatius.xtec.cat\/garrigues\/wp-json\/wp\/v2\/types\/page"}],"author":[{"embeddable":true,"href":"https:\/\/serveiseducatius.xtec.cat\/garrigues\/wp-json\/wp\/v2\/users\/1"}],"replies":[{"embeddable":true,"href":"https:\/\/serveiseducatius.xtec.cat\/garrigues\/wp-json\/wp\/v2\/comments?post=8177"}],"version-history":[{"count":5,"href":"https:\/\/serveiseducatius.xtec.cat\/garrigues\/wp-json\/wp\/v2\/pages\/8177\/revisions"}],"predecessor-version":[{"id":24229,"href":"https:\/\/serveiseducatius.xtec.cat\/garrigues\/wp-json\/wp\/v2\/pages\/8177\/revisions\/24229"}],"up":[{"embeddable":true,"href":"https:\/\/serveiseducatius.xtec.cat\/garrigues\/wp-json\/wp\/v2\/pages\/806"}],"wp:attachment":[{"href":"https:\/\/serveiseducatius.xtec.cat\/garrigues\/wp-json\/wp\/v2\/media?parent=8177"}],"curies":[{"name":"wp","href":"https:\/\/api.w.org\/{rel}","templated":true}]}}