{"id":9135,"date":"2018-10-11T13:03:37","date_gmt":"2018-10-11T11:03:37","guid":{"rendered":"http:\/\/serveiseducatius.xtec.cat\/garraf\/?page_id=9135"},"modified":"2025-11-12T17:23:46","modified_gmt":"2025-11-12T16:23:46","slug":"probot","status":"publish","type":"page","link":"https:\/\/serveiseducatius.xtec.cat\/garraf\/material-de-prestec\/probot\/","title":{"rendered":"ProBot"},"content":{"rendered":"\n<p class=\"has-white-color has-ast-global-color-1-background-color has-text-color has-background has-link-color has-medium-font-size wp-elements-68aadcb96259a9e960e5c7833067f726\"><strong>Caracter\u00edstiques<\/strong><\/p>\n\n\n\n<p>\u00c9s un robot que permet la seva programaci\u00f3 amb instruccions senzilles i amb el que l&#8217;alumnat de prim\u00e0ria i secund\u00e0ria pot treballar, per exemple, conceptes matem\u00e0tics.<\/p>\n\n\n\n<p>Les principals caracter\u00edstiques del ProBot s\u00f3n:<\/p>\n\n\n\n<ul class=\"wp-block-list\">\n<li>Fletxes de programaci\u00f3 i tecles num\u00e8riques per fer-lo avan\u00e7ar o retrocedir des d&#8217;1 cm fins a 5 m, aix\u00ed com fer girs des d&#8217;1\u00ba fins a 500\u00b0.<\/li>\n\n\n\n<li>Repetici\u00f3 d&#8217;una sola acci\u00f3 o d&#8217;una seq\u00fc\u00e8ncia d&#8217;ordres. <\/li>\n\n\n\n<li>Programaci\u00f3 de la mem\u00f2ria.<\/li>\n<\/ul>\n\n\n\n<p class=\"has-white-color has-ast-global-color-1-background-color has-text-color has-background has-link-color has-medium-font-size wp-elements-86cbeee11ae78bdb86eba5c23bb0dbc0\"><strong>Materials i recursos<\/strong><\/p>\n\n\n\n<ul class=\"wp-block-list\">\n<li><strong><a href=\"https:\/\/drive.google.com\/file\/d\/0B6eMJjzJLnhbY2RONEt0Vl9ETmc\/view\" target=\"_blank\" rel=\"noreferrer noopener\">Manual d&#8217;usuari<\/a><\/strong><\/li>\n\n\n\n<li><strong><a href=\"http:\/\/xavierrosell.blogspot.com\/2014\/05\/presentacio-del-pro-bot-al-seminari-tac.html\" target=\"_blank\" rel=\"noreferrer noopener\">Explicaci\u00f3 del ProBot al seminari TAC<\/a><\/strong><\/li>\n\n\n\n<li><strong><a href=\"http:\/\/xavierrosell.blogspot.com\/2014\/05\/el-pro-bot-un-nou-recurs-de-robotica.html\" target=\"_blank\" rel=\"noreferrer noopener\">Blog de rob\u00f2tica educativa de Xavier Rosell<\/a><\/strong><\/li>\n<\/ul>\n\n\n<p style=\"text-align: center;\">\u00a0<iframe loading=\"lazy\" src=\"https:\/\/www.youtube.com\/embed\/WZEs-rpRXr4?ecver=1\" width=\"300\" height=\"170\" frameborder=\"0\" allowfullscreen=\"allowfullscreen\"><\/iframe><\/p>","protected":false},"excerpt":{"rendered":"<p>Caracter\u00edstiques \u00c9s un robot que permet la seva programaci\u00f3 amb instruccions senzilles i amb el que l&#8217;alumnat de prim\u00e0ria i secund\u00e0ria pot treballar, per exemple, conceptes matem\u00e0tics. Les principals caracter\u00edstiques del ProBot s\u00f3n: Materials i recursos \u00a0<\/p>\n","protected":false},"author":10,"featured_media":0,"parent":17048,"menu_order":0,"comment_status":"closed","ping_status":"closed","template":"","meta":{"_bbp_topic_count":0,"_bbp_reply_count":0,"_bbp_total_topic_count":0,"_bbp_total_reply_count":0,"_bbp_voice_count":0,"_bbp_anonymous_reply_count":0,"_bbp_topic_count_hidden":0,"_bbp_reply_count_hidden":0,"_bbp_forum_subforum_count":0,"site-sidebar-layout":"default","site-content-layout":"","ast-site-content-layout":"default","site-content-style":"default","site-sidebar-style":"default","ast-global-header-display":"","ast-banner-title-visibility":"","ast-main-header-display":"","ast-hfb-above-header-display":"","ast-hfb-below-header-display":"","ast-hfb-mobile-header-display":"","site-post-title":"","ast-breadcrumbs-content":"","ast-featured-img":"","footer-sml-layout":"","theme-transparent-header-meta":"","adv-header-id-meta":"","stick-header-meta":"","header-above-stick-meta":"","header-main-stick-meta":"","header-below-stick-meta":"","astra-migrate-meta-layouts":"set","ast-page-background-enabled":"default","ast-page-background-meta":{"desktop":{"background-color":"var(--ast-global-color-4)","background-image":"","background-repeat":"repeat","background-position":"center center","background-size":"auto","background-attachment":"scroll","background-type":"","background-media":"","overlay-type":"","overlay-color":"","overlay-opacity":"","overlay-gradient":""},"tablet":{"background-color":"","background-image":"","background-repeat":"repeat","background-position":"center center","background-size":"auto","background-attachment":"scroll","background-type":"","background-media":"","overlay-type":"","overlay-color":"","overlay-opacity":"","overlay-gradient":""},"mobile":{"background-color":"","background-image":"","background-repeat":"repeat","background-position":"center center","background-size":"auto","background-attachment":"scroll","background-type":"","background-media":"","overlay-type":"","overlay-color":"","overlay-opacity":"","overlay-gradient":""}},"ast-content-background-meta":{"desktop":{"background-color":"var(--ast-global-color-5)","background-image":"","background-repeat":"repeat","background-position":"center center","background-size":"auto","background-attachment":"scroll","background-type":"","background-media":"","overlay-type":"","overlay-color":"","overlay-opacity":"","overlay-gradient":""},"tablet":{"background-color":"var(--ast-global-color-5)","background-image":"","background-repeat":"repeat","background-position":"center center","background-size":"auto","background-attachment":"scroll","background-type":"","background-media":"","overlay-type":"","overlay-color":"","overlay-opacity":"","overlay-gradient":""},"mobile":{"background-color":"var(--ast-global-color-5)","background-image":"","background-repeat":"repeat","background-position":"center center","background-size":"auto","background-attachment":"scroll","background-type":"","background-media":"","overlay-type":"","overlay-color":"","overlay-opacity":"","overlay-gradient":""}},"footnotes":""},"class_list":["post-9135","page","type-page","status-publish","hentry"],"post_mailing_queue_ids":[],"_links":{"self":[{"href":"https:\/\/serveiseducatius.xtec.cat\/garraf\/wp-json\/wp\/v2\/pages\/9135","targetHints":{"allow":["GET"]}}],"collection":[{"href":"https:\/\/serveiseducatius.xtec.cat\/garraf\/wp-json\/wp\/v2\/pages"}],"about":[{"href":"https:\/\/serveiseducatius.xtec.cat\/garraf\/wp-json\/wp\/v2\/types\/page"}],"author":[{"embeddable":true,"href":"https:\/\/serveiseducatius.xtec.cat\/garraf\/wp-json\/wp\/v2\/users\/10"}],"replies":[{"embeddable":true,"href":"https:\/\/serveiseducatius.xtec.cat\/garraf\/wp-json\/wp\/v2\/comments?post=9135"}],"version-history":[{"count":6,"href":"https:\/\/serveiseducatius.xtec.cat\/garraf\/wp-json\/wp\/v2\/pages\/9135\/revisions"}],"predecessor-version":[{"id":19142,"href":"https:\/\/serveiseducatius.xtec.cat\/garraf\/wp-json\/wp\/v2\/pages\/9135\/revisions\/19142"}],"up":[{"embeddable":true,"href":"https:\/\/serveiseducatius.xtec.cat\/garraf\/wp-json\/wp\/v2\/pages\/17048"}],"wp:attachment":[{"href":"https:\/\/serveiseducatius.xtec.cat\/garraf\/wp-json\/wp\/v2\/media?parent=9135"}],"curies":[{"name":"wp","href":"https:\/\/api.w.org\/{rel}","templated":true}]}}