{"id":9049,"date":"2018-10-09T17:59:40","date_gmt":"2018-10-09T15:59:40","guid":{"rendered":"http:\/\/serveiseducatius.xtec.cat\/garraf\/?page_id=9049"},"modified":"2025-11-04T16:44:13","modified_gmt":"2025-11-04T15:44:13","slug":"hort-a-lescola","status":"publish","type":"page","link":"https:\/\/serveiseducatius.xtec.cat\/garraf\/material-de-prestec\/hort-a-lescola\/","title":{"rendered":"Maleta pedag\u00f2gica &#8220;De l&#8217;hort a casa&#8221;"},"content":{"rendered":"\n<p class=\"has-white-color has-ast-global-color-1-background-color has-text-color has-background has-link-color has-medium-font-size wp-elements-68aadcb96259a9e960e5c7833067f726\"><strong>Caracter\u00edstiques<\/strong><\/p>\n\n\n\n<p>La maleta pedag\u00f2gica <strong>&#8220;De l\u2019hort a casa<\/strong>&#8221; promoguda per l\u2019Obra Social \u201cla Caixa\u201d i la Generalitat de Catalunya, \u00e9s un recull de materials did\u00e0ctics adre\u00e7ats a l\u2019alumnat i al professorat de prim\u00e0ria i secund\u00e0ria que t\u00e9 per objectius:<\/p>\n\n\n\n<ul class=\"wp-block-list\">\n<li>Con\u00e8ixer els principis fonamentals de l\u2019agricultura ecol\u00f2gica basats en el funcionament dels ecosistemes naturals.<\/li>\n\n\n\n<li>Donar a con\u00e8ixer les t\u00e8cniques pr\u00f2pies de l\u2019agricultura ecol\u00f2gica sabent triar els cultius i les rotacions que millor s\u2019adaptin al tipus de s\u00f2l i al clima.<\/li>\n\n\n\n<li>Apreciar la qualitat i les propietats nutritives dels productes procedents de l\u2019hort ecol\u00f2gic.<\/li>\n\n\n\n<li>Aprendre a valorar la biodiversitat.<\/li>\n\n\n\n<li>Investigar i descobrir la incid\u00e8ncia de la nostra manera de viure en els problemes mediambientals.<\/li>\n\n\n\n<li><span style=\"font-family: inherit; font-size: 1em;\">Reflexionar i mostrar una actitud cr\u00edtica davant d\u2019aquest fet i buscar alternatives.<\/span><\/li>\n\n\n\n<li>Desenvolupar el sentit de la responsabilitat i el comprom\u00eds amb la gesti\u00f3 de l\u2019hort.<\/li>\n\n\n\n<li>Adquirir l\u2019autonomia necess\u00e0ria per muntar un hort a casa.<\/li>\n\n\n\n<li>Recuperar i conservar el coneixement de la cultura de pag\u00e8s.<\/li>\n<\/ul>\n\n\n\n<p class=\"has-white-color has-ast-global-color-1-background-color has-text-color has-background has-link-color has-medium-font-size wp-elements-fc933459088506a65e5925f2eb87ab81\"><strong>Materials<\/strong><\/p>\n\n\n\n<p>A l\u2019interior de la maleta es troben propostes d\u2019activitats f\u00e0cils d\u2019integrar en projectes escolars destinats a desenvolupar compet\u00e8ncies orientades a fer un \u00fas responsable dels recursos naturals i tenir cura del medi ambient. <\/p>\n\n\n\n<div class=\"wp-block-buttons is-content-justification-center is-layout-flex wp-container-core-buttons-is-layout-1 wp-block-buttons-is-layout-flex\">\n<div class=\"wp-block-button\"><a class=\"wp-block-button__link wp-element-button\" href=\"http:\/\/serveiseducatius.xtec.cat\/baixebre\/wp-content\/uploads\/usu624\/2017\/12\/guia_professors_maleta_hort.pdf\"><strong>Guia did\u00e0ctica<\/strong><\/a><\/div>\n<\/div>\n\n\n\n<p class=\"has-pale-cyan-blue-background-color has-background\" style=\"padding-top:0;padding-bottom:0\"><strong>Experiments i activitats<\/strong><\/p>\n\n\n\n<ul class=\"wp-block-list\">\n<li><strong>Dins d\u2019una llavor<\/strong>:&nbsp;material retallable que mostra el cicle natural de la pomera.<\/li>\n\n\n\n<li><strong>Experimentem amb el s\u00f2l<\/strong>:&nbsp;Conjunt de materials (flascons, ampolles, paper indicador\u2026) necessaris per realitzar experi\u00e8ncies que permeten con\u00e8ixer algunes caracter\u00edstiques f\u00edsiques del s\u00f2l del nostre hort.<\/li>\n\n\n\n<li><strong>Calendari de l\u2019hort escolar ecol\u00f2gic<\/strong>.<\/li>\n<\/ul>\n\n\n\n<p class=\"has-pale-cyan-blue-background-color has-background\" style=\"padding-top:0;padding-bottom:0\"><strong>Guies i llibres<\/strong><\/p>\n\n\n\n<ul class=\"wp-block-list\">\n<li><strong>Guia de les esp\u00e8cies d\u2019horta m\u00e9s comunes de Catalunya<\/strong>:\u00a0Fitxes de productes de l\u2019hort que contenen diferents camps com ara: nom, fotografia, s\u00f2l, clima, sembra, reg, fertilitzaci\u00f3, associacions favorables, rotacions, tasques de cultiu, plagues i malalties, propietats nutritives.<\/li>\n\n\n\n<li><strong>L\u2019hort escolar ecol\u00f2gic<\/strong>:&nbsp;llibre que recull recursos sobre l&#8217;hort: t\u00e8cniques b\u00e0siques de conreu, disseny de l\u2019hort, experiments a m\u00e9s d&#8217;una \u00e0mplia bibliografia i altres recursos.<\/li>\n\n\n\n<li><strong>Qu\u00e8 \u00e9s l\u2019agricultura ecol\u00f2gica?:<\/strong>&nbsp;llibre que recull els principis fonamentals de l\u2019agricultura ecol\u00f2gica i com s\u2019obtenen els productes procedents de l\u2019horticultura, la fructicultura, l\u2019apicultura i la ramaderia ecol\u00f2gica.<\/li>\n<\/ul>\n\n\n\n<p class=\"has-pale-cyan-blue-background-color has-background\" style=\"padding-top:0;padding-bottom:0\"><strong>Jocs<\/strong><\/p>\n\n\n\n<ul class=\"wp-block-list\">\n<li><strong>HorTAC<\/strong>:\u00a0CD-Rom interactiu que s\u2019estructura en tres apartats. El CALAIX d\u2019informaci\u00f3 permet al professorat l\u2019acc\u00e9s a un conjunt d\u2019arxius, en format pdf, que contenen els originals dels materials did\u00e0ctics de la maleta. L\u2019HORT, l\u2019entrada a aquest apartat es realitza a trav\u00e9s d\u2019una animaci\u00f3 que d\u00f3na pas a 13 activitats per aprendre a fer un hort a l\u2019escola. JOCS, 7 propostes que permeten jugar i, alhora, aprendre.<\/li>\n\n\n\n<li><strong>Joc de la Bioca \u201cde col a col avan\u00e7a el caragol\u201d<\/strong>:&nbsp;joc de preguntes i respostes sobre l&#8217;hort ecol\u00f2gic i el medi ambient.<\/li>\n\n\n\n<li><strong>Dona la cara<\/strong>:&nbsp;joc de moviment que simula les relacions aliment\u00e0ries que es poden donar en un hort ecol\u00f2gic per comparar-les amb les que es donen en un hort en qu\u00e8 es practica l\u2019agricultura intensiva.<\/li>\n<\/ul>\n\n\n\n<p class=\"has-white-color has-ast-global-color-1-background-color has-text-color has-background has-link-color has-medium-font-size wp-elements-ae7bd9f086009dca93076b14499e96eb\"><strong>Recursos<\/strong><\/p>\n\n\n\n<ul class=\"wp-block-list\">\n<li><a href=\"http:\/\/xtec.gencat.cat\/web\/.content\/alfresco\/d\/d\/workspace\/SpacesStore\/0058\/80190662-6a47-432b-931d-6096f7ff8793\/hort_escolar.pdf\" target=\"_blank\" rel=\"noopener\">Hort escolar com a recurs pedag\u00f2gic<\/a><\/li>\n\n\n\n<li><a href=\"https:\/\/agricultura.gencat.cat\/web\/.content\/03-agricultura\/pae\/publicacions-material-referencia\/material-educatiu\/guia_hort_escolar.pdf\">Guia pr\u00e0ctica d\u2019horticultura ecol\u00f2gica<\/a><\/li>\n\n\n\n<li><a href=\"https:\/\/agricultura.gencat.cat\/ca\/ambits\/agricultura\/produccio-agroalimentaria-ecologica\/publicacions-materials-referencia\/qualitat\/index.html\">Sostenibilitat i qualitat dels aliments ecol\u00f2gics<\/a><\/li>\n<\/ul>\n","protected":false},"excerpt":{"rendered":"<p>Caracter\u00edstiques La maleta pedag\u00f2gica &#8220;De l\u2019hort a casa&#8221; promoguda per l\u2019Obra Social \u201cla Caixa\u201d i la Generalitat de Catalunya, \u00e9s un recull de materials did\u00e0ctics adre\u00e7ats a l\u2019alumnat i al professorat de prim\u00e0ria i secund\u00e0ria que t\u00e9 per objectius: Materials A l\u2019interior de la maleta es troben propostes d\u2019activitats f\u00e0cils d\u2019integrar en projectes escolars destinats [&hellip;]<\/p>\n","protected":false},"author":10,"featured_media":0,"parent":17048,"menu_order":0,"comment_status":"closed","ping_status":"closed","template":"","meta":{"_bbp_topic_count":0,"_bbp_reply_count":0,"_bbp_total_topic_count":0,"_bbp_total_reply_count":0,"_bbp_voice_count":0,"_bbp_anonymous_reply_count":0,"_bbp_topic_count_hidden":0,"_bbp_reply_count_hidden":0,"_bbp_forum_subforum_count":0,"site-sidebar-layout":"default","site-content-layout":"","ast-site-content-layout":"default","site-content-style":"default","site-sidebar-style":"default","ast-global-header-display":"","ast-banner-title-visibility":"","ast-main-header-display":"","ast-hfb-above-header-display":"","ast-hfb-below-header-display":"","ast-hfb-mobile-header-display":"","site-post-title":"","ast-breadcrumbs-content":"","ast-featured-img":"","footer-sml-layout":"","theme-transparent-header-meta":"","adv-header-id-meta":"","stick-header-meta":"","header-above-stick-meta":"","header-main-stick-meta":"","header-below-stick-meta":"","astra-migrate-meta-layouts":"set","ast-page-background-enabled":"default","ast-page-background-meta":{"desktop":{"background-color":"var(--ast-global-color-4)","background-image":"","background-repeat":"repeat","background-position":"center center","background-size":"auto","background-attachment":"scroll","background-type":"","background-media":"","overlay-type":"","overlay-color":"","overlay-opacity":"","overlay-gradient":""},"tablet":{"background-color":"","background-image":"","background-repeat":"repeat","background-position":"center center","background-size":"auto","background-attachment":"scroll","background-type":"","background-media":"","overlay-type":"","overlay-color":"","overlay-opacity":"","overlay-gradient":""},"mobile":{"background-color":"","background-image":"","background-repeat":"repeat","background-position":"center center","background-size":"auto","background-attachment":"scroll","background-type":"","background-media":"","overlay-type":"","overlay-color":"","overlay-opacity":"","overlay-gradient":""}},"ast-content-background-meta":{"desktop":{"background-color":"var(--ast-global-color-5)","background-image":"","background-repeat":"repeat","background-position":"center center","background-size":"auto","background-attachment":"scroll","background-type":"","background-media":"","overlay-type":"","overlay-color":"","overlay-opacity":"","overlay-gradient":""},"tablet":{"background-color":"var(--ast-global-color-5)","background-image":"","background-repeat":"repeat","background-position":"center center","background-size":"auto","background-attachment":"scroll","background-type":"","background-media":"","overlay-type":"","overlay-color":"","overlay-opacity":"","overlay-gradient":""},"mobile":{"background-color":"var(--ast-global-color-5)","background-image":"","background-repeat":"repeat","background-position":"center center","background-size":"auto","background-attachment":"scroll","background-type":"","background-media":"","overlay-type":"","overlay-color":"","overlay-opacity":"","overlay-gradient":""}},"footnotes":""},"class_list":["post-9049","page","type-page","status-publish","hentry"],"post_mailing_queue_ids":[],"_links":{"self":[{"href":"https:\/\/serveiseducatius.xtec.cat\/garraf\/wp-json\/wp\/v2\/pages\/9049","targetHints":{"allow":["GET"]}}],"collection":[{"href":"https:\/\/serveiseducatius.xtec.cat\/garraf\/wp-json\/wp\/v2\/pages"}],"about":[{"href":"https:\/\/serveiseducatius.xtec.cat\/garraf\/wp-json\/wp\/v2\/types\/page"}],"author":[{"embeddable":true,"href":"https:\/\/serveiseducatius.xtec.cat\/garraf\/wp-json\/wp\/v2\/users\/10"}],"replies":[{"embeddable":true,"href":"https:\/\/serveiseducatius.xtec.cat\/garraf\/wp-json\/wp\/v2\/comments?post=9049"}],"version-history":[{"count":6,"href":"https:\/\/serveiseducatius.xtec.cat\/garraf\/wp-json\/wp\/v2\/pages\/9049\/revisions"}],"predecessor-version":[{"id":19074,"href":"https:\/\/serveiseducatius.xtec.cat\/garraf\/wp-json\/wp\/v2\/pages\/9049\/revisions\/19074"}],"up":[{"embeddable":true,"href":"https:\/\/serveiseducatius.xtec.cat\/garraf\/wp-json\/wp\/v2\/pages\/17048"}],"wp:attachment":[{"href":"https:\/\/serveiseducatius.xtec.cat\/garraf\/wp-json\/wp\/v2\/media?parent=9049"}],"curies":[{"name":"wp","href":"https:\/\/api.w.org\/{rel}","templated":true}]}}